{"id":70921,"date":"2025-12-02T15:27:51","date_gmt":"2025-12-02T14:27:51","guid":{"rendered":"https:\/\/13muz.eu\/?post_type=tribe_events&#038;p=70921"},"modified":"2026-01-12T14:06:30","modified_gmt":"2026-01-12T13:06:30","slug":"30-01-carlos-gardel-dusza-tanga-monodram-muzyczno-teatralny","status":"publish","type":"tribe_events","link":"https:\/\/13muz.eu\/en\/event\/30-01-carlos-gardel-dusza-tanga-monodram-muzyczno-teatralny\/","title":{"rendered":"30.01. \/ Carlos Gardel &#8211; Dusza Tanga &#8211; monodram muzyczno-teatralny"},"content":{"rendered":"<p><img loading=\"lazy\" decoding=\"async\" class=\"alignnone size-large wp-image-70923\" src=\"https:\/\/13muz.eu\/wp-content\/uploads\/2025\/12\/30.01.2026-Dusza-Tanga-1920-1024x747.jpg\" alt=\"\" width=\"1024\" height=\"747\" srcset=\"https:\/\/13muz.eu\/wp-content\/uploads\/2025\/12\/30.01.2026-Dusza-Tanga-1920-1024x747.jpg 1024w, https:\/\/13muz.eu\/wp-content\/uploads\/2025\/12\/30.01.2026-Dusza-Tanga-1920-300x219.jpg 300w, https:\/\/13muz.eu\/wp-content\/uploads\/2025\/12\/30.01.2026-Dusza-Tanga-1920-768x560.jpg 768w, https:\/\/13muz.eu\/wp-content\/uploads\/2025\/12\/30.01.2026-Dusza-Tanga-1920-1536x1120.jpg 1536w, https:\/\/13muz.eu\/wp-content\/uploads\/2025\/12\/30.01.2026-Dusza-Tanga-1920-400x292.jpg 400w, https:\/\/13muz.eu\/wp-content\/uploads\/2025\/12\/30.01.2026-Dusza-Tanga-1920.jpg 1920w\" sizes=\"auto, (max-width: 1024px) 100vw, 1024px\" \/><\/p>\n<p style=\"text-align: justify;\"><strong>30.01.2026 pi\u0105tek g. 19:00 \/&nbsp;<\/strong><strong>Nie ma ju\u017c, niestety, miejsc na to wydarzenie. Serdecznie zapraszamy na lutowy (<\/strong><strong>19.02.<\/strong><strong>)<\/strong><strong> spektakl. <a href=\"https:\/\/13muz.eu\/event\/19-02-carlos-gardel-dusza-tanga-monodram-muzyczno-teatralny\/\">Link<\/a> do wydarzenia.<\/strong><\/p>\n<p style=\"text-align: justify;\">\u201eDusza Tanga\u201d to monodram muzyczny, kt\u00f3ry przywo\u0142uje \u017cycie Carlosa Gardel &#8211; cz\u0142owieka, kt\u00f3ry nada\u0142 tangu g\u0142os. Na scenie jeden aktor odtwarza jego dzieci\u0144stwo w Tuluzie, emigracj\u0119 do Buenos Aires, spotkanie z Jos\u00e9 Razzano oraz narodziny tanga.<\/p>\n<p style=\"text-align: justify;\">Spektakl splata s\u0142owo, teatr i muzyk\u0119, ukazuj\u0105c Gardela nie tylko jako mit, lecz tak\u017ce jako syna, przyjaciela, cz\u0142owieka. Prowadzi publiczno\u015b\u0107 w muzyczn\u0105 podr\u00f3\u017c przez najwa\u017cniejsze chwile jego kariery mi\u0119dzynarodowej, filmy, tourn\u00e9e a\u017c do tragicznej \u015bmierci.<\/p>\n<p style=\"text-align: justify;\">Felipe C\u00e9spedes wciela si\u0119 w Gardela i \u015bpiewa w tym poetyckim ho\u0142dzie, w kt\u00f3rym rozbrzmiewaj\u0105 nie\u015bmiertelne klasyki: \u201eEl d\u00eda que me quieras\u201d, \u201eVolver\u201d, \u201ePor una cabeza\u201d, \u201eMi Buenos Aires querido\u201d.<\/p>\n<p style=\"text-align: justify;\">To teatr intymny, minimalistyczny i pe\u0142en si\u0142y, gdzie g\u0142os, gitara i akordeon wystarcz\u0105, by przywo\u0142a\u0107 dusz\u0119 tanga.<\/p>\n<p style=\"text-align: justify;\">Czas trwania wydarzenia: 70-80 min<\/p>\n<p style=\"text-align: justify;\">J\u0119zyk: polski, z fragmentami \u015bpiewanymi po hiszpa\u0144sku<\/p>\n<p style=\"text-align: justify;\">Miejsce: Sala Kominkowa<\/p>\n<p style=\"text-align: justify;\">Bilety: 50 z\u0142 \/ <a href=\"https:\/\/kicket.com\/wydarzenia\/carlos-gardel-dusza-tanga--29102?eventId=327457\" target=\"_blank\" rel=\"noopener\">www.biletomat.pl<\/a><\/p>\n<p style=\"text-align: justify;\"><strong>Nie ma mo\u017cliwo\u015bci zakupu biletu na miejscu przed wydarzeniem.<\/strong><\/p>\n<p>Wydarzenie na <a href=\"https:\/\/www.facebook.com\/events\/708956525621068\/?acontext=%7B%22event_action_history%22%3A[%7B%22extra_data%22%3A%22%22%2C%22mechanism%22%3A%22unknown%22%2C%22surface%22%3A%22home%22%7D%2C%7B%22extra_data%22%3A%22%22%2C%22mechanism%22%3A%22left_rail%22%2C%22surface%22%3A%22bookmark%22%7D%2C%7B%22extra_data%22%3A%22%22%2C%22mechanism%22%3A%22surface%22%2C%22surface%22%3A%22create_dialog%22%7D]%2C%22ref_notif_type%22%3Anull%7D&amp;onload_action=open_invite_flow&amp;show_created_event_toast=true\" target=\"_blank\" rel=\"noopener\"><strong>FB<\/strong><\/a><\/p>\n","protected":false},"excerpt":{"rendered":"<p>30.01.2026 pi\u0105tek g. 19:00 \/&nbsp;Nie ma ju\u017c, niestety, miejsc na to wydarzenie. Serdecznie zapraszamy na lutowy (19.02.) spektakl. Link do wydarzenia. \u201eDusza Tanga\u201d to monodram muzyczny, kt\u00f3ry przywo\u0142uje \u017cycie Carlosa Gardel &#8211; cz\u0142owieka, kt\u00f3ry nada\u0142 tangu g\u0142os. Na scenie jeden aktor odtwarza jego dzieci\u0144stwo w Tuluzie, emigracj\u0119 do Buenos Aires, spotkanie z Jos\u00e9 Razzano oraz narodziny tanga. Spektakl splata s\u0142owo, teatr i muzyk\u0119, ukazuj\u0105c Gardela nie tylko jako mit, lecz tak\u017ce jako syna, przyjaciela, cz\u0142owieka. Prowadzi publiczno\u015b\u0107 w muzyczn\u0105 podr\u00f3\u017c przez najwa\u017cniejsze chwile jego kariery mi\u0119dzynarodowej, filmy, tourn\u00e9e a\u017c do tragicznej \u015bmierci. Felipe C\u00e9spedes wciela si\u0119 w Gardela i \u015bpiewa [&hellip;]<\/p>\n","protected":false},"author":4,"featured_media":0,"template":"","meta":{"ngg_post_thumbnail":0,"_price":"","_stock":"","_tribe_ticket_header":"","_tribe_default_ticket_provider":"","_ticket_start_date":"","_ticket_end_date":"","_tribe_ticket_show_description":"","_tribe_ticket_show_not_going":false,"_tribe_ticket_use_global_stock":"","_tribe_ticket_global_stock_level":"","_global_stock_mode":"","_global_stock_cap":"","_tribe_rsvp_for_event":"","_tribe_ticket_going_count":"","_tribe_ticket_not_going_count":"","_tribe_tickets_list":"[]","_tribe_ticket_has_attendee_info_fields":false,"_tribe_events_status":"","_tribe_events_status_reason":"","footnotes":"","_tec_slr_enabled":"","_tec_slr_layout":""},"tags":[],"tribe_events_cat":[],"class_list":["post-70921","tribe_events","type-tribe_events","status-publish","hentry"],"ticketed":false,"post_mailing_queue_ids":[],"_links":{"self":[{"href":"https:\/\/13muz.eu\/en\/wp-json\/wp\/v2\/tribe_events\/70921","targetHints":{"allow":["GET"]}}],"collection":[{"href":"https:\/\/13muz.eu\/en\/wp-json\/wp\/v2\/tribe_events"}],"about":[{"href":"https:\/\/13muz.eu\/en\/wp-json\/wp\/v2\/types\/tribe_events"}],"author":[{"embeddable":true,"href":"https:\/\/13muz.eu\/en\/wp-json\/wp\/v2\/users\/4"}],"version-history":[{"count":0,"href":"https:\/\/13muz.eu\/en\/wp-json\/wp\/v2\/tribe_events\/70921\/revisions"}],"wp:attachment":[{"href":"https:\/\/13muz.eu\/en\/wp-json\/wp\/v2\/media?parent=70921"}],"wp:term":[{"taxonomy":"post_tag","embeddable":true,"href":"https:\/\/13muz.eu\/en\/wp-json\/wp\/v2\/tags?post=70921"},{"taxonomy":"tribe_events_cat","embeddable":true,"href":"https:\/\/13muz.eu\/en\/wp-json\/wp\/v2\/tribe_events_cat?post=70921"}],"curies":[{"name":"wp","href":"https:\/\/api.w.org\/{rel}","templated":true}]}}

<p><img loading="lazy" decoding="async" class="alignnone size-large wp-image-70923" src="https://13muz.eu/wp-content/uploads/2025/12/30.01.2026-Dusza-Tanga-1920-1024x747.jpg" alt="" width="1024" height="747" srcset="https://13muz.eu/wp-content/uploads/2025/12/30.01.2026-Dusza-Tanga-1920-1024x747.jpg 1024w, https://13muz.eu/wp-content/uploads/2025/12/30.01.2026-Dusza-Tanga-1920-300x219.jpg 300w, https://13muz.eu/wp-content/uploads/2025/12/30.01.2026-Dusza-Tanga-1920-768x560.jpg 768w, https://13muz.eu/wp-content/uploads/2025/12/30.01.2026-Dusza-Tanga-1920-1536x1120.jpg 1536w, https://13muz.eu/wp-content/uploads/2025/12/30.01.2026-Dusza-Tanga-1920-400x292.jpg 400w, https://13muz.eu/wp-content/uploads/2025/12/30.01.2026-Dusza-Tanga-1920.jpg 1920w" sizes="auto, (max-width: 1024px) 100vw, 1024px" /></p>
<p style="text-align: justify;"><strong>30.01.2026 piątek g. 19:00 /&nbsp;</strong><strong>Nie ma już, niestety, miejsc na to wydarzenie. Serdecznie zapraszamy na lutowy (</strong><strong>19.02.</strong><strong>)</strong><strong> spektakl. <a href="https://13muz.eu/event/19-02-carlos-gardel-dusza-tanga-monodram-muzyczno-teatralny/">Link</a> do wydarzenia.</strong></p>
<p style="text-align: justify;">„Dusza Tanga” to monodram muzyczny, który przywołuje życie Carlosa Gardel &#8211; człowieka, który nadał tangu głos. Na scenie jeden aktor odtwarza jego dzieciństwo w Tuluzie, emigrację do Buenos Aires, spotkanie z José Razzano oraz narodziny tanga.</p>
<p style="text-align: justify;">Spektakl splata słowo, teatr i muzykę, ukazując Gardela nie tylko jako mit, lecz także jako syna, przyjaciela, człowieka. Prowadzi publiczność w muzyczną podróż przez najważniejsze chwile jego kariery międzynarodowej, filmy, tournée aż do tragicznej śmierci.</p>
<p style="text-align: justify;">Felipe Céspedes wciela się w Gardela i śpiewa w tym poetyckim hołdzie, w którym rozbrzmiewają nieśmiertelne klasyki: „El día que me quieras”, „Volver”, „Por una cabeza”, „Mi Buenos Aires querido”.</p>
<p style="text-align: justify;">To teatr intymny, minimalistyczny i pełen siły, gdzie głos, gitara i akordeon wystarczą, by przywołać duszę tanga.</p>
<p style="text-align: justify;">Czas trwania wydarzenia: 70-80 min</p>
<p style="text-align: justify;">Język: polski, z fragmentami śpiewanymi po hiszpańsku</p>
<p style="text-align: justify;">Miejsce: Sala Kominkowa</p>
<p style="text-align: justify;">Bilety: 50 zł / <a href="https://kicket.com/wydarzenia/carlos-gardel-dusza-tanga--29102?eventId=327457" target="_blank" rel="noopener">www.biletomat.pl</a></p>
<p style="text-align: justify;"><strong>Nie ma możliwości zakupu biletu na miejscu przed wydarzeniem.</strong></p>
<p>Wydarzenie na <a href="https://www.facebook.com/events/708956525621068/?acontext=%7B%22event_action_history%22%3A[%7B%22extra_data%22%3A%22%22%2C%22mechanism%22%3A%22unknown%22%2C%22surface%22%3A%22home%22%7D%2C%7B%22extra_data%22%3A%22%22%2C%22mechanism%22%3A%22left_rail%22%2C%22surface%22%3A%22bookmark%22%7D%2C%7B%22extra_data%22%3A%22%22%2C%22mechanism%22%3A%22surface%22%2C%22surface%22%3A%22create_dialog%22%7D]%2C%22ref_notif_type%22%3Anull%7D&amp;onload_action=open_invite_flow&amp;show_created_event_toast=true" target="_blank" rel="noopener"><strong>FB</strong></a></p>

<p>30.01.2026 piątek g. 19:00 /&nbsp;Nie ma już, niestety, miejsc na to wydarzenie. Serdecznie zapraszamy na lutowy (19.02.) spektakl. Link do wydarzenia. „Dusza Tanga” to monodram muzyczny, który przywołuje życie Carlosa Gardel &#8211; człowieka, który nadał tangu głos. Na scenie jeden aktor odtwarza jego dzieciństwo w Tuluzie, emigrację do Buenos Aires, spotkanie z José Razzano oraz narodziny tanga. Spektakl splata słowo, teatr i muzykę, ukazując Gardela nie tylko jako mit, lecz także jako syna, przyjaciela, człowieka. Prowadzi publiczność w muzyczną podróż przez najważniejsze chwile jego kariery międzynarodowej, filmy, tournée aż do tragicznej śmierci. Felipe Céspedes wciela się w Gardela i śpiewa [&hellip;]</p>
