{"id":70881,"date":"2025-12-02T14:09:49","date_gmt":"2025-12-02T13:09:49","guid":{"rendered":"https:\/\/13muz.eu\/?post_type=tribe_events&#038;p=70881"},"modified":"2025-12-04T12:12:22","modified_gmt":"2025-12-04T11:12:22","slug":"24-01-gdy-muzyka-gra","status":"publish","type":"tribe_events","link":"https:\/\/13muz.eu\/en\/event\/24-01-gdy-muzyka-gra\/","title":{"rendered":"24.01. \/ \u201eGdy muzyka gra\u201d"},"content":{"rendered":"<p><img loading=\"lazy\" decoding=\"async\" class=\"alignnone size-large wp-image-70883\" src=\"https:\/\/13muz.eu\/wp-content\/uploads\/2025\/12\/24.01.2026-Gdy-muzyka-gra-1920-1024x576.jpg\" alt=\"\" width=\"1024\" height=\"576\" srcset=\"https:\/\/13muz.eu\/wp-content\/uploads\/2025\/12\/24.01.2026-Gdy-muzyka-gra-1920-1024x576.jpg 1024w, https:\/\/13muz.eu\/wp-content\/uploads\/2025\/12\/24.01.2026-Gdy-muzyka-gra-1920-300x169.jpg 300w, https:\/\/13muz.eu\/wp-content\/uploads\/2025\/12\/24.01.2026-Gdy-muzyka-gra-1920-768x432.jpg 768w, https:\/\/13muz.eu\/wp-content\/uploads\/2025\/12\/24.01.2026-Gdy-muzyka-gra-1920-1536x864.jpg 1536w, https:\/\/13muz.eu\/wp-content\/uploads\/2025\/12\/24.01.2026-Gdy-muzyka-gra-1920-400x225.jpg 400w, https:\/\/13muz.eu\/wp-content\/uploads\/2025\/12\/24.01.2026-Gdy-muzyka-gra-1920.jpg 1920w\" sizes=\"auto, (max-width: 1024px) 100vw, 1024px\" \/><\/p>\n<p style=\"text-align: justify;\"><strong>24.01.2026 sobota g. 18:00<\/strong><\/p>\n<p style=\"text-align: justify;\">Wyst\u0105pi\u0105 Wokali\u015bci Prywatnego Studio Talent\u00f3w WojArte i Pawe\u0142 Jakub Wojtasiewicz oraz zaproszeni do wsp\u00f3\u0142pracy go\u015bcie.<\/p>\n<p style=\"text-align: justify;\">Us\u0142yszymy kompozycje z kr\u0119gu muzyki rozrywkowej i musicalowej, w autorskich aran\u017cacjach Paw\u0142a Jakuba Wojtasiewicza oraz kompozycje klasyczne. Wszystkim utworom b\u0119dzie przy\u015bwieca\u0107 aura wspania\u0142ego show i karnawa\u0142u, chocia\u017c znajd\u0105 si\u0119 r\u00f3wnie\u017c elementy noworocznej zadumy.<\/p>\n<p style=\"text-align: justify;\">Miejsce: Sala Kominkowa<\/p>\n<p style=\"text-align: justify;\">Bilety: 35 z\u0142 \/ <a href=\"https:\/\/kicket.com\/wydarzenia\/gdy-muzyka-gra-29100?eventId=327455\" target=\"_blank\" rel=\"noopener\">www.biletomat.pl<\/a><\/p>\n<p style=\"text-align: justify;\"><strong>Nie ma mo\u017cliwo\u015bci zakupu biletu na miejscu przed wydarzeniem.<\/strong><\/p>\n<p>Wydarzenie na <a href=\"https:\/\/www.facebook.com\/events\/2910676655989964\/?acontext=%7B%22event_action_history%22%3A[%7B%22extra_data%22%3A%22%22%2C%22mechanism%22%3A%22unknown%22%2C%22surface%22%3A%22home%22%7D%2C%7B%22extra_data%22%3A%22%22%2C%22mechanism%22%3A%22left_rail%22%2C%22surface%22%3A%22bookmark%22%7D%2C%7B%22extra_data%22%3A%22%22%2C%22mechanism%22%3A%22surface%22%2C%22surface%22%3A%22create_dialog%22%7D]%2C%22ref_notif_type%22%3Anull%7D&amp;onload_action=open_invite_flow&amp;show_created_event_toast=true\" target=\"_blank\" rel=\"noopener\"><strong>FB<\/strong><\/a><\/p>\n","protected":false},"excerpt":{"rendered":"<p>24.01.2026 sobota g. 18:00 Wyst\u0105pi\u0105 Wokali\u015bci Prywatnego Studio Talent\u00f3w WojArte i Pawe\u0142 Jakub Wojtasiewicz oraz zaproszeni do wsp\u00f3\u0142pracy go\u015bcie. Us\u0142yszymy kompozycje z kr\u0119gu muzyki rozrywkowej i musicalowej, w autorskich aran\u017cacjach Paw\u0142a Jakuba Wojtasiewicza oraz kompozycje klasyczne. Wszystkim utworom b\u0119dzie przy\u015bwieca\u0107 aura wspania\u0142ego show i karnawa\u0142u, chocia\u017c znajd\u0105 si\u0119 r\u00f3wnie\u017c elementy noworocznej zadumy. Miejsce: Sala Kominkowa Bilety: 35 z\u0142 \/ www.biletomat.pl Nie ma mo\u017cliwo\u015bci zakupu biletu na miejscu przed wydarzeniem. Wydarzenie na FB<\/p>\n","protected":false},"author":4,"featured_media":0,"template":"","meta":{"ngg_post_thumbnail":0,"_price":"","_stock":"","_tribe_ticket_header":"","_tribe_default_ticket_provider":"","_ticket_start_date":"","_ticket_end_date":"","_tribe_ticket_show_description":"","_tribe_ticket_show_not_going":false,"_tribe_ticket_use_global_stock":"","_tribe_ticket_global_stock_level":"","_global_stock_mode":"","_global_stock_cap":"","_tribe_rsvp_for_event":"","_tribe_ticket_going_count":"","_tribe_ticket_not_going_count":"","_tribe_tickets_list":"[]","_tribe_ticket_has_attendee_info_fields":false,"_tribe_events_status":"","_tribe_events_status_reason":"","footnotes":"","_tec_slr_enabled":"","_tec_slr_layout":""},"tags":[],"tribe_events_cat":[],"class_list":["post-70881","tribe_events","type-tribe_events","status-publish","hentry"],"ticketed":false,"post_mailing_queue_ids":[],"_links":{"self":[{"href":"https:\/\/13muz.eu\/en\/wp-json\/wp\/v2\/tribe_events\/70881","targetHints":{"allow":["GET"]}}],"collection":[{"href":"https:\/\/13muz.eu\/en\/wp-json\/wp\/v2\/tribe_events"}],"about":[{"href":"https:\/\/13muz.eu\/en\/wp-json\/wp\/v2\/types\/tribe_events"}],"author":[{"embeddable":true,"href":"https:\/\/13muz.eu\/en\/wp-json\/wp\/v2\/users\/4"}],"version-history":[{"count":0,"href":"https:\/\/13muz.eu\/en\/wp-json\/wp\/v2\/tribe_events\/70881\/revisions"}],"wp:attachment":[{"href":"https:\/\/13muz.eu\/en\/wp-json\/wp\/v2\/media?parent=70881"}],"wp:term":[{"taxonomy":"post_tag","embeddable":true,"href":"https:\/\/13muz.eu\/en\/wp-json\/wp\/v2\/tags?post=70881"},{"taxonomy":"tribe_events_cat","embeddable":true,"href":"https:\/\/13muz.eu\/en\/wp-json\/wp\/v2\/tribe_events_cat?post=70881"}],"curies":[{"name":"wp","href":"https:\/\/api.w.org\/{rel}","templated":true}]}}

<p><img loading="lazy" decoding="async" class="alignnone size-large wp-image-70883" src="https://13muz.eu/wp-content/uploads/2025/12/24.01.2026-Gdy-muzyka-gra-1920-1024x576.jpg" alt="" width="1024" height="576" srcset="https://13muz.eu/wp-content/uploads/2025/12/24.01.2026-Gdy-muzyka-gra-1920-1024x576.jpg 1024w, https://13muz.eu/wp-content/uploads/2025/12/24.01.2026-Gdy-muzyka-gra-1920-300x169.jpg 300w, https://13muz.eu/wp-content/uploads/2025/12/24.01.2026-Gdy-muzyka-gra-1920-768x432.jpg 768w, https://13muz.eu/wp-content/uploads/2025/12/24.01.2026-Gdy-muzyka-gra-1920-1536x864.jpg 1536w, https://13muz.eu/wp-content/uploads/2025/12/24.01.2026-Gdy-muzyka-gra-1920-400x225.jpg 400w, https://13muz.eu/wp-content/uploads/2025/12/24.01.2026-Gdy-muzyka-gra-1920.jpg 1920w" sizes="auto, (max-width: 1024px) 100vw, 1024px" /></p>
<p style="text-align: justify;"><strong>24.01.2026 sobota g. 18:00</strong></p>
<p style="text-align: justify;">Wystąpią Wokaliści Prywatnego Studio Talentów WojArte i Paweł Jakub Wojtasiewicz oraz zaproszeni do współpracy goście.</p>
<p style="text-align: justify;">Usłyszymy kompozycje z kręgu muzyki rozrywkowej i musicalowej, w autorskich aranżacjach Pawła Jakuba Wojtasiewicza oraz kompozycje klasyczne. Wszystkim utworom będzie przyświecać aura wspaniałego show i karnawału, chociaż znajdą się również elementy noworocznej zadumy.</p>
<p style="text-align: justify;">Miejsce: Sala Kominkowa</p>
<p style="text-align: justify;">Bilety: 35 zł / <a href="https://kicket.com/wydarzenia/gdy-muzyka-gra-29100?eventId=327455" target="_blank" rel="noopener">www.biletomat.pl</a></p>
<p style="text-align: justify;"><strong>Nie ma możliwości zakupu biletu na miejscu przed wydarzeniem.</strong></p>
<p>Wydarzenie na <a href="https://www.facebook.com/events/2910676655989964/?acontext=%7B%22event_action_history%22%3A[%7B%22extra_data%22%3A%22%22%2C%22mechanism%22%3A%22unknown%22%2C%22surface%22%3A%22home%22%7D%2C%7B%22extra_data%22%3A%22%22%2C%22mechanism%22%3A%22left_rail%22%2C%22surface%22%3A%22bookmark%22%7D%2C%7B%22extra_data%22%3A%22%22%2C%22mechanism%22%3A%22surface%22%2C%22surface%22%3A%22create_dialog%22%7D]%2C%22ref_notif_type%22%3Anull%7D&amp;onload_action=open_invite_flow&amp;show_created_event_toast=true" target="_blank" rel="noopener"><strong>FB</strong></a></p>

<p>24.01.2026 sobota g. 18:00 Wystąpią Wokaliści Prywatnego Studio Talentów WojArte i Paweł Jakub Wojtasiewicz oraz zaproszeni do współpracy goście. Usłyszymy kompozycje z kręgu muzyki rozrywkowej i musicalowej, w autorskich aranżacjach Pawła Jakuba Wojtasiewicza oraz kompozycje klasyczne. Wszystkim utworom będzie przyświecać aura wspaniałego show i karnawału, chociaż znajdą się również elementy noworocznej zadumy. Miejsce: Sala Kominkowa Bilety: 35 zł / www.biletomat.pl Nie ma możliwości zakupu biletu na miejscu przed wydarzeniem. Wydarzenie na FB</p>
