{"id":70877,"date":"2025-12-02T13:37:24","date_gmt":"2025-12-02T12:37:24","guid":{"rendered":"https:\/\/13muz.eu\/?post_type=tribe_events&#038;p=70877"},"modified":"2025-12-04T12:09:59","modified_gmt":"2025-12-04T11:09:59","slug":"24-01-do-gory-nutami-hu-hu-ha-zima-nie-jest-zla-warsztaty-muzyczne-dla-rodzin-z-dziecmi","status":"publish","type":"tribe_events","link":"https:\/\/13muz.eu\/en\/event\/24-01-do-gory-nutami-hu-hu-ha-zima-nie-jest-zla-warsztaty-muzyczne-dla-rodzin-z-dziecmi\/","title":{"rendered":"24.01. \/ Do g\u00f3ry nutami &#8211; Hu hu ha, zima nie jest z\u0142a! &#8211; warsztaty muzyczne dla rodzin z dzie\u0107mi"},"content":{"rendered":"<p><img loading=\"lazy\" decoding=\"async\" class=\"alignnone size-large wp-image-68311\" src=\"https:\/\/13muz.eu\/wp-content\/uploads\/2025\/08\/20.09.2025-Do-gory-nutami-1920-1024x777.jpg\" alt=\"\" width=\"1024\" height=\"777\" srcset=\"https:\/\/13muz.eu\/wp-content\/uploads\/2025\/08\/20.09.2025-Do-gory-nutami-1920-1024x777.jpg 1024w, https:\/\/13muz.eu\/wp-content\/uploads\/2025\/08\/20.09.2025-Do-gory-nutami-1920-300x228.jpg 300w, https:\/\/13muz.eu\/wp-content\/uploads\/2025\/08\/20.09.2025-Do-gory-nutami-1920-768x582.jpg 768w, https:\/\/13muz.eu\/wp-content\/uploads\/2025\/08\/20.09.2025-Do-gory-nutami-1920-1536x1165.jpg 1536w, https:\/\/13muz.eu\/wp-content\/uploads\/2025\/08\/20.09.2025-Do-gory-nutami-1920-400x303.jpg 400w, https:\/\/13muz.eu\/wp-content\/uploads\/2025\/08\/20.09.2025-Do-gory-nutami-1920.jpg 1920w\" sizes=\"auto, (max-width: 1024px) 100vw, 1024px\" \/><\/p>\n<p style=\"text-align: justify;\"><strong>24.01.2026 sobota g. 11:00<\/strong><\/p>\n<p style=\"text-align: justify;\">\u015awiat otula si\u0119 mi\u0119kk\u0105, bia\u0142\u0105 ko\u0142derk\u0105, a powietrze staje si\u0119 kryszta\u0142owo czyste &#8211; to idealny moment, by odkry\u0107 jak pi\u0119knie potrafi zabrzmie\u0107 zima.<\/p>\n<p style=\"text-align: justify;\">W styczniowe przedpo\u0142udnie zapraszamy Was do krainy mro\u017anych, a jednocze\u015bnie ciep\u0142ych d\u017awi\u0119k\u00f3w. Wsp\u00f3lnie poszukamy muzycznych inspiracji, kt\u00f3re nios\u0105 ze sob\u0105 \u015bnieg, l\u00f3d i radosne, zimowe zabawy. B\u0119dziemy tupa\u0107 jak p\u0119dz\u0105ce po \u015bniegu sanie, szura\u0107, na\u015bladuj\u0105c hulaj\u0105cy wiatr i \u015bpiewa\u0107 jak roziskrzone gwiazdami mro\u017ane niebo.<\/p>\n<p style=\"text-align: justify;\">Mo\u017cecie liczy\u0107 na:<br \/>\n&#8211; piosenki i rytmy: odkryjemy zimowe przeboje, ko\u0142ysanki oraz weso\u0142e piosenki o ba\u0142wankach i innych atrybutach zimy.<br \/>\n&#8211; swobodn\u0105 improwizacj\u0119: zagramy na instrumentach, kt\u00f3re zabrzmi\u0105 jak d\u017awi\u0119ki p\u0119kaj\u0105cego lodu i szeleszcz\u0105cego pod stopami \u015bniegu.<br \/>\n&#8211; sensoryczne zabawy: nie zabraknie ruchu, ta\u0144ca i tworzenia zimowego r\u0119kodzie\u0142a &#8211; bo zim\u0105 te\u017c ch\u0119tnie zbieramy \u201eskarby\u201d!<\/p>\n<p style=\"text-align: justify;\">Przyjd\u017acie otuli\u0107 si\u0119 muzyk\u0105 i sp\u0119dzi\u0107 czas w rodzinnym cieple, by wsp\u00f3lnie wyczarowa\u0107 najpi\u0119kniejsz\u0105, muzyczn\u0105 zim\u0119.<\/p>\n<p style=\"text-align: justify;\">Zaj\u0119cia poprowadz\u0105: Do g\u00f3ry nutami &#8211; Ola i Krystian Teli\u017cyn<\/p>\n<p style=\"text-align: justify;\">Ola Teli\u017cyn &#8211; wokalistka, certyfikowana trenerka i ambasadorka pomelody, absolwentka Krakowskiej Szko\u0142y Jazzu i Muzyki Rozrywkowej<\/p>\n<p style=\"text-align: justify;\">Krystian Teli\u017cyn &#8211; multiinstrumentalista, absolwent Krakowskiej Szko\u0142y Jazzu i Muzyki Rozrywkowej<\/p>\n<p style=\"text-align: justify;\">Wydarzenie przeznaczone jest dla rodzic\u00f3w\/opiekun\u00f3w i dzieci do 6. roku \u017cycia, ale starsze rodze\u0144stwo r\u00f3wnie\u017c jest mile widziane.<\/p>\n<p style=\"text-align: justify;\">Czas trwania wydarzenia: 55 min<\/p>\n<p style=\"text-align: justify;\">Miejsce: Sala Lustrzana<\/p>\n<p style=\"text-align: justify;\">Bilety: 35 z\u0142 dziecko, 35 z\u0142 rodzic \/ <a href=\"https:\/\/kicket.com\/wydarzenia\/do-gory-nutami-29099\" target=\"_blank\" rel=\"noopener\">www.biletomat.pl<\/a><\/p>\n<p style=\"text-align: justify;\"><strong>Nie ma mo\u017cliwo\u015bci zakupu biletu na miejscu przed wydarzeniem.<\/strong><\/p>\n<p>Wydarzenie na <a href=\"https:\/\/www.facebook.com\/events\/713038851849951\/?acontext=%7B%22event_action_history%22%3A[%7B%22extra_data%22%3A%22%22%2C%22mechanism%22%3A%22unknown%22%2C%22surface%22%3A%22home%22%7D%2C%7B%22extra_data%22%3A%22%22%2C%22mechanism%22%3A%22left_rail%22%2C%22surface%22%3A%22bookmark%22%7D%2C%7B%22extra_data%22%3A%22%22%2C%22mechanism%22%3A%22surface%22%2C%22surface%22%3A%22create_dialog%22%7D]%2C%22ref_notif_type%22%3Anull%7D&amp;onload_action=open_invite_flow&amp;show_created_event_toast=true\" target=\"_blank\" rel=\"noopener\"><strong>FB<\/strong><\/a><\/p>\n","protected":false},"excerpt":{"rendered":"<p>24.01.2026 sobota g. 11:00 \u015awiat otula si\u0119 mi\u0119kk\u0105, bia\u0142\u0105 ko\u0142derk\u0105, a powietrze staje si\u0119 kryszta\u0142owo czyste &#8211; to idealny moment, by odkry\u0107 jak pi\u0119knie potrafi zabrzmie\u0107 zima. W styczniowe przedpo\u0142udnie zapraszamy Was do krainy mro\u017anych, a jednocze\u015bnie ciep\u0142ych d\u017awi\u0119k\u00f3w. Wsp\u00f3lnie poszukamy muzycznych inspiracji, kt\u00f3re nios\u0105 ze sob\u0105 \u015bnieg, l\u00f3d i radosne, zimowe zabawy. B\u0119dziemy tupa\u0107 jak p\u0119dz\u0105ce po \u015bniegu sanie, szura\u0107, na\u015bladuj\u0105c hulaj\u0105cy wiatr i \u015bpiewa\u0107 jak roziskrzone gwiazdami mro\u017ane niebo. Mo\u017cecie liczy\u0107 na: &#8211; piosenki i rytmy: odkryjemy zimowe przeboje, ko\u0142ysanki oraz weso\u0142e piosenki o ba\u0142wankach i innych atrybutach zimy. &#8211; swobodn\u0105 improwizacj\u0119: zagramy na instrumentach, kt\u00f3re zabrzmi\u0105 jak [&hellip;]<\/p>\n","protected":false},"author":4,"featured_media":0,"template":"","meta":{"ngg_post_thumbnail":0,"_price":"","_stock":"","_tribe_ticket_header":"","_tribe_default_ticket_provider":"","_ticket_start_date":"","_ticket_end_date":"","_tribe_ticket_show_description":"","_tribe_ticket_show_not_going":false,"_tribe_ticket_use_global_stock":"","_tribe_ticket_global_stock_level":"","_global_stock_mode":"","_global_stock_cap":"","_tribe_rsvp_for_event":"","_tribe_ticket_going_count":"","_tribe_ticket_not_going_count":"","_tribe_tickets_list":"[]","_tribe_ticket_has_attendee_info_fields":false,"_tribe_events_status":"","_tribe_events_status_reason":"","footnotes":"","_tec_slr_enabled":"","_tec_slr_layout":""},"tags":[],"tribe_events_cat":[],"class_list":["post-70877","tribe_events","type-tribe_events","status-publish","hentry"],"ticketed":false,"post_mailing_queue_ids":[],"_links":{"self":[{"href":"https:\/\/13muz.eu\/en\/wp-json\/wp\/v2\/tribe_events\/70877","targetHints":{"allow":["GET"]}}],"collection":[{"href":"https:\/\/13muz.eu\/en\/wp-json\/wp\/v2\/tribe_events"}],"about":[{"href":"https:\/\/13muz.eu\/en\/wp-json\/wp\/v2\/types\/tribe_events"}],"author":[{"embeddable":true,"href":"https:\/\/13muz.eu\/en\/wp-json\/wp\/v2\/users\/4"}],"version-history":[{"count":0,"href":"https:\/\/13muz.eu\/en\/wp-json\/wp\/v2\/tribe_events\/70877\/revisions"}],"wp:attachment":[{"href":"https:\/\/13muz.eu\/en\/wp-json\/wp\/v2\/media?parent=70877"}],"wp:term":[{"taxonomy":"post_tag","embeddable":true,"href":"https:\/\/13muz.eu\/en\/wp-json\/wp\/v2\/tags?post=70877"},{"taxonomy":"tribe_events_cat","embeddable":true,"href":"https:\/\/13muz.eu\/en\/wp-json\/wp\/v2\/tribe_events_cat?post=70877"}],"curies":[{"name":"wp","href":"https:\/\/api.w.org\/{rel}","templated":true}]}}

24.01. / Do góry nutami &#8211; Hu hu ha, zima nie jest zła! &#8211; warsztaty muzyczne dla rodzin z dziećmi

<p><img loading="lazy" decoding="async" class="alignnone size-large wp-image-68311" src="https://13muz.eu/wp-content/uploads/2025/08/20.09.2025-Do-gory-nutami-1920-1024x777.jpg" alt="" width="1024" height="777" srcset="https://13muz.eu/wp-content/uploads/2025/08/20.09.2025-Do-gory-nutami-1920-1024x777.jpg 1024w, https://13muz.eu/wp-content/uploads/2025/08/20.09.2025-Do-gory-nutami-1920-300x228.jpg 300w, https://13muz.eu/wp-content/uploads/2025/08/20.09.2025-Do-gory-nutami-1920-768x582.jpg 768w, https://13muz.eu/wp-content/uploads/2025/08/20.09.2025-Do-gory-nutami-1920-1536x1165.jpg 1536w, https://13muz.eu/wp-content/uploads/2025/08/20.09.2025-Do-gory-nutami-1920-400x303.jpg 400w, https://13muz.eu/wp-content/uploads/2025/08/20.09.2025-Do-gory-nutami-1920.jpg 1920w" sizes="auto, (max-width: 1024px) 100vw, 1024px" /></p>
<p style="text-align: justify;"><strong>24.01.2026 sobota g. 11:00</strong></p>
<p style="text-align: justify;">Świat otula się miękką, białą kołderką, a powietrze staje się kryształowo czyste &#8211; to idealny moment, by odkryć jak pięknie potrafi zabrzmieć zima.</p>
<p style="text-align: justify;">W styczniowe przedpołudnie zapraszamy Was do krainy mroźnych, a jednocześnie ciepłych dźwięków. Wspólnie poszukamy muzycznych inspiracji, które niosą ze sobą śnieg, lód i radosne, zimowe zabawy. Będziemy tupać jak pędzące po śniegu sanie, szurać, naśladując hulający wiatr i śpiewać jak roziskrzone gwiazdami mroźne niebo.</p>
<p style="text-align: justify;">Możecie liczyć na:<br />
&#8211; piosenki i rytmy: odkryjemy zimowe przeboje, kołysanki oraz wesołe piosenki o bałwankach i innych atrybutach zimy.<br />
&#8211; swobodną improwizację: zagramy na instrumentach, które zabrzmią jak dźwięki pękającego lodu i szeleszczącego pod stopami śniegu.<br />
&#8211; sensoryczne zabawy: nie zabraknie ruchu, tańca i tworzenia zimowego rękodzieła &#8211; bo zimą też chętnie zbieramy „skarby”!</p>
<p style="text-align: justify;">Przyjdźcie otulić się muzyką i spędzić czas w rodzinnym cieple, by wspólnie wyczarować najpiękniejszą, muzyczną zimę.</p>
<p style="text-align: justify;">Zajęcia poprowadzą: Do góry nutami &#8211; Ola i Krystian Teliżyn</p>
<p style="text-align: justify;">Ola Teliżyn &#8211; wokalistka, certyfikowana trenerka i ambasadorka pomelody, absolwentka Krakowskiej Szkoły Jazzu i Muzyki Rozrywkowej</p>
<p style="text-align: justify;">Krystian Teliżyn &#8211; multiinstrumentalista, absolwent Krakowskiej Szkoły Jazzu i Muzyki Rozrywkowej</p>
<p style="text-align: justify;">Wydarzenie przeznaczone jest dla rodziców/opiekunów i dzieci do 6. roku życia, ale starsze rodzeństwo również jest mile widziane.</p>
<p style="text-align: justify;">Czas trwania wydarzenia: 55 min</p>
<p style="text-align: justify;">Miejsce: Sala Lustrzana</p>
<p style="text-align: justify;">Bilety: 35 zł dziecko, 35 zł rodzic / <a href="https://kicket.com/wydarzenia/do-gory-nutami-29099" target="_blank" rel="noopener">www.biletomat.pl</a></p>
<p style="text-align: justify;"><strong>Nie ma możliwości zakupu biletu na miejscu przed wydarzeniem.</strong></p>
<p>Wydarzenie na <a href="https://www.facebook.com/events/713038851849951/?acontext=%7B%22event_action_history%22%3A[%7B%22extra_data%22%3A%22%22%2C%22mechanism%22%3A%22unknown%22%2C%22surface%22%3A%22home%22%7D%2C%7B%22extra_data%22%3A%22%22%2C%22mechanism%22%3A%22left_rail%22%2C%22surface%22%3A%22bookmark%22%7D%2C%7B%22extra_data%22%3A%22%22%2C%22mechanism%22%3A%22surface%22%2C%22surface%22%3A%22create_dialog%22%7D]%2C%22ref_notif_type%22%3Anull%7D&amp;onload_action=open_invite_flow&amp;show_created_event_toast=true" target="_blank" rel="noopener"><strong>FB</strong></a></p>

<p>24.01.2026 sobota g. 11:00 Świat otula się miękką, białą kołderką, a powietrze staje się kryształowo czyste &#8211; to idealny moment, by odkryć jak pięknie potrafi zabrzmieć zima. W styczniowe przedpołudnie zapraszamy Was do krainy mroźnych, a jednocześnie ciepłych dźwięków. Wspólnie poszukamy muzycznych inspiracji, które niosą ze sobą śnieg, lód i radosne, zimowe zabawy. Będziemy tupać jak pędzące po śniegu sanie, szurać, naśladując hulający wiatr i śpiewać jak roziskrzone gwiazdami mroźne niebo. Możecie liczyć na: &#8211; piosenki i rytmy: odkryjemy zimowe przeboje, kołysanki oraz wesołe piosenki o bałwankach i innych atrybutach zimy. &#8211; swobodną improwizację: zagramy na instrumentach, które zabrzmią jak [&hellip;]</p>
