{"id":70856,"date":"2025-12-02T12:57:52","date_gmt":"2025-12-02T11:57:52","guid":{"rendered":"https:\/\/13muz.eu\/?post_type=tribe_events&#038;p=70856"},"modified":"2025-12-09T09:14:17","modified_gmt":"2025-12-09T08:14:17","slug":"17-01-niemen-kameralnie-w-22-rocznice-smierci-andrzej-szpak-i-baltic-neopolis-quartet","status":"publish","type":"tribe_events","link":"https:\/\/13muz.eu\/en\/event\/17-01-niemen-kameralnie-w-22-rocznice-smierci-andrzej-szpak-i-baltic-neopolis-quartet\/","title":{"rendered":"17.01. \/ Niemen kameralnie w 22. rocznic\u0119 \u015bmierci &#8211; Andrzej Szpak i Baltic Neopolis Quartet"},"content":{"rendered":"<p style=\"text-align: justify;\"><img loading=\"lazy\" decoding=\"async\" class=\"alignnone size-large wp-image-70858\" src=\"https:\/\/13muz.eu\/wp-content\/uploads\/2025\/12\/17.01.2026-Niemen-kameralnie-1920-1024x747.jpg\" alt=\"\" width=\"1024\" height=\"747\" srcset=\"https:\/\/13muz.eu\/wp-content\/uploads\/2025\/12\/17.01.2026-Niemen-kameralnie-1920-1024x747.jpg 1024w, https:\/\/13muz.eu\/wp-content\/uploads\/2025\/12\/17.01.2026-Niemen-kameralnie-1920-300x219.jpg 300w, https:\/\/13muz.eu\/wp-content\/uploads\/2025\/12\/17.01.2026-Niemen-kameralnie-1920-768x560.jpg 768w, https:\/\/13muz.eu\/wp-content\/uploads\/2025\/12\/17.01.2026-Niemen-kameralnie-1920-1536x1120.jpg 1536w, https:\/\/13muz.eu\/wp-content\/uploads\/2025\/12\/17.01.2026-Niemen-kameralnie-1920-400x292.jpg 400w, https:\/\/13muz.eu\/wp-content\/uploads\/2025\/12\/17.01.2026-Niemen-kameralnie-1920.jpg 1920w\" sizes=\"auto, (max-width: 1024px) 100vw, 1024px\" \/><\/p>\n<p><strong>17.01.2026 sobota g. 18:00<\/strong><\/p>\n<p style=\"text-align: justify;\">To wydarzenie, to niew\u0105tpliwy ewenement w polskiej muzyce: piosenki tego artysty w aran\u017cacjach na g\u0142os i kwartet smyczkowy, tego jeszcze nie by\u0142o. Wykonawc\u0105 b\u0119dzie Andrzej Szpak wraz z sekcj\u0105 rytmiczn\u0105 oraz Baltic Neopolis Quartet.<\/p>\n<p style=\"text-align: justify;\">Andrzej Szpak &#8211; uhonorowany medalem \u201eZas\u0142u\u017cony Kulturze Gloria Artis\u201d oraz zdobywca pierwszej nagrody na PFPP Opole 2025. Otrzymanie Grand Prix tego festiwalu doprowadzi\u0142o do nagrania w Radiu Opole p\u0142yty \u201eSen o Warszawie\u201d z piosenkami Czes\u0142awa Niemena. Wokalista jest tak\u017ce finalist\u0105 The Voice Senior oraz zdobywc\u0105 tytu\u0142u \u201eNajlepszy odtw\u00f3rca piosenek Czes\u0142awa Niemena w Polsce 2017\u201d, przyznanego przez Kapitu\u0142\u0119 Konkursu i Wojew\u00f3dzkie Przedsi\u0119biorstwo Artystyczne w Gda\u0144sku.<\/p>\n<p style=\"text-align: justify;\">Baltic Neopolis Quartet &#8211; powsta\u0142 w 2008 r. i ma za sob\u0105 wyst\u0119py w ponad 27. krajach \u015bwiata, m.in. w Chinach, Japonii, RPA, Wielkiej Brytanii, Niemczech i w wielu innych krajach. Otrzyma\u0142 tak\u017ce Nagrod\u0119 Ministra Kultury i Dziedzictwa Narodowego za ca\u0142okszta\u0142t dzia\u0142alno\u015bci oraz statuetk\u0119 Fryderyka 2015 w kategorii Album Roku &#8211; Muzyka kameralna.<\/p>\n<p style=\"text-align: justify;\">Podczas koncertu wyst\u0105pi\u0105 tak\u017ce szczeci\u0144scy muzycy:<br \/>\nAleksander Jastrz\u0105b &#8211; instrumenty klawiszowe<br \/>\nRobert Jarz\u0119bski &#8211; gitara<br \/>\nWojtek G\u00f3recki &#8211; kontrabas<br \/>\nTomasz Szpak &#8211; perkusja<\/p>\n<p>Aran\u017cacja: Mi\u0142osz Wo\u015bko<\/p>\n<p style=\"text-align: justify;\">Koncert poprowadzi Mieczys\u0142aw Podsiad\u0142o.<\/p>\n<p style=\"text-align: justify;\">Organizator: Stowarzyszenie Pami\u0119ci Czes\u0142awa Niemena w Szczecinie oraz Dom Kultury \u201e13 Muz\u201d<\/p>\n<p style=\"text-align: justify;\">Czas wydarzenia: 60 min<\/p>\n<p style=\"text-align: justify;\">Miejsce: Sala Kominkowa<\/p>\n<p style=\"text-align: justify;\">Bilety: 60 z\u0142 \/ <a href=\"https:\/\/kicket.com\/wydarzenia\/niemen-kameralnie-29097?eventId=327451\" target=\"_blank\" rel=\"noopener\">www.biletomat.pl<\/a><\/p>\n<p style=\"text-align: justify;\"><strong>Nie ma mo\u017cliwo\u015bci zakupu biletu na miejscu przed wydarzeniem.<\/strong><\/p>\n<p>Wydarzenie na <a href=\"https:\/\/www.facebook.com\/events\/1435712421408187\/?acontext=%7B%22event_action_history%22%3A[%7B%22extra_data%22%3A%22%22%2C%22mechanism%22%3A%22unknown%22%2C%22surface%22%3A%22home%22%7D%2C%7B%22extra_data%22%3A%22%22%2C%22mechanism%22%3A%22left_rail%22%2C%22surface%22%3A%22bookmark%22%7D%2C%7B%22extra_data%22%3A%22%22%2C%22mechanism%22%3A%22surface%22%2C%22surface%22%3A%22create_dialog%22%7D]%2C%22ref_notif_type%22%3Anull%7D&amp;onload_action=open_invite_flow&amp;show_created_event_toast=true\" target=\"_blank\" rel=\"noopener\"><strong>FB<\/strong><\/a><\/p>\n","protected":false},"excerpt":{"rendered":"<p>17.01.2026 sobota g. 18:00 To wydarzenie, to niew\u0105tpliwy ewenement w polskiej muzyce: piosenki tego artysty w aran\u017cacjach na g\u0142os i kwartet smyczkowy, tego jeszcze nie by\u0142o. Wykonawc\u0105 b\u0119dzie Andrzej Szpak wraz z sekcj\u0105 rytmiczn\u0105 oraz Baltic Neopolis Quartet. Andrzej Szpak &#8211; uhonorowany medalem \u201eZas\u0142u\u017cony Kulturze Gloria Artis\u201d oraz zdobywca pierwszej nagrody na PFPP Opole 2025. Otrzymanie Grand Prix tego festiwalu doprowadzi\u0142o do nagrania w Radiu Opole p\u0142yty \u201eSen o Warszawie\u201d z piosenkami Czes\u0142awa Niemena. Wokalista jest tak\u017ce finalist\u0105 The Voice Senior oraz zdobywc\u0105 tytu\u0142u \u201eNajlepszy odtw\u00f3rca piosenek Czes\u0142awa Niemena w Polsce 2017\u201d, przyznanego przez Kapitu\u0142\u0119 Konkursu i Wojew\u00f3dzkie Przedsi\u0119biorstwo Artystyczne [&hellip;]<\/p>\n","protected":false},"author":4,"featured_media":0,"template":"","meta":{"ngg_post_thumbnail":0,"_price":"","_stock":"","_tribe_ticket_header":"","_tribe_default_ticket_provider":"","_ticket_start_date":"","_ticket_end_date":"","_tribe_ticket_show_description":"","_tribe_ticket_show_not_going":false,"_tribe_ticket_use_global_stock":"","_tribe_ticket_global_stock_level":"","_global_stock_mode":"","_global_stock_cap":"","_tribe_rsvp_for_event":"","_tribe_ticket_going_count":"","_tribe_ticket_not_going_count":"","_tribe_tickets_list":"[]","_tribe_ticket_has_attendee_info_fields":false,"_tribe_events_status":"","_tribe_events_status_reason":"","footnotes":"","_tec_slr_enabled":"","_tec_slr_layout":""},"tags":[],"tribe_events_cat":[],"class_list":["post-70856","tribe_events","type-tribe_events","status-publish","hentry"],"ticketed":false,"post_mailing_queue_ids":[],"_links":{"self":[{"href":"https:\/\/13muz.eu\/en\/wp-json\/wp\/v2\/tribe_events\/70856","targetHints":{"allow":["GET"]}}],"collection":[{"href":"https:\/\/13muz.eu\/en\/wp-json\/wp\/v2\/tribe_events"}],"about":[{"href":"https:\/\/13muz.eu\/en\/wp-json\/wp\/v2\/types\/tribe_events"}],"author":[{"embeddable":true,"href":"https:\/\/13muz.eu\/en\/wp-json\/wp\/v2\/users\/4"}],"version-history":[{"count":0,"href":"https:\/\/13muz.eu\/en\/wp-json\/wp\/v2\/tribe_events\/70856\/revisions"}],"wp:attachment":[{"href":"https:\/\/13muz.eu\/en\/wp-json\/wp\/v2\/media?parent=70856"}],"wp:term":[{"taxonomy":"post_tag","embeddable":true,"href":"https:\/\/13muz.eu\/en\/wp-json\/wp\/v2\/tags?post=70856"},{"taxonomy":"tribe_events_cat","embeddable":true,"href":"https:\/\/13muz.eu\/en\/wp-json\/wp\/v2\/tribe_events_cat?post=70856"}],"curies":[{"name":"wp","href":"https:\/\/api.w.org\/{rel}","templated":true}]}}

17.01. / Niemen kameralnie w 22. rocznicę śmierci &#8211; Andrzej Szpak i Baltic Neopolis Quartet

<p style="text-align: justify;"><img loading="lazy" decoding="async" class="alignnone size-large wp-image-70858" src="https://13muz.eu/wp-content/uploads/2025/12/17.01.2026-Niemen-kameralnie-1920-1024x747.jpg" alt="" width="1024" height="747" srcset="https://13muz.eu/wp-content/uploads/2025/12/17.01.2026-Niemen-kameralnie-1920-1024x747.jpg 1024w, https://13muz.eu/wp-content/uploads/2025/12/17.01.2026-Niemen-kameralnie-1920-300x219.jpg 300w, https://13muz.eu/wp-content/uploads/2025/12/17.01.2026-Niemen-kameralnie-1920-768x560.jpg 768w, https://13muz.eu/wp-content/uploads/2025/12/17.01.2026-Niemen-kameralnie-1920-1536x1120.jpg 1536w, https://13muz.eu/wp-content/uploads/2025/12/17.01.2026-Niemen-kameralnie-1920-400x292.jpg 400w, https://13muz.eu/wp-content/uploads/2025/12/17.01.2026-Niemen-kameralnie-1920.jpg 1920w" sizes="auto, (max-width: 1024px) 100vw, 1024px" /></p>
<p><strong>17.01.2026 sobota g. 18:00</strong></p>
<p style="text-align: justify;">To wydarzenie, to niewątpliwy ewenement w polskiej muzyce: piosenki tego artysty w aranżacjach na głos i kwartet smyczkowy, tego jeszcze nie było. Wykonawcą będzie Andrzej Szpak wraz z sekcją rytmiczną oraz Baltic Neopolis Quartet.</p>
<p style="text-align: justify;">Andrzej Szpak &#8211; uhonorowany medalem „Zasłużony Kulturze Gloria Artis” oraz zdobywca pierwszej nagrody na PFPP Opole 2025. Otrzymanie Grand Prix tego festiwalu doprowadziło do nagrania w Radiu Opole płyty „Sen o Warszawie” z piosenkami Czesława Niemena. Wokalista jest także finalistą The Voice Senior oraz zdobywcą tytułu „Najlepszy odtwórca piosenek Czesława Niemena w Polsce 2017”, przyznanego przez Kapitułę Konkursu i Wojewódzkie Przedsiębiorstwo Artystyczne w Gdańsku.</p>
<p style="text-align: justify;">Baltic Neopolis Quartet &#8211; powstał w 2008 r. i ma za sobą występy w ponad 27. krajach świata, m.in. w Chinach, Japonii, RPA, Wielkiej Brytanii, Niemczech i w wielu innych krajach. Otrzymał także Nagrodę Ministra Kultury i Dziedzictwa Narodowego za całokształt działalności oraz statuetkę Fryderyka 2015 w kategorii Album Roku &#8211; Muzyka kameralna.</p>
<p style="text-align: justify;">Podczas koncertu wystąpią także szczecińscy muzycy:<br />
Aleksander Jastrząb &#8211; instrumenty klawiszowe<br />
Robert Jarzębski &#8211; gitara<br />
Wojtek Górecki &#8211; kontrabas<br />
Tomasz Szpak &#8211; perkusja</p>
<p>Aranżacja: Miłosz Wośko</p>
<p style="text-align: justify;">Koncert poprowadzi Mieczysław Podsiadło.</p>
<p style="text-align: justify;">Organizator: Stowarzyszenie Pamięci Czesława Niemena w Szczecinie oraz Dom Kultury „13 Muz”</p>
<p style="text-align: justify;">Czas wydarzenia: 60 min</p>
<p style="text-align: justify;">Miejsce: Sala Kominkowa</p>
<p style="text-align: justify;">Bilety: 60 zł / <a href="https://kicket.com/wydarzenia/niemen-kameralnie-29097?eventId=327451" target="_blank" rel="noopener">www.biletomat.pl</a></p>
<p style="text-align: justify;"><strong>Nie ma możliwości zakupu biletu na miejscu przed wydarzeniem.</strong></p>
<p>Wydarzenie na <a href="https://www.facebook.com/events/1435712421408187/?acontext=%7B%22event_action_history%22%3A[%7B%22extra_data%22%3A%22%22%2C%22mechanism%22%3A%22unknown%22%2C%22surface%22%3A%22home%22%7D%2C%7B%22extra_data%22%3A%22%22%2C%22mechanism%22%3A%22left_rail%22%2C%22surface%22%3A%22bookmark%22%7D%2C%7B%22extra_data%22%3A%22%22%2C%22mechanism%22%3A%22surface%22%2C%22surface%22%3A%22create_dialog%22%7D]%2C%22ref_notif_type%22%3Anull%7D&amp;onload_action=open_invite_flow&amp;show_created_event_toast=true" target="_blank" rel="noopener"><strong>FB</strong></a></p>

<p>17.01.2026 sobota g. 18:00 To wydarzenie, to niewątpliwy ewenement w polskiej muzyce: piosenki tego artysty w aranżacjach na głos i kwartet smyczkowy, tego jeszcze nie było. Wykonawcą będzie Andrzej Szpak wraz z sekcją rytmiczną oraz Baltic Neopolis Quartet. Andrzej Szpak &#8211; uhonorowany medalem „Zasłużony Kulturze Gloria Artis” oraz zdobywca pierwszej nagrody na PFPP Opole 2025. Otrzymanie Grand Prix tego festiwalu doprowadziło do nagrania w Radiu Opole płyty „Sen o Warszawie” z piosenkami Czesława Niemena. Wokalista jest także finalistą The Voice Senior oraz zdobywcą tytułu „Najlepszy odtwórca piosenek Czesława Niemena w Polsce 2017”, przyznanego przez Kapitułę Konkursu i Wojewódzkie Przedsiębiorstwo Artystyczne [&hellip;]</p>
