{"id":70850,"date":"2025-12-02T12:33:30","date_gmt":"2025-12-02T11:33:30","guid":{"rendered":"https:\/\/13muz.eu\/?post_type=tribe_events&#038;p=70850"},"modified":"2026-01-15T11:03:57","modified_gmt":"2026-01-15T10:03:57","slug":"17-01-ksiezniczka-na-ziarnku-grochu","status":"publish","type":"tribe_events","link":"https:\/\/13muz.eu\/en\/event\/17-01-ksiezniczka-na-ziarnku-grochu\/","title":{"rendered":"17.01. \/\u00a0Ksi\u0119\u017cniczka na ziarnku grochu"},"content":{"rendered":"<p><img loading=\"lazy\" decoding=\"async\" class=\"alignnone size-large wp-image-70852\" src=\"https:\/\/13muz.eu\/wp-content\/uploads\/2025\/12\/17.01.2026-Ksiezniczka-na-ziarnku-grochu-1920-1024x747.jpg\" alt=\"\" width=\"1024\" height=\"747\" srcset=\"https:\/\/13muz.eu\/wp-content\/uploads\/2025\/12\/17.01.2026-Ksiezniczka-na-ziarnku-grochu-1920-1024x747.jpg 1024w, https:\/\/13muz.eu\/wp-content\/uploads\/2025\/12\/17.01.2026-Ksiezniczka-na-ziarnku-grochu-1920-300x219.jpg 300w, https:\/\/13muz.eu\/wp-content\/uploads\/2025\/12\/17.01.2026-Ksiezniczka-na-ziarnku-grochu-1920-768x560.jpg 768w, https:\/\/13muz.eu\/wp-content\/uploads\/2025\/12\/17.01.2026-Ksiezniczka-na-ziarnku-grochu-1920-1536x1120.jpg 1536w, https:\/\/13muz.eu\/wp-content\/uploads\/2025\/12\/17.01.2026-Ksiezniczka-na-ziarnku-grochu-1920-400x292.jpg 400w, https:\/\/13muz.eu\/wp-content\/uploads\/2025\/12\/17.01.2026-Ksiezniczka-na-ziarnku-grochu-1920.jpg 1920w\" sizes=\"auto, (max-width: 1024px) 100vw, 1024px\" \/><\/p>\n<p style=\"text-align: justify;\"><strong>17.01.2026 sobota g. 12:00 \/ Brak wolnych miejsc &#8211; wszystkie bilety zosta\u0142y ju\u017c sprzedane &#8211; zapraszamy na lutowe przedstawienia: <\/strong><a href=\"https:\/\/13muz.eu\/event\/1428-02-ksiezniczka-na-ziarnku-grochu\/\" target=\"_blank\" rel=\"noopener\"><strong>14 i 28.02.<\/strong><\/a><\/p>\n<p style=\"text-align: justify;\">Teatrzyk Bajto znany jest z interaktywnych przedstawie\u0144, w kt\u00f3rych dzieci wraz z aktorami bior\u0105 udzia\u0142 w bajkowych perypetiach. Tym razem teatrzyk przedstawi, w spos\u00f3b zgodny z klasycznym tekstem, acz nieco humorystycznie, ba\u015b\u0144 Hansa Christiana Andersena \u201eKsi\u0119\u017cniczka na ziarnku grochu\u201d.<\/p>\n<p style=\"text-align: justify;\">Podczas bajki, tak dzieci, jak i rodzice, staj\u0105 si\u0119 mieszka\u0144cami pa\u0142acu, oraz innych miejsc, w kt\u00f3rych odbywa si\u0119 akcja opowie\u015bci. Przedstawieniu towarzyszy humor, kt\u00f3ry miesza si\u0119 ze wzruszeniem oraz wsp\u00f3ln\u0105 rado\u015bci\u0105 podczas szcz\u0119\u015bliwego fina\u0142u, zako\u0144czonego cz\u0119sto wsp\u00f3lnym ta\u0144cem.<\/p>\n<p style=\"text-align: justify;\">Obsada:<br \/>\nKrzysztof Salak &#8211; pisarz, narrator, kr\u00f3l<br \/>\nBeata Barbara Kuczy\u0144ska &#8211; (nie tylko) grochowa ksi\u0119\u017cniczka<br \/>\nChristo Radew &#8211; d\u017awi\u0119k, \u015bwiat\u0142o, muzyka<br \/>\nDzieci oraz rodzice<\/p>\n<p style=\"text-align: justify;\">Czas trwania: ok. 60 min<\/p>\n<p style=\"text-align: justify;\">Bajka dedykowana jest dla dzieci w wieku od 4. lat.<\/p>\n<p style=\"text-align: justify;\">Organizator: Teatrzyk Bajto pod egid\u0105 Domu Kultury \u201e13 Muz\u201d<\/p>\n<p style=\"text-align: justify;\">Miejsce: Sala Lustrzana<\/p>\n<p style=\"text-align: justify;\">Bilety: opiekun 20 z\u0142 \/ dziecko 30 z\u0142 \/ ka\u017cde kolejne dziecko 10 z\u0142 \/ <a href=\"https:\/\/kicket.com\/wydarzenia\/ksiezniczka-na-ziarnku-grochu--29096?eventId=327446\" target=\"_blank\" rel=\"noopener\">www.biletomat.pl<\/a><\/p>\n<p style=\"text-align: justify;\"><strong>Nie ma mo\u017cliwo\u015bci zakupu biletu na miejscu przed wydarzeniem.<\/strong><\/p>\n<p>Wydarzenie na <a href=\"https:\/\/www.facebook.com\/events\/1146828894100183\/?acontext=%7B%22event_action_history%22%3A[%7B%22extra_data%22%3A%22%22%2C%22mechanism%22%3A%22unknown%22%2C%22surface%22%3A%22home%22%7D%2C%7B%22extra_data%22%3A%22%22%2C%22mechanism%22%3A%22left_rail%22%2C%22surface%22%3A%22bookmark%22%7D%2C%7B%22extra_data%22%3A%22%22%2C%22mechanism%22%3A%22surface%22%2C%22surface%22%3A%22create_dialog%22%7D]%2C%22ref_notif_type%22%3Anull%7D&amp;onload_action=open_invite_flow&amp;show_created_event_toast=true\" target=\"_blank\" rel=\"noopener\"><strong>FB<\/strong><\/a><\/p>\n","protected":false},"excerpt":{"rendered":"<p>17.01.2026 sobota g. 12:00 \/ Brak wolnych miejsc &#8211; wszystkie bilety zosta\u0142y ju\u017c sprzedane &#8211; zapraszamy na lutowe przedstawienia: 14 i 28.02. Teatrzyk Bajto znany jest z interaktywnych przedstawie\u0144, w kt\u00f3rych dzieci wraz z aktorami bior\u0105 udzia\u0142 w bajkowych perypetiach. Tym razem teatrzyk przedstawi, w spos\u00f3b zgodny z klasycznym tekstem, acz nieco humorystycznie, ba\u015b\u0144 Hansa Christiana Andersena \u201eKsi\u0119\u017cniczka na ziarnku grochu\u201d. Podczas bajki, tak dzieci, jak i rodzice, staj\u0105 si\u0119 mieszka\u0144cami pa\u0142acu, oraz innych miejsc, w kt\u00f3rych odbywa si\u0119 akcja opowie\u015bci. Przedstawieniu towarzyszy humor, kt\u00f3ry miesza si\u0119 ze wzruszeniem oraz wsp\u00f3ln\u0105 rado\u015bci\u0105 podczas szcz\u0119\u015bliwego fina\u0142u, zako\u0144czonego cz\u0119sto wsp\u00f3lnym ta\u0144cem. Obsada: [&hellip;]<\/p>\n","protected":false},"author":4,"featured_media":0,"template":"","meta":{"ngg_post_thumbnail":0,"_price":"","_stock":"","_tribe_ticket_header":"","_tribe_default_ticket_provider":"","_ticket_start_date":"","_ticket_end_date":"","_tribe_ticket_show_description":"","_tribe_ticket_show_not_going":false,"_tribe_ticket_use_global_stock":"","_tribe_ticket_global_stock_level":"","_global_stock_mode":"","_global_stock_cap":"","_tribe_rsvp_for_event":"","_tribe_ticket_going_count":"","_tribe_ticket_not_going_count":"","_tribe_tickets_list":"[]","_tribe_ticket_has_attendee_info_fields":false,"_tribe_events_status":"","_tribe_events_status_reason":"","footnotes":"","_tec_slr_enabled":"","_tec_slr_layout":""},"tags":[],"tribe_events_cat":[],"class_list":["post-70850","tribe_events","type-tribe_events","status-publish","hentry"],"ticketed":false,"post_mailing_queue_ids":[],"_links":{"self":[{"href":"https:\/\/13muz.eu\/en\/wp-json\/wp\/v2\/tribe_events\/70850","targetHints":{"allow":["GET"]}}],"collection":[{"href":"https:\/\/13muz.eu\/en\/wp-json\/wp\/v2\/tribe_events"}],"about":[{"href":"https:\/\/13muz.eu\/en\/wp-json\/wp\/v2\/types\/tribe_events"}],"author":[{"embeddable":true,"href":"https:\/\/13muz.eu\/en\/wp-json\/wp\/v2\/users\/4"}],"version-history":[{"count":0,"href":"https:\/\/13muz.eu\/en\/wp-json\/wp\/v2\/tribe_events\/70850\/revisions"}],"wp:attachment":[{"href":"https:\/\/13muz.eu\/en\/wp-json\/wp\/v2\/media?parent=70850"}],"wp:term":[{"taxonomy":"post_tag","embeddable":true,"href":"https:\/\/13muz.eu\/en\/wp-json\/wp\/v2\/tags?post=70850"},{"taxonomy":"tribe_events_cat","embeddable":true,"href":"https:\/\/13muz.eu\/en\/wp-json\/wp\/v2\/tribe_events_cat?post=70850"}],"curies":[{"name":"wp","href":"https:\/\/api.w.org\/{rel}","templated":true}]}}

17.01. / Księżniczka na ziarnku grochu

<p><img loading="lazy" decoding="async" class="alignnone size-large wp-image-70852" src="https://13muz.eu/wp-content/uploads/2025/12/17.01.2026-Ksiezniczka-na-ziarnku-grochu-1920-1024x747.jpg" alt="" width="1024" height="747" srcset="https://13muz.eu/wp-content/uploads/2025/12/17.01.2026-Ksiezniczka-na-ziarnku-grochu-1920-1024x747.jpg 1024w, https://13muz.eu/wp-content/uploads/2025/12/17.01.2026-Ksiezniczka-na-ziarnku-grochu-1920-300x219.jpg 300w, https://13muz.eu/wp-content/uploads/2025/12/17.01.2026-Ksiezniczka-na-ziarnku-grochu-1920-768x560.jpg 768w, https://13muz.eu/wp-content/uploads/2025/12/17.01.2026-Ksiezniczka-na-ziarnku-grochu-1920-1536x1120.jpg 1536w, https://13muz.eu/wp-content/uploads/2025/12/17.01.2026-Ksiezniczka-na-ziarnku-grochu-1920-400x292.jpg 400w, https://13muz.eu/wp-content/uploads/2025/12/17.01.2026-Ksiezniczka-na-ziarnku-grochu-1920.jpg 1920w" sizes="auto, (max-width: 1024px) 100vw, 1024px" /></p>
<p style="text-align: justify;"><strong>17.01.2026 sobota g. 12:00 / Brak wolnych miejsc &#8211; wszystkie bilety zostały już sprzedane &#8211; zapraszamy na lutowe przedstawienia: </strong><a href="https://13muz.eu/event/1428-02-ksiezniczka-na-ziarnku-grochu/" target="_blank" rel="noopener"><strong>14 i 28.02.</strong></a></p>
<p style="text-align: justify;">Teatrzyk Bajto znany jest z interaktywnych przedstawień, w których dzieci wraz z aktorami biorą udział w bajkowych perypetiach. Tym razem teatrzyk przedstawi, w sposób zgodny z klasycznym tekstem, acz nieco humorystycznie, baśń Hansa Christiana Andersena „Księżniczka na ziarnku grochu”.</p>
<p style="text-align: justify;">Podczas bajki, tak dzieci, jak i rodzice, stają się mieszkańcami pałacu, oraz innych miejsc, w których odbywa się akcja opowieści. Przedstawieniu towarzyszy humor, który miesza się ze wzruszeniem oraz wspólną radością podczas szczęśliwego finału, zakończonego często wspólnym tańcem.</p>
<p style="text-align: justify;">Obsada:<br />
Krzysztof Salak &#8211; pisarz, narrator, król<br />
Beata Barbara Kuczyńska &#8211; (nie tylko) grochowa księżniczka<br />
Christo Radew &#8211; dźwięk, światło, muzyka<br />
Dzieci oraz rodzice</p>
<p style="text-align: justify;">Czas trwania: ok. 60 min</p>
<p style="text-align: justify;">Bajka dedykowana jest dla dzieci w wieku od 4. lat.</p>
<p style="text-align: justify;">Organizator: Teatrzyk Bajto pod egidą Domu Kultury „13 Muz”</p>
<p style="text-align: justify;">Miejsce: Sala Lustrzana</p>
<p style="text-align: justify;">Bilety: opiekun 20 zł / dziecko 30 zł / każde kolejne dziecko 10 zł / <a href="https://kicket.com/wydarzenia/ksiezniczka-na-ziarnku-grochu--29096?eventId=327446" target="_blank" rel="noopener">www.biletomat.pl</a></p>
<p style="text-align: justify;"><strong>Nie ma możliwości zakupu biletu na miejscu przed wydarzeniem.</strong></p>
<p>Wydarzenie na <a href="https://www.facebook.com/events/1146828894100183/?acontext=%7B%22event_action_history%22%3A[%7B%22extra_data%22%3A%22%22%2C%22mechanism%22%3A%22unknown%22%2C%22surface%22%3A%22home%22%7D%2C%7B%22extra_data%22%3A%22%22%2C%22mechanism%22%3A%22left_rail%22%2C%22surface%22%3A%22bookmark%22%7D%2C%7B%22extra_data%22%3A%22%22%2C%22mechanism%22%3A%22surface%22%2C%22surface%22%3A%22create_dialog%22%7D]%2C%22ref_notif_type%22%3Anull%7D&amp;onload_action=open_invite_flow&amp;show_created_event_toast=true" target="_blank" rel="noopener"><strong>FB</strong></a></p>

<p>17.01.2026 sobota g. 12:00 / Brak wolnych miejsc &#8211; wszystkie bilety zostały już sprzedane &#8211; zapraszamy na lutowe przedstawienia: 14 i 28.02. Teatrzyk Bajto znany jest z interaktywnych przedstawień, w których dzieci wraz z aktorami biorą udział w bajkowych perypetiach. Tym razem teatrzyk przedstawi, w sposób zgodny z klasycznym tekstem, acz nieco humorystycznie, baśń Hansa Christiana Andersena „Księżniczka na ziarnku grochu”. Podczas bajki, tak dzieci, jak i rodzice, stają się mieszkańcami pałacu, oraz innych miejsc, w których odbywa się akcja opowieści. Przedstawieniu towarzyszy humor, który miesza się ze wzruszeniem oraz wspólną radością podczas szczęśliwego finału, zakończonego często wspólnym tańcem. Obsada: [&hellip;]</p>
