{"id":70844,"date":"2025-12-02T12:23:13","date_gmt":"2025-12-02T11:23:13","guid":{"rendered":"https:\/\/13muz.eu\/?post_type=tribe_events&#038;p=70844"},"modified":"2026-01-15T08:42:58","modified_gmt":"2026-01-15T07:42:58","slug":"16-01-koncert-swiateczno-noworoczny-chillarts-studio-szkola-muzyki","status":"publish","type":"tribe_events","link":"https:\/\/13muz.eu\/en\/event\/16-01-koncert-swiateczno-noworoczny-chillarts-studio-szkola-muzyki\/","title":{"rendered":"16.01. \/ Koncert \u015awi\u0105teczno-Noworoczny ChillArts Studio Szko\u0142a Muzyki"},"content":{"rendered":"<p><img loading=\"lazy\" decoding=\"async\" class=\"alignnone size-large wp-image-70846\" src=\"https:\/\/13muz.eu\/wp-content\/uploads\/2025\/12\/16.01.2026-Koncert-Swiateczno-Noworoczny-ChillArts-1920-790x1024.jpg\" alt=\"\" width=\"790\" height=\"1024\" srcset=\"https:\/\/13muz.eu\/wp-content\/uploads\/2025\/12\/16.01.2026-Koncert-Swiateczno-Noworoczny-ChillArts-1920-790x1024.jpg 790w, https:\/\/13muz.eu\/wp-content\/uploads\/2025\/12\/16.01.2026-Koncert-Swiateczno-Noworoczny-ChillArts-1920-232x300.jpg 232w, https:\/\/13muz.eu\/wp-content\/uploads\/2025\/12\/16.01.2026-Koncert-Swiateczno-Noworoczny-ChillArts-1920-768x995.jpg 768w, https:\/\/13muz.eu\/wp-content\/uploads\/2025\/12\/16.01.2026-Koncert-Swiateczno-Noworoczny-ChillArts-1920-1185x1536.jpg 1185w, https:\/\/13muz.eu\/wp-content\/uploads\/2025\/12\/16.01.2026-Koncert-Swiateczno-Noworoczny-ChillArts-1920-1580x2048.jpg 1580w, https:\/\/13muz.eu\/wp-content\/uploads\/2025\/12\/16.01.2026-Koncert-Swiateczno-Noworoczny-ChillArts-1920-400x518.jpg 400w, https:\/\/13muz.eu\/wp-content\/uploads\/2025\/12\/16.01.2026-Koncert-Swiateczno-Noworoczny-ChillArts-1920.jpg 1920w\" sizes=\"auto, (max-width: 790px) 100vw, 790px\" \/><\/p>\n<p style=\"text-align: justify;\"><strong>16.01.2026 pi\u0105tek g. 17:00<\/strong><\/p>\n<p style=\"text-align: justify;\">17:00 &#8211; Koncert dzieci<br \/>\n19:15 &#8211; Koncert m\u0142odzie\u017cy i doros\u0142ych<\/p>\n<p style=\"text-align: justify;\">Zapraszamy na wyj\u0105tkowy Koncert \u015awi\u0105teczno-Noworoczny, podczas kt\u00f3rego Sala Kominkowa Domu Kultury \u201e13 Muz\u201d wype\u0142ni si\u0119 magiczn\u0105 atmosfer\u0105 muzyki i \u015bwi\u0105tecznej rado\u015bci.<\/p>\n<p style=\"text-align: justify;\">Podczas koncertu wyst\u0105pi\u0105 uczniowie ChillArts Studio Szko\u0142y Muzyki &#8211; utalentowani wokali\u015bci i instrumentali\u015bci, kt\u00f3rzy zaprezentuj\u0105 bogaty repertuar. Us\u0142yszymy tradycyjne kol\u0119dy, popularne piosenki \u015bwi\u0105teczne, a tak\u017ce znane utwory z muzyki rozrywkowej i klasycznej.<\/p>\n<p style=\"text-align: justify;\">Zabierzcie rodzin\u0119, przyjaci\u00f3\u0142 i sp\u0119d\u017acie z nami ten niezapomniany wiecz\u00f3r pe\u0142en muzyki i zimowych inspiracji.<\/p>\n<p style=\"text-align: justify;\">ChillArts Studio Szko\u0142y Muzyki na <a href=\"https:\/\/www.facebook.com\/ChillArtsStudio\" target=\"_blank\" rel=\"noopener\">FB<\/a> oraz na <a href=\"http:\/\/www.instagram.com\/chillarts_studio_szkolamuzyki\/\" target=\"_blank\" rel=\"noopener\">Instagramie<\/a>.<\/p>\n<p style=\"text-align: justify;\">Niech muzyka doda magii temu zimowemu wieczorowi.<\/p>\n<p style=\"text-align: justify;\">Przygotowanie koncertu oraz koordynator wydarzenia: ChillArts Studio Szko\u0142a Muzyki.<\/p>\n<p style=\"text-align: justify;\">Miejsce: Sala Kominkowa<\/p>\n<p style=\"text-align: justify;\">Wst\u0119p wolny<\/p>\n<p>Wydarzenie na <a href=\"https:\/\/www.facebook.com\/events\/1955421708737753\/?acontext=%7B%22event_action_history%22%3A[%7B%22extra_data%22%3A%22%22%2C%22mechanism%22%3A%22unknown%22%2C%22surface%22%3A%22home%22%7D%2C%7B%22extra_data%22%3A%22%22%2C%22mechanism%22%3A%22left_rail%22%2C%22surface%22%3A%22bookmark%22%7D%2C%7B%22extra_data%22%3A%22%22%2C%22mechanism%22%3A%22surface%22%2C%22surface%22%3A%22create_dialog%22%7D]%2C%22ref_notif_type%22%3Anull%7D&amp;onload_action=open_invite_flow&amp;show_created_event_toast=true\" target=\"_blank\" rel=\"noopener\"><strong>FB<\/strong><\/a><\/p>\n","protected":false},"excerpt":{"rendered":"<p>16.01.2026 pi\u0105tek g. 17:00 17:00 &#8211; Koncert dzieci 19:15 &#8211; Koncert m\u0142odzie\u017cy i doros\u0142ych Zapraszamy na wyj\u0105tkowy Koncert \u015awi\u0105teczno-Noworoczny, podczas kt\u00f3rego Sala Kominkowa Domu Kultury \u201e13 Muz\u201d wype\u0142ni si\u0119 magiczn\u0105 atmosfer\u0105 muzyki i \u015bwi\u0105tecznej rado\u015bci. Podczas koncertu wyst\u0105pi\u0105 uczniowie ChillArts Studio Szko\u0142y Muzyki &#8211; utalentowani wokali\u015bci i instrumentali\u015bci, kt\u00f3rzy zaprezentuj\u0105 bogaty repertuar. Us\u0142yszymy tradycyjne kol\u0119dy, popularne piosenki \u015bwi\u0105teczne, a tak\u017ce znane utwory z muzyki rozrywkowej i klasycznej. Zabierzcie rodzin\u0119, przyjaci\u00f3\u0142 i sp\u0119d\u017acie z nami ten niezapomniany wiecz\u00f3r pe\u0142en muzyki i zimowych inspiracji. ChillArts Studio Szko\u0142y Muzyki na FB oraz na Instagramie. Niech muzyka doda magii temu zimowemu wieczorowi. Przygotowanie koncertu [&hellip;]<\/p>\n","protected":false},"author":4,"featured_media":0,"template":"","meta":{"ngg_post_thumbnail":0,"_price":"","_stock":"","_tribe_ticket_header":"","_tribe_default_ticket_provider":"","_ticket_start_date":"","_ticket_end_date":"","_tribe_ticket_show_description":"","_tribe_ticket_show_not_going":false,"_tribe_ticket_use_global_stock":"","_tribe_ticket_global_stock_level":"","_global_stock_mode":"","_global_stock_cap":"","_tribe_rsvp_for_event":"","_tribe_ticket_going_count":"","_tribe_ticket_not_going_count":"","_tribe_tickets_list":"[]","_tribe_ticket_has_attendee_info_fields":false,"_tribe_events_status":"","_tribe_events_status_reason":"","footnotes":"","_tec_slr_enabled":"","_tec_slr_layout":""},"tags":[],"tribe_events_cat":[],"class_list":["post-70844","tribe_events","type-tribe_events","status-publish","hentry"],"ticketed":false,"post_mailing_queue_ids":[],"_links":{"self":[{"href":"https:\/\/13muz.eu\/en\/wp-json\/wp\/v2\/tribe_events\/70844","targetHints":{"allow":["GET"]}}],"collection":[{"href":"https:\/\/13muz.eu\/en\/wp-json\/wp\/v2\/tribe_events"}],"about":[{"href":"https:\/\/13muz.eu\/en\/wp-json\/wp\/v2\/types\/tribe_events"}],"author":[{"embeddable":true,"href":"https:\/\/13muz.eu\/en\/wp-json\/wp\/v2\/users\/4"}],"version-history":[{"count":0,"href":"https:\/\/13muz.eu\/en\/wp-json\/wp\/v2\/tribe_events\/70844\/revisions"}],"wp:attachment":[{"href":"https:\/\/13muz.eu\/en\/wp-json\/wp\/v2\/media?parent=70844"}],"wp:term":[{"taxonomy":"post_tag","embeddable":true,"href":"https:\/\/13muz.eu\/en\/wp-json\/wp\/v2\/tags?post=70844"},{"taxonomy":"tribe_events_cat","embeddable":true,"href":"https:\/\/13muz.eu\/en\/wp-json\/wp\/v2\/tribe_events_cat?post=70844"}],"curies":[{"name":"wp","href":"https:\/\/api.w.org\/{rel}","templated":true}]}}

16.01. / Koncert Świąteczno-Noworoczny ChillArts Studio Szkoła Muzyki

<p><img loading="lazy" decoding="async" class="alignnone size-large wp-image-70846" src="https://13muz.eu/wp-content/uploads/2025/12/16.01.2026-Koncert-Swiateczno-Noworoczny-ChillArts-1920-790x1024.jpg" alt="" width="790" height="1024" srcset="https://13muz.eu/wp-content/uploads/2025/12/16.01.2026-Koncert-Swiateczno-Noworoczny-ChillArts-1920-790x1024.jpg 790w, https://13muz.eu/wp-content/uploads/2025/12/16.01.2026-Koncert-Swiateczno-Noworoczny-ChillArts-1920-232x300.jpg 232w, https://13muz.eu/wp-content/uploads/2025/12/16.01.2026-Koncert-Swiateczno-Noworoczny-ChillArts-1920-768x995.jpg 768w, https://13muz.eu/wp-content/uploads/2025/12/16.01.2026-Koncert-Swiateczno-Noworoczny-ChillArts-1920-1185x1536.jpg 1185w, https://13muz.eu/wp-content/uploads/2025/12/16.01.2026-Koncert-Swiateczno-Noworoczny-ChillArts-1920-1580x2048.jpg 1580w, https://13muz.eu/wp-content/uploads/2025/12/16.01.2026-Koncert-Swiateczno-Noworoczny-ChillArts-1920-400x518.jpg 400w, https://13muz.eu/wp-content/uploads/2025/12/16.01.2026-Koncert-Swiateczno-Noworoczny-ChillArts-1920.jpg 1920w" sizes="auto, (max-width: 790px) 100vw, 790px" /></p>
<p style="text-align: justify;"><strong>16.01.2026 piątek g. 17:00</strong></p>
<p style="text-align: justify;">17:00 &#8211; Koncert dzieci<br />
19:15 &#8211; Koncert młodzieży i dorosłych</p>
<p style="text-align: justify;">Zapraszamy na wyjątkowy Koncert Świąteczno-Noworoczny, podczas którego Sala Kominkowa Domu Kultury „13 Muz” wypełni się magiczną atmosferą muzyki i świątecznej radości.</p>
<p style="text-align: justify;">Podczas koncertu wystąpią uczniowie ChillArts Studio Szkoły Muzyki &#8211; utalentowani wokaliści i instrumentaliści, którzy zaprezentują bogaty repertuar. Usłyszymy tradycyjne kolędy, popularne piosenki świąteczne, a także znane utwory z muzyki rozrywkowej i klasycznej.</p>
<p style="text-align: justify;">Zabierzcie rodzinę, przyjaciół i spędźcie z nami ten niezapomniany wieczór pełen muzyki i zimowych inspiracji.</p>
<p style="text-align: justify;">ChillArts Studio Szkoły Muzyki na <a href="https://www.facebook.com/ChillArtsStudio" target="_blank" rel="noopener">FB</a> oraz na <a href="http://www.instagram.com/chillarts_studio_szkolamuzyki/" target="_blank" rel="noopener">Instagramie</a>.</p>
<p style="text-align: justify;">Niech muzyka doda magii temu zimowemu wieczorowi.</p>
<p style="text-align: justify;">Przygotowanie koncertu oraz koordynator wydarzenia: ChillArts Studio Szkoła Muzyki.</p>
<p style="text-align: justify;">Miejsce: Sala Kominkowa</p>
<p style="text-align: justify;">Wstęp wolny</p>
<p>Wydarzenie na <a href="https://www.facebook.com/events/1955421708737753/?acontext=%7B%22event_action_history%22%3A[%7B%22extra_data%22%3A%22%22%2C%22mechanism%22%3A%22unknown%22%2C%22surface%22%3A%22home%22%7D%2C%7B%22extra_data%22%3A%22%22%2C%22mechanism%22%3A%22left_rail%22%2C%22surface%22%3A%22bookmark%22%7D%2C%7B%22extra_data%22%3A%22%22%2C%22mechanism%22%3A%22surface%22%2C%22surface%22%3A%22create_dialog%22%7D]%2C%22ref_notif_type%22%3Anull%7D&amp;onload_action=open_invite_flow&amp;show_created_event_toast=true" target="_blank" rel="noopener"><strong>FB</strong></a></p>

<p>16.01.2026 piątek g. 17:00 17:00 &#8211; Koncert dzieci 19:15 &#8211; Koncert młodzieży i dorosłych Zapraszamy na wyjątkowy Koncert Świąteczno-Noworoczny, podczas którego Sala Kominkowa Domu Kultury „13 Muz” wypełni się magiczną atmosferą muzyki i świątecznej radości. Podczas koncertu wystąpią uczniowie ChillArts Studio Szkoły Muzyki &#8211; utalentowani wokaliści i instrumentaliści, którzy zaprezentują bogaty repertuar. Usłyszymy tradycyjne kolędy, popularne piosenki świąteczne, a także znane utwory z muzyki rozrywkowej i klasycznej. Zabierzcie rodzinę, przyjaciół i spędźcie z nami ten niezapomniany wieczór pełen muzyki i zimowych inspiracji. ChillArts Studio Szkoły Muzyki na FB oraz na Instagramie. Niech muzyka doda magii temu zimowemu wieczorowi. Przygotowanie koncertu [&hellip;]</p>
