{"id":70839,"date":"2025-12-02T12:14:09","date_gmt":"2025-12-02T11:14:09","guid":{"rendered":"https:\/\/13muz.eu\/?post_type=tribe_events&#038;p=70839"},"modified":"2026-01-15T15:45:41","modified_gmt":"2026-01-15T14:45:41","slug":"14-01-galeria-foyer-julia-troszczynska-i-julia-bielecka-po-dwoch-stronach-soczewki-grafika-i-malarstwo","status":"publish","type":"tribe_events","link":"https:\/\/13muz.eu\/en\/event\/14-01-galeria-foyer-julia-troszczynska-i-julia-bielecka-po-dwoch-stronach-soczewki-grafika-i-malarstwo\/","title":{"rendered":"14.01. \/ Galeria Foyer &#8211; Julia Troszczy\u0144ska i Julia Bielecka &#8211; \u201ePo dw\u00f3ch stronach soczewki\u201d &#8211; grafika i malarstwo"},"content":{"rendered":"<p><img loading=\"lazy\" decoding=\"async\" class=\"alignnone size-large wp-image-70840\" src=\"https:\/\/13muz.eu\/wp-content\/uploads\/2025\/12\/14.01.2026-Galeria-Foyer-Po-dwoch-stronach-soczewki-Julia-Bielecka-akwaforta-akwatinta-1920-1024x748.jpg\" alt=\"\" width=\"1024\" height=\"748\" srcset=\"https:\/\/13muz.eu\/wp-content\/uploads\/2025\/12\/14.01.2026-Galeria-Foyer-Po-dwoch-stronach-soczewki-Julia-Bielecka-akwaforta-akwatinta-1920-1024x748.jpg 1024w, https:\/\/13muz.eu\/wp-content\/uploads\/2025\/12\/14.01.2026-Galeria-Foyer-Po-dwoch-stronach-soczewki-Julia-Bielecka-akwaforta-akwatinta-1920-300x219.jpg 300w, https:\/\/13muz.eu\/wp-content\/uploads\/2025\/12\/14.01.2026-Galeria-Foyer-Po-dwoch-stronach-soczewki-Julia-Bielecka-akwaforta-akwatinta-1920-768x561.jpg 768w, https:\/\/13muz.eu\/wp-content\/uploads\/2025\/12\/14.01.2026-Galeria-Foyer-Po-dwoch-stronach-soczewki-Julia-Bielecka-akwaforta-akwatinta-1920-1536x1122.jpg 1536w, https:\/\/13muz.eu\/wp-content\/uploads\/2025\/12\/14.01.2026-Galeria-Foyer-Po-dwoch-stronach-soczewki-Julia-Bielecka-akwaforta-akwatinta-1920-400x292.jpg 400w, https:\/\/13muz.eu\/wp-content\/uploads\/2025\/12\/14.01.2026-Galeria-Foyer-Po-dwoch-stronach-soczewki-Julia-Bielecka-akwaforta-akwatinta-1920.jpg 1920w\" sizes=\"auto, (max-width: 1024px) 100vw, 1024px\" \/><\/p>\n<p style=\"text-align: justify;\"><strong>14.01.2026 \u015broda g. 17:00<\/strong><\/p>\n<p><strong><a href=\"https:\/\/13muz.eu\/wernisaze\/nggallery\/album\/galeria-foyer-julia-troszczynska-i-julia-bielecka-po-dwoch-stronach-soczewki-grafika-i-malarstwo\" target=\"_blank\" rel=\"noopener\">Zdj\u0119cia z wernisa\u017cu<\/a><\/strong><\/p>\n<p style=\"text-align: justify;\">14 stycznia (\u015broda) o godz. 17:00 zapraszamy do Galerii Foyer na otwarcie wystawy &#8211; wst\u0119p wolny.<\/p>\n<p style=\"text-align: justify;\">Wystawa czynna do 13 lutego od poniedzia\u0142ku do pi\u0105tku w godz. 8:00-18:00 oraz w trakcie trwania wydarze\u0144 &#8211; wst\u0119p wolny. W dniach 29 i 30 stycznia wystaw\u0119 mo\u017cna zwiedza\u0107 w ramach forum \u201eKultura Wolno\u015bci\u201d, kt\u00f3re odb\u0119dzie si\u0119 w dniach 29-31 stycznia w ca\u0142ym mie\u015bcie. Szczeg\u00f3\u0142y nt. forum b\u0119d\u0105 dost\u0119pne pod <a href=\"https:\/\/kulturawolnosci.org\/\" target=\"_blank\" rel=\"noopener\">linkiem<\/a>.<\/p>\n<p style=\"text-align: justify;\">Julia Troszczy\u0144ska i Julia Bielecka &#8211; jeste\u015bmy uczennicami 5. klasy Pa\u0144stwowego Liceum Sztuk Plastycznych im. C. Brancusiego w Szczecinie. Nasz\u0105 specjalizacj\u0105 jest grafika warsztatowa, kt\u00f3rej nauczycielami prowadz\u0105cymi s\u0105: Wojciech Koniuszek i Remigiusz Kostera.<\/p>\n<p style=\"text-align: justify;\">Tytu\u0142 naszej wystawy \u201ePo dw\u00f3ch stronach soczewki\u201d odnosi si\u0119 do dualizmu mi\u0119dzy \u015bwiatem zewn\u0119trznym a wewn\u0119trznym. Punktem wyj\u015bcia sta\u0142a si\u0119 dla nas szara, ale jednocze\u015bnie silnie oddzia\u0142uj\u0105ca emocjonalnie rzeczywisto\u015b\u0107 &#8211; codzienno\u015b\u0107, w kt\u00f3rej ka\u017cdy z nas na sw\u00f3j spos\u00f3b si\u0119 zanurza. Powtarzalne gesty, pozornie zwyk\u0142e miejsca i obrazy mog\u0105 sta\u0107 si\u0119 impulsem, kt\u00f3ry uruchamia wyobra\u017ani\u0119 i prowadzi do powstawania intensywnych, niekiedy surrealistycznych wizji.<\/p>\n<p style=\"text-align: justify;\">Poprzez malarstwo i grafik\u0119 warsztatow\u0105 ukazujemy dwie r\u00f3wnoleg\u0142e perspektywy: t\u0119 realn\u0105, wsp\u00f3ln\u0105 i namacaln\u0105, oraz t\u0119 subiektywn\u0105, tworzon\u0105 przez nasz umys\u0142. Zale\u017cy nam, aby pokaza\u0107, \u017ce \u015bwiat nie jest jednowymiarowy &#8211; \u017ce obok tego, co widoczne, istnieje niesko\u0144czona przestrze\u0144 interpretacji, wra\u017cliwo\u015bci i indywidualnych odczu\u0107.<\/p>\n<p style=\"text-align: justify;\">Chcemy zach\u0119ci\u0107 widza do patrzenia na rzeczywisto\u015b\u0107 z r\u00f3\u017cnych stron, do przekraczania utartych schemat\u00f3w postrzegania i otwierania si\u0119 na w\u0142asne emocje oraz wyobra\u017cenia. Wierzymy, \u017ce to, co codzienne, mo\u017ce sta\u0107 si\u0119 pocz\u0105tkiem czego\u015b niezwyk\u0142ego, je\u015bli tylko pozwolimy sobie spojrze\u0107 inaczej &#8211; przez w\u0142asn\u0105 soczewk\u0119.<\/p>\n<p style=\"text-align: justify;\">Wystawa wsp\u00f3\u0142organizowana z Pa\u0144stwowym Liceum Sztuk Plastycznych w Szczecinie.<\/p>\n<p>Wydarzenie na <a href=\"https:\/\/www.facebook.com\/events\/1349187072971584\/?acontext=%7B%22event_action_history%22%3A[%7B%22extra_data%22%3A%22%22%2C%22mechanism%22%3A%22unknown%22%2C%22surface%22%3A%22home%22%7D%2C%7B%22extra_data%22%3A%22%22%2C%22mechanism%22%3A%22left_rail%22%2C%22surface%22%3A%22bookmark%22%7D%2C%7B%22extra_data%22%3A%22%22%2C%22mechanism%22%3A%22surface%22%2C%22surface%22%3A%22create_dialog%22%7D]%2C%22ref_notif_type%22%3Anull%7D&amp;onload_action=open_invite_flow&amp;show_created_event_toast=true\" target=\"_blank\" rel=\"noopener\"><strong>FB<\/strong><\/a><\/p>\n","protected":false},"excerpt":{"rendered":"<p>14.01.2026 \u015broda g. 17:00 Zdj\u0119cia z wernisa\u017cu 14 stycznia (\u015broda) o godz. 17:00 zapraszamy do Galerii Foyer na otwarcie wystawy &#8211; wst\u0119p wolny. Wystawa czynna do 13 lutego od poniedzia\u0142ku do pi\u0105tku w godz. 8:00-18:00 oraz w trakcie trwania wydarze\u0144 &#8211; wst\u0119p wolny. W dniach 29 i 30 stycznia wystaw\u0119 mo\u017cna zwiedza\u0107 w ramach forum \u201eKultura Wolno\u015bci\u201d, kt\u00f3re odb\u0119dzie si\u0119 w dniach 29-31 stycznia w ca\u0142ym mie\u015bcie. Szczeg\u00f3\u0142y nt. forum b\u0119d\u0105 dost\u0119pne pod linkiem. Julia Troszczy\u0144ska i Julia Bielecka &#8211; jeste\u015bmy uczennicami 5. klasy Pa\u0144stwowego Liceum Sztuk Plastycznych im. C. Brancusiego w Szczecinie. Nasz\u0105 specjalizacj\u0105 jest grafika warsztatowa, kt\u00f3rej nauczycielami [&hellip;]<\/p>\n","protected":false},"author":4,"featured_media":0,"template":"","meta":{"ngg_post_thumbnail":0,"_price":"","_stock":"","_tribe_ticket_header":"","_tribe_default_ticket_provider":"","_ticket_start_date":"","_ticket_end_date":"","_tribe_ticket_show_description":"","_tribe_ticket_show_not_going":false,"_tribe_ticket_use_global_stock":"","_tribe_ticket_global_stock_level":"","_global_stock_mode":"","_global_stock_cap":"","_tribe_rsvp_for_event":"","_tribe_ticket_going_count":"","_tribe_ticket_not_going_count":"","_tribe_tickets_list":"[]","_tribe_ticket_has_attendee_info_fields":false,"_tribe_events_status":"","_tribe_events_status_reason":"","footnotes":"","_tec_slr_enabled":"","_tec_slr_layout":""},"tags":[],"tribe_events_cat":[],"class_list":["post-70839","tribe_events","type-tribe_events","status-publish","hentry"],"ticketed":false,"post_mailing_queue_ids":[],"_links":{"self":[{"href":"https:\/\/13muz.eu\/en\/wp-json\/wp\/v2\/tribe_events\/70839","targetHints":{"allow":["GET"]}}],"collection":[{"href":"https:\/\/13muz.eu\/en\/wp-json\/wp\/v2\/tribe_events"}],"about":[{"href":"https:\/\/13muz.eu\/en\/wp-json\/wp\/v2\/types\/tribe_events"}],"author":[{"embeddable":true,"href":"https:\/\/13muz.eu\/en\/wp-json\/wp\/v2\/users\/4"}],"version-history":[{"count":0,"href":"https:\/\/13muz.eu\/en\/wp-json\/wp\/v2\/tribe_events\/70839\/revisions"}],"wp:attachment":[{"href":"https:\/\/13muz.eu\/en\/wp-json\/wp\/v2\/media?parent=70839"}],"wp:term":[{"taxonomy":"post_tag","embeddable":true,"href":"https:\/\/13muz.eu\/en\/wp-json\/wp\/v2\/tags?post=70839"},{"taxonomy":"tribe_events_cat","embeddable":true,"href":"https:\/\/13muz.eu\/en\/wp-json\/wp\/v2\/tribe_events_cat?post=70839"}],"curies":[{"name":"wp","href":"https:\/\/api.w.org\/{rel}","templated":true}]}}

14.01. / Galeria Foyer &#8211; Julia Troszczyńska i Julia Bielecka &#8211; „Po dwóch stronach soczewki” &#8211; grafika i malarstwo

<p><img loading="lazy" decoding="async" class="alignnone size-large wp-image-70840" src="https://13muz.eu/wp-content/uploads/2025/12/14.01.2026-Galeria-Foyer-Po-dwoch-stronach-soczewki-Julia-Bielecka-akwaforta-akwatinta-1920-1024x748.jpg" alt="" width="1024" height="748" srcset="https://13muz.eu/wp-content/uploads/2025/12/14.01.2026-Galeria-Foyer-Po-dwoch-stronach-soczewki-Julia-Bielecka-akwaforta-akwatinta-1920-1024x748.jpg 1024w, https://13muz.eu/wp-content/uploads/2025/12/14.01.2026-Galeria-Foyer-Po-dwoch-stronach-soczewki-Julia-Bielecka-akwaforta-akwatinta-1920-300x219.jpg 300w, https://13muz.eu/wp-content/uploads/2025/12/14.01.2026-Galeria-Foyer-Po-dwoch-stronach-soczewki-Julia-Bielecka-akwaforta-akwatinta-1920-768x561.jpg 768w, https://13muz.eu/wp-content/uploads/2025/12/14.01.2026-Galeria-Foyer-Po-dwoch-stronach-soczewki-Julia-Bielecka-akwaforta-akwatinta-1920-1536x1122.jpg 1536w, https://13muz.eu/wp-content/uploads/2025/12/14.01.2026-Galeria-Foyer-Po-dwoch-stronach-soczewki-Julia-Bielecka-akwaforta-akwatinta-1920-400x292.jpg 400w, https://13muz.eu/wp-content/uploads/2025/12/14.01.2026-Galeria-Foyer-Po-dwoch-stronach-soczewki-Julia-Bielecka-akwaforta-akwatinta-1920.jpg 1920w" sizes="auto, (max-width: 1024px) 100vw, 1024px" /></p>
<p style="text-align: justify;"><strong>14.01.2026 środa g. 17:00</strong></p>
<p><strong><a href="https://13muz.eu/wernisaze/nggallery/album/galeria-foyer-julia-troszczynska-i-julia-bielecka-po-dwoch-stronach-soczewki-grafika-i-malarstwo" target="_blank" rel="noopener">Zdjęcia z wernisażu</a></strong></p>
<p style="text-align: justify;">14 stycznia (środa) o godz. 17:00 zapraszamy do Galerii Foyer na otwarcie wystawy &#8211; wstęp wolny.</p>
<p style="text-align: justify;">Wystawa czynna do 13 lutego od poniedziałku do piątku w godz. 8:00-18:00 oraz w trakcie trwania wydarzeń &#8211; wstęp wolny. W dniach 29 i 30 stycznia wystawę można zwiedzać w ramach forum „Kultura Wolności”, które odbędzie się w dniach 29-31 stycznia w całym mieście. Szczegóły nt. forum będą dostępne pod <a href="https://kulturawolnosci.org/" target="_blank" rel="noopener">linkiem</a>.</p>
<p style="text-align: justify;">Julia Troszczyńska i Julia Bielecka &#8211; jesteśmy uczennicami 5. klasy Państwowego Liceum Sztuk Plastycznych im. C. Brancusiego w Szczecinie. Naszą specjalizacją jest grafika warsztatowa, której nauczycielami prowadzącymi są: Wojciech Koniuszek i Remigiusz Kostera.</p>
<p style="text-align: justify;">Tytuł naszej wystawy „Po dwóch stronach soczewki” odnosi się do dualizmu między światem zewnętrznym a wewnętrznym. Punktem wyjścia stała się dla nas szara, ale jednocześnie silnie oddziałująca emocjonalnie rzeczywistość &#8211; codzienność, w której każdy z nas na swój sposób się zanurza. Powtarzalne gesty, pozornie zwykłe miejsca i obrazy mogą stać się impulsem, który uruchamia wyobraźnię i prowadzi do powstawania intensywnych, niekiedy surrealistycznych wizji.</p>
<p style="text-align: justify;">Poprzez malarstwo i grafikę warsztatową ukazujemy dwie równoległe perspektywy: tę realną, wspólną i namacalną, oraz tę subiektywną, tworzoną przez nasz umysł. Zależy nam, aby pokazać, że świat nie jest jednowymiarowy &#8211; że obok tego, co widoczne, istnieje nieskończona przestrzeń interpretacji, wrażliwości i indywidualnych odczuć.</p>
<p style="text-align: justify;">Chcemy zachęcić widza do patrzenia na rzeczywistość z różnych stron, do przekraczania utartych schematów postrzegania i otwierania się na własne emocje oraz wyobrażenia. Wierzymy, że to, co codzienne, może stać się początkiem czegoś niezwykłego, jeśli tylko pozwolimy sobie spojrzeć inaczej &#8211; przez własną soczewkę.</p>
<p style="text-align: justify;">Wystawa współorganizowana z Państwowym Liceum Sztuk Plastycznych w Szczecinie.</p>
<p>Wydarzenie na <a href="https://www.facebook.com/events/1349187072971584/?acontext=%7B%22event_action_history%22%3A[%7B%22extra_data%22%3A%22%22%2C%22mechanism%22%3A%22unknown%22%2C%22surface%22%3A%22home%22%7D%2C%7B%22extra_data%22%3A%22%22%2C%22mechanism%22%3A%22left_rail%22%2C%22surface%22%3A%22bookmark%22%7D%2C%7B%22extra_data%22%3A%22%22%2C%22mechanism%22%3A%22surface%22%2C%22surface%22%3A%22create_dialog%22%7D]%2C%22ref_notif_type%22%3Anull%7D&amp;onload_action=open_invite_flow&amp;show_created_event_toast=true" target="_blank" rel="noopener"><strong>FB</strong></a></p>

<p>14.01.2026 środa g. 17:00 Zdjęcia z wernisażu 14 stycznia (środa) o godz. 17:00 zapraszamy do Galerii Foyer na otwarcie wystawy &#8211; wstęp wolny. Wystawa czynna do 13 lutego od poniedziałku do piątku w godz. 8:00-18:00 oraz w trakcie trwania wydarzeń &#8211; wstęp wolny. W dniach 29 i 30 stycznia wystawę można zwiedzać w ramach forum „Kultura Wolności”, które odbędzie się w dniach 29-31 stycznia w całym mieście. Szczegóły nt. forum będą dostępne pod linkiem. Julia Troszczyńska i Julia Bielecka &#8211; jesteśmy uczennicami 5. klasy Państwowego Liceum Sztuk Plastycznych im. C. Brancusiego w Szczecinie. Naszą specjalizacją jest grafika warsztatowa, której nauczycielami [&hellip;]</p>
