{"id":70833,"date":"2025-12-02T10:50:28","date_gmt":"2025-12-02T09:50:28","guid":{"rendered":"https:\/\/13muz.eu\/?post_type=tribe_events&#038;p=70833"},"modified":"2025-12-04T11:52:39","modified_gmt":"2025-12-04T10:52:39","slug":"12-01-inspektor-jass-na-tropie-czyli-jazz-z-historia-w-tle-winter-circles","status":"publish","type":"tribe_events","link":"https:\/\/13muz.eu\/en\/event\/12-01-inspektor-jass-na-tropie-czyli-jazz-z-historia-w-tle-winter-circles\/","title":{"rendered":"12.01. \/ Inspektor Jass na tropie, czyli jazz z histori\u0105 w tle: Winter Circles"},"content":{"rendered":"<p><img loading=\"lazy\" decoding=\"async\" class=\"alignnone size-large wp-image-70834\" src=\"https:\/\/13muz.eu\/wp-content\/uploads\/2025\/12\/12.01.2026-Inspektor-Jass-Winter-Circles-1920-1024x747.jpg\" alt=\"\" width=\"1024\" height=\"747\" srcset=\"https:\/\/13muz.eu\/wp-content\/uploads\/2025\/12\/12.01.2026-Inspektor-Jass-Winter-Circles-1920-1024x747.jpg 1024w, https:\/\/13muz.eu\/wp-content\/uploads\/2025\/12\/12.01.2026-Inspektor-Jass-Winter-Circles-1920-300x219.jpg 300w, https:\/\/13muz.eu\/wp-content\/uploads\/2025\/12\/12.01.2026-Inspektor-Jass-Winter-Circles-1920-768x560.jpg 768w, https:\/\/13muz.eu\/wp-content\/uploads\/2025\/12\/12.01.2026-Inspektor-Jass-Winter-Circles-1920-1536x1120.jpg 1536w, https:\/\/13muz.eu\/wp-content\/uploads\/2025\/12\/12.01.2026-Inspektor-Jass-Winter-Circles-1920-400x292.jpg 400w, https:\/\/13muz.eu\/wp-content\/uploads\/2025\/12\/12.01.2026-Inspektor-Jass-Winter-Circles-1920.jpg 1920w\" sizes=\"auto, (max-width: 1024px) 100vw, 1024px\" \/><\/p>\n<p style=\"text-align: justify;\"><strong>12.01.2026 poniedzia\u0142ek g. 19:00<\/strong><\/p>\n<p style=\"text-align: justify;\">Zim\u0105, kiedy mr\u00f3z trzaska za oknami, zw\u0142aszcza w okresie \u015bwi\u0105tecznym, ale te\u017c po \u015bwi\u0119tach, spotykamy si\u0119 w gronie najbli\u017cszych &#8211; rodziny, przyjaci\u00f3\u0142 i znajomych &#8211; a spotkaniom tym najcz\u0119\u015bciej towarzysz\u0105 ulubione potrawy i\u2026 oczywi\u015bcie muzyka. Po\u015br\u00f3d licznych i popularnych utwor\u00f3w \u015bwi\u0105tecznych znajduj\u0105 si\u0119 nie tylko kol\u0119dy i pastora\u0142ki z tradycji polskiej czy te\u017c anglosaskiej &#8211; te blisko powi\u0105zane z jazzem &#8211; ale te\u017c kompozycje cz\u0119sto nie kojarzone bezpo\u015brednio z okresem \u015bwi\u0105tecznym, po kt\u00f3re jednak z jakiego\u015b powodu bardzo ch\u0119tnie si\u0119gamy w tym okresie, cho\u0107by dlatego, \u017ce przywo\u0142uj\u0105 w nas mi\u0142e, ciep\u0142e wspomnienia. Ka\u017cdego roku powstaj\u0105 te\u017c nowe \u015bwi\u0105teczne przeboje, cho\u0107 do niekt\u00f3rych wracamy w tym okresie od wielu, wielu ju\u017c lat\u2026<\/p>\n<p style=\"text-align: justify;\">Chcieliby\u015bmy zaprosi\u0107 Pa\u0144stwa na wyj\u0105tkowy wiecz\u00f3r, podczas kt\u00f3rego us\u0142yszymy utwory \u015bwi\u0105teczne, i nie tylko, przygotowane specjalnie na ten koncert przez Joann\u0119 Gajd\u0119 (piano), Karolin\u0119 \u015amietan\u0119 (wokal) oraz<\/p>\n<p style=\"text-align: justify;\">Amali\u0119 Umed\u0119 Obr\u0119bowsk\u0105 (skrzypce).<\/p>\n<p style=\"text-align: justify;\">Wyj\u0105tkowy b\u0119dzie r\u00f3wnie\u017c odbi\u00f3r koncertu, poniewa\u017c tym razem odb\u0119dzie si\u0119 on w troch\u0119 inny spos\u00f3b, ale o tym sza!<\/p>\n<p style=\"text-align: justify;\">Miejsce: Sala Kominkowa<\/p>\n<p style=\"text-align: justify;\">Bilety: normalny 25 z\u0142 \/ ulgowy 15 z\u0142 (uczniowie, studenci, seniorzy) \/ <a href=\"https:\/\/kicket.com\/wydarzenia\/inspektor-jass-na-tropie--29094?locationId=0191b862-9686-7ac2-8df6-922aa78b8b90&amp;eventId=327444\" target=\"_blank\" rel=\"noopener\">www.biletomat.pl<\/a><\/p>\n<p style=\"text-align: justify;\"><strong>Nie ma mo\u017cliwo\u015bci zakupu biletu na miejscu przed wydarzeniem.<\/strong><\/p>\n<p>Wydarzenie na <a href=\"https:\/\/www.facebook.com\/events\/1184359186409667\/?acontext=%7B%22event_action_history%22%3A[%7B%22extra_data%22%3A%22%22%2C%22mechanism%22%3A%22unknown%22%2C%22surface%22%3A%22home%22%7D%2C%7B%22extra_data%22%3A%22%22%2C%22mechanism%22%3A%22left_rail%22%2C%22surface%22%3A%22bookmark%22%7D%2C%7B%22extra_data%22%3A%22%22%2C%22mechanism%22%3A%22surface%22%2C%22surface%22%3A%22create_dialog%22%7D]%2C%22ref_notif_type%22%3Anull%7D&amp;onload_action=open_invite_flow&amp;show_created_event_toast=true\" target=\"_blank\" rel=\"noopener\"><strong>FB<\/strong><\/a><\/p>\n","protected":false},"excerpt":{"rendered":"<p>12.01.2026 poniedzia\u0142ek g. 19:00 Zim\u0105, kiedy mr\u00f3z trzaska za oknami, zw\u0142aszcza w okresie \u015bwi\u0105tecznym, ale te\u017c po \u015bwi\u0119tach, spotykamy si\u0119 w gronie najbli\u017cszych &#8211; rodziny, przyjaci\u00f3\u0142 i znajomych &#8211; a spotkaniom tym najcz\u0119\u015bciej towarzysz\u0105 ulubione potrawy i\u2026 oczywi\u015bcie muzyka. Po\u015br\u00f3d licznych i popularnych utwor\u00f3w \u015bwi\u0105tecznych znajduj\u0105 si\u0119 nie tylko kol\u0119dy i pastora\u0142ki z tradycji polskiej czy te\u017c anglosaskiej &#8211; te blisko powi\u0105zane z jazzem &#8211; ale te\u017c kompozycje cz\u0119sto nie kojarzone bezpo\u015brednio z okresem \u015bwi\u0105tecznym, po kt\u00f3re jednak z jakiego\u015b powodu bardzo ch\u0119tnie si\u0119gamy w tym okresie, cho\u0107by dlatego, \u017ce przywo\u0142uj\u0105 w nas mi\u0142e, ciep\u0142e wspomnienia. Ka\u017cdego roku powstaj\u0105 te\u017c [&hellip;]<\/p>\n","protected":false},"author":4,"featured_media":0,"template":"","meta":{"ngg_post_thumbnail":0,"_price":"","_stock":"","_tribe_ticket_header":"","_tribe_default_ticket_provider":"","_ticket_start_date":"","_ticket_end_date":"","_tribe_ticket_show_description":"","_tribe_ticket_show_not_going":false,"_tribe_ticket_use_global_stock":"","_tribe_ticket_global_stock_level":"","_global_stock_mode":"","_global_stock_cap":"","_tribe_rsvp_for_event":"","_tribe_ticket_going_count":"","_tribe_ticket_not_going_count":"","_tribe_tickets_list":"[]","_tribe_ticket_has_attendee_info_fields":false,"_tribe_events_status":"","_tribe_events_status_reason":"","footnotes":"","_tec_slr_enabled":"","_tec_slr_layout":""},"tags":[],"tribe_events_cat":[],"class_list":["post-70833","tribe_events","type-tribe_events","status-publish","hentry"],"ticketed":false,"post_mailing_queue_ids":[],"_links":{"self":[{"href":"https:\/\/13muz.eu\/en\/wp-json\/wp\/v2\/tribe_events\/70833","targetHints":{"allow":["GET"]}}],"collection":[{"href":"https:\/\/13muz.eu\/en\/wp-json\/wp\/v2\/tribe_events"}],"about":[{"href":"https:\/\/13muz.eu\/en\/wp-json\/wp\/v2\/types\/tribe_events"}],"author":[{"embeddable":true,"href":"https:\/\/13muz.eu\/en\/wp-json\/wp\/v2\/users\/4"}],"version-history":[{"count":0,"href":"https:\/\/13muz.eu\/en\/wp-json\/wp\/v2\/tribe_events\/70833\/revisions"}],"wp:attachment":[{"href":"https:\/\/13muz.eu\/en\/wp-json\/wp\/v2\/media?parent=70833"}],"wp:term":[{"taxonomy":"post_tag","embeddable":true,"href":"https:\/\/13muz.eu\/en\/wp-json\/wp\/v2\/tags?post=70833"},{"taxonomy":"tribe_events_cat","embeddable":true,"href":"https:\/\/13muz.eu\/en\/wp-json\/wp\/v2\/tribe_events_cat?post=70833"}],"curies":[{"name":"wp","href":"https:\/\/api.w.org\/{rel}","templated":true}]}}

12.01. / Inspektor Jass na tropie, czyli jazz z historią w tle: Winter Circles

<p><img loading="lazy" decoding="async" class="alignnone size-large wp-image-70834" src="https://13muz.eu/wp-content/uploads/2025/12/12.01.2026-Inspektor-Jass-Winter-Circles-1920-1024x747.jpg" alt="" width="1024" height="747" srcset="https://13muz.eu/wp-content/uploads/2025/12/12.01.2026-Inspektor-Jass-Winter-Circles-1920-1024x747.jpg 1024w, https://13muz.eu/wp-content/uploads/2025/12/12.01.2026-Inspektor-Jass-Winter-Circles-1920-300x219.jpg 300w, https://13muz.eu/wp-content/uploads/2025/12/12.01.2026-Inspektor-Jass-Winter-Circles-1920-768x560.jpg 768w, https://13muz.eu/wp-content/uploads/2025/12/12.01.2026-Inspektor-Jass-Winter-Circles-1920-1536x1120.jpg 1536w, https://13muz.eu/wp-content/uploads/2025/12/12.01.2026-Inspektor-Jass-Winter-Circles-1920-400x292.jpg 400w, https://13muz.eu/wp-content/uploads/2025/12/12.01.2026-Inspektor-Jass-Winter-Circles-1920.jpg 1920w" sizes="auto, (max-width: 1024px) 100vw, 1024px" /></p>
<p style="text-align: justify;"><strong>12.01.2026 poniedziałek g. 19:00</strong></p>
<p style="text-align: justify;">Zimą, kiedy mróz trzaska za oknami, zwłaszcza w okresie świątecznym, ale też po świętach, spotykamy się w gronie najbliższych &#8211; rodziny, przyjaciół i znajomych &#8211; a spotkaniom tym najczęściej towarzyszą ulubione potrawy i… oczywiście muzyka. Pośród licznych i popularnych utworów świątecznych znajdują się nie tylko kolędy i pastorałki z tradycji polskiej czy też anglosaskiej &#8211; te blisko powiązane z jazzem &#8211; ale też kompozycje często nie kojarzone bezpośrednio z okresem świątecznym, po które jednak z jakiegoś powodu bardzo chętnie sięgamy w tym okresie, choćby dlatego, że przywołują w nas miłe, ciepłe wspomnienia. Każdego roku powstają też nowe świąteczne przeboje, choć do niektórych wracamy w tym okresie od wielu, wielu już lat…</p>
<p style="text-align: justify;">Chcielibyśmy zaprosić Państwa na wyjątkowy wieczór, podczas którego usłyszymy utwory świąteczne, i nie tylko, przygotowane specjalnie na ten koncert przez Joannę Gajdę (piano), Karolinę Śmietanę (wokal) oraz</p>
<p style="text-align: justify;">Amalię Umedę Obrębowską (skrzypce).</p>
<p style="text-align: justify;">Wyjątkowy będzie również odbiór koncertu, ponieważ tym razem odbędzie się on w trochę inny sposób, ale o tym sza!</p>
<p style="text-align: justify;">Miejsce: Sala Kominkowa</p>
<p style="text-align: justify;">Bilety: normalny 25 zł / ulgowy 15 zł (uczniowie, studenci, seniorzy) / <a href="https://kicket.com/wydarzenia/inspektor-jass-na-tropie--29094?locationId=0191b862-9686-7ac2-8df6-922aa78b8b90&amp;eventId=327444" target="_blank" rel="noopener">www.biletomat.pl</a></p>
<p style="text-align: justify;"><strong>Nie ma możliwości zakupu biletu na miejscu przed wydarzeniem.</strong></p>
<p>Wydarzenie na <a href="https://www.facebook.com/events/1184359186409667/?acontext=%7B%22event_action_history%22%3A[%7B%22extra_data%22%3A%22%22%2C%22mechanism%22%3A%22unknown%22%2C%22surface%22%3A%22home%22%7D%2C%7B%22extra_data%22%3A%22%22%2C%22mechanism%22%3A%22left_rail%22%2C%22surface%22%3A%22bookmark%22%7D%2C%7B%22extra_data%22%3A%22%22%2C%22mechanism%22%3A%22surface%22%2C%22surface%22%3A%22create_dialog%22%7D]%2C%22ref_notif_type%22%3Anull%7D&amp;onload_action=open_invite_flow&amp;show_created_event_toast=true" target="_blank" rel="noopener"><strong>FB</strong></a></p>

<p>12.01.2026 poniedziałek g. 19:00 Zimą, kiedy mróz trzaska za oknami, zwłaszcza w okresie świątecznym, ale też po świętach, spotykamy się w gronie najbliższych &#8211; rodziny, przyjaciół i znajomych &#8211; a spotkaniom tym najczęściej towarzyszą ulubione potrawy i… oczywiście muzyka. Pośród licznych i popularnych utworów świątecznych znajdują się nie tylko kolędy i pastorałki z tradycji polskiej czy też anglosaskiej &#8211; te blisko powiązane z jazzem &#8211; ale też kompozycje często nie kojarzone bezpośrednio z okresem świątecznym, po które jednak z jakiegoś powodu bardzo chętnie sięgamy w tym okresie, choćby dlatego, że przywołują w nas miłe, ciepłe wspomnienia. Każdego roku powstają też [&hellip;]</p>
