{"id":70310,"date":"2025-11-05T12:35:25","date_gmt":"2025-11-05T11:35:25","guid":{"rendered":"https:\/\/13muz.eu\/?post_type=tribe_events&#038;p=70310"},"modified":"2025-11-19T11:59:01","modified_gmt":"2025-11-19T10:59:01","slug":"17-12-koncert-swiateczny-uczniow-pomorskiego-towarzystwa-oswiatowo-kulturalnego","status":"publish","type":"tribe_events","link":"https:\/\/13muz.eu\/en\/event\/17-12-koncert-swiateczny-uczniow-pomorskiego-towarzystwa-oswiatowo-kulturalnego\/","title":{"rendered":"17.12. \/ Koncert \u015awi\u0105teczny Uczni\u00f3w Pomorskiego Towarzystwa O\u015bwiatowo-Kulturalnego"},"content":{"rendered":"<p><img loading=\"lazy\" decoding=\"async\" class=\"alignnone size-large wp-image-70593\" src=\"https:\/\/13muz.eu\/wp-content\/uploads\/2025\/11\/17.12.2025-Koncert-Swiateczny-PTOK-1920-1024x576.jpg\" alt=\"\" width=\"1024\" height=\"576\" srcset=\"https:\/\/13muz.eu\/wp-content\/uploads\/2025\/11\/17.12.2025-Koncert-Swiateczny-PTOK-1920-1024x576.jpg 1024w, https:\/\/13muz.eu\/wp-content\/uploads\/2025\/11\/17.12.2025-Koncert-Swiateczny-PTOK-1920-300x169.jpg 300w, https:\/\/13muz.eu\/wp-content\/uploads\/2025\/11\/17.12.2025-Koncert-Swiateczny-PTOK-1920-768x432.jpg 768w, https:\/\/13muz.eu\/wp-content\/uploads\/2025\/11\/17.12.2025-Koncert-Swiateczny-PTOK-1920-1536x864.jpg 1536w, https:\/\/13muz.eu\/wp-content\/uploads\/2025\/11\/17.12.2025-Koncert-Swiateczny-PTOK-1920-400x225.jpg 400w, https:\/\/13muz.eu\/wp-content\/uploads\/2025\/11\/17.12.2025-Koncert-Swiateczny-PTOK-1920.jpg 1920w\" sizes=\"auto, (max-width: 1024px) 100vw, 1024px\" \/><\/p>\n<p style=\"text-align: justify;\"><strong>17.12.2025 \u015broda g. 18:00<\/strong><\/p>\n<p style=\"text-align: justify;\">Podczas koncertu b\u0119dzie mo\u017cna us\u0142ysze\u0107 kol\u0119dy, pastora\u0142ki oraz piosenki bo\u017conarodzeniowe w wykonaniu uczni\u00f3w Pomorskiego Towarzystwa O\u015bwiatowo-Kulturalnego.<\/p>\n<p style=\"text-align: justify;\">Zaprezentuj\u0105 si\u0119 uczniowie klasy gitary, \u015bpiewu, fortepianu, skrzypiec i ukulele.<\/p>\n<p style=\"text-align: justify;\">Czas trwania wydarzenia: 60 min<\/p>\n<p style=\"text-align: justify;\">Organizatorem wydarzenia jest Pomorskie Towarzystwo O\u015bwiatowo-Kulturalne.<\/p>\n<p style=\"text-align: justify;\">Miejsce: Sala Kominkowa<\/p>\n<p style=\"text-align: justify;\">Wst\u0119p wolny<\/p>\n<p>Wydarzenie na <a href=\"https:\/\/www.facebook.com\/events\/1097930202414447\/?acontext=%7B%22event_action_history%22%3A[%7B%22extra_data%22%3A%22%22%2C%22mechanism%22%3A%22left_rail%22%2C%22surface%22%3A%22bookmark%22%7D%2C%7B%22extra_data%22%3A%22%22%2C%22mechanism%22%3A%22surface%22%2C%22surface%22%3A%22create_dialog%22%7D]%2C%22ref_notif_type%22%3Anull%7D&amp;onload_action=open_invite_flow&amp;show_created_event_toast=true\" target=\"_blank\" rel=\"noopener\"><strong>FB<\/strong><\/a><\/p>\n","protected":false},"excerpt":{"rendered":"<p>17.12.2025 \u015broda g. 18:00 Podczas koncertu b\u0119dzie mo\u017cna us\u0142ysze\u0107 kol\u0119dy, pastora\u0142ki oraz piosenki bo\u017conarodzeniowe w wykonaniu uczni\u00f3w Pomorskiego Towarzystwa O\u015bwiatowo-Kulturalnego. Zaprezentuj\u0105 si\u0119 uczniowie klasy gitary, \u015bpiewu, fortepianu, skrzypiec i ukulele. Czas trwania wydarzenia: 60 min Organizatorem wydarzenia jest Pomorskie Towarzystwo O\u015bwiatowo-Kulturalne. Miejsce: Sala Kominkowa Wst\u0119p wolny Wydarzenie na FB<\/p>\n","protected":false},"author":4,"featured_media":0,"template":"","meta":{"ngg_post_thumbnail":0,"_price":"","_stock":"","_tribe_ticket_header":"","_tribe_default_ticket_provider":"","_ticket_start_date":"","_ticket_end_date":"","_tribe_ticket_show_description":"","_tribe_ticket_show_not_going":false,"_tribe_ticket_use_global_stock":"","_tribe_ticket_global_stock_level":"","_global_stock_mode":"","_global_stock_cap":"","_tribe_rsvp_for_event":"","_tribe_ticket_going_count":"","_tribe_ticket_not_going_count":"","_tribe_tickets_list":"[]","_tribe_ticket_has_attendee_info_fields":false,"_tribe_events_status":"","_tribe_events_status_reason":"","footnotes":"","_tec_slr_enabled":"","_tec_slr_layout":""},"tags":[],"tribe_events_cat":[],"class_list":["post-70310","tribe_events","type-tribe_events","status-publish","hentry"],"ticketed":false,"post_mailing_queue_ids":[],"_links":{"self":[{"href":"https:\/\/13muz.eu\/en\/wp-json\/wp\/v2\/tribe_events\/70310","targetHints":{"allow":["GET"]}}],"collection":[{"href":"https:\/\/13muz.eu\/en\/wp-json\/wp\/v2\/tribe_events"}],"about":[{"href":"https:\/\/13muz.eu\/en\/wp-json\/wp\/v2\/types\/tribe_events"}],"author":[{"embeddable":true,"href":"https:\/\/13muz.eu\/en\/wp-json\/wp\/v2\/users\/4"}],"version-history":[{"count":0,"href":"https:\/\/13muz.eu\/en\/wp-json\/wp\/v2\/tribe_events\/70310\/revisions"}],"wp:attachment":[{"href":"https:\/\/13muz.eu\/en\/wp-json\/wp\/v2\/media?parent=70310"}],"wp:term":[{"taxonomy":"post_tag","embeddable":true,"href":"https:\/\/13muz.eu\/en\/wp-json\/wp\/v2\/tags?post=70310"},{"taxonomy":"tribe_events_cat","embeddable":true,"href":"https:\/\/13muz.eu\/en\/wp-json\/wp\/v2\/tribe_events_cat?post=70310"}],"curies":[{"name":"wp","href":"https:\/\/api.w.org\/{rel}","templated":true}]}}

17.12. / Koncert Świąteczny Uczniów Pomorskiego Towarzystwa Oświatowo-Kulturalnego

<p><img loading="lazy" decoding="async" class="alignnone size-large wp-image-70593" src="https://13muz.eu/wp-content/uploads/2025/11/17.12.2025-Koncert-Swiateczny-PTOK-1920-1024x576.jpg" alt="" width="1024" height="576" srcset="https://13muz.eu/wp-content/uploads/2025/11/17.12.2025-Koncert-Swiateczny-PTOK-1920-1024x576.jpg 1024w, https://13muz.eu/wp-content/uploads/2025/11/17.12.2025-Koncert-Swiateczny-PTOK-1920-300x169.jpg 300w, https://13muz.eu/wp-content/uploads/2025/11/17.12.2025-Koncert-Swiateczny-PTOK-1920-768x432.jpg 768w, https://13muz.eu/wp-content/uploads/2025/11/17.12.2025-Koncert-Swiateczny-PTOK-1920-1536x864.jpg 1536w, https://13muz.eu/wp-content/uploads/2025/11/17.12.2025-Koncert-Swiateczny-PTOK-1920-400x225.jpg 400w, https://13muz.eu/wp-content/uploads/2025/11/17.12.2025-Koncert-Swiateczny-PTOK-1920.jpg 1920w" sizes="auto, (max-width: 1024px) 100vw, 1024px" /></p>
<p style="text-align: justify;"><strong>17.12.2025 środa g. 18:00</strong></p>
<p style="text-align: justify;">Podczas koncertu będzie można usłyszeć kolędy, pastorałki oraz piosenki bożonarodzeniowe w wykonaniu uczniów Pomorskiego Towarzystwa Oświatowo-Kulturalnego.</p>
<p style="text-align: justify;">Zaprezentują się uczniowie klasy gitary, śpiewu, fortepianu, skrzypiec i ukulele.</p>
<p style="text-align: justify;">Czas trwania wydarzenia: 60 min</p>
<p style="text-align: justify;">Organizatorem wydarzenia jest Pomorskie Towarzystwo Oświatowo-Kulturalne.</p>
<p style="text-align: justify;">Miejsce: Sala Kominkowa</p>
<p style="text-align: justify;">Wstęp wolny</p>
<p>Wydarzenie na <a href="https://www.facebook.com/events/1097930202414447/?acontext=%7B%22event_action_history%22%3A[%7B%22extra_data%22%3A%22%22%2C%22mechanism%22%3A%22left_rail%22%2C%22surface%22%3A%22bookmark%22%7D%2C%7B%22extra_data%22%3A%22%22%2C%22mechanism%22%3A%22surface%22%2C%22surface%22%3A%22create_dialog%22%7D]%2C%22ref_notif_type%22%3Anull%7D&amp;onload_action=open_invite_flow&amp;show_created_event_toast=true" target="_blank" rel="noopener"><strong>FB</strong></a></p>

<p>17.12.2025 środa g. 18:00 Podczas koncertu będzie można usłyszeć kolędy, pastorałki oraz piosenki bożonarodzeniowe w wykonaniu uczniów Pomorskiego Towarzystwa Oświatowo-Kulturalnego. Zaprezentują się uczniowie klasy gitary, śpiewu, fortepianu, skrzypiec i ukulele. Czas trwania wydarzenia: 60 min Organizatorem wydarzenia jest Pomorskie Towarzystwo Oświatowo-Kulturalne. Miejsce: Sala Kominkowa Wstęp wolny Wydarzenie na FB</p>
