{"id":70157,"date":"2025-11-04T17:19:24","date_gmt":"2025-11-04T16:19:24","guid":{"rendered":"https:\/\/13muz.eu\/?post_type=tribe_events&#038;p=70157"},"modified":"2025-11-07T13:29:08","modified_gmt":"2025-11-07T12:29:08","slug":"14-12-koncert-z-cyklu-harmonie","status":"publish","type":"tribe_events","link":"https:\/\/13muz.eu\/en\/event\/14-12-koncert-z-cyklu-harmonie\/","title":{"rendered":"14.12. \/ Koncert z cyklu \u201eHarmonie\u201d"},"content":{"rendered":"<p><img loading=\"lazy\" decoding=\"async\" class=\"alignnone size-large wp-image-70159\" src=\"https:\/\/13muz.eu\/wp-content\/uploads\/2025\/11\/14.12.2025-Koncert-z-cyklu-Harmonie-1920-1024x683.jpg\" alt=\"\" width=\"1024\" height=\"683\" srcset=\"https:\/\/13muz.eu\/wp-content\/uploads\/2025\/11\/14.12.2025-Koncert-z-cyklu-Harmonie-1920-1024x683.jpg 1024w, https:\/\/13muz.eu\/wp-content\/uploads\/2025\/11\/14.12.2025-Koncert-z-cyklu-Harmonie-1920-300x200.jpg 300w, https:\/\/13muz.eu\/wp-content\/uploads\/2025\/11\/14.12.2025-Koncert-z-cyklu-Harmonie-1920-768x512.jpg 768w, https:\/\/13muz.eu\/wp-content\/uploads\/2025\/11\/14.12.2025-Koncert-z-cyklu-Harmonie-1920-1536x1024.jpg 1536w, https:\/\/13muz.eu\/wp-content\/uploads\/2025\/11\/14.12.2025-Koncert-z-cyklu-Harmonie-1920-150x100.jpg 150w, https:\/\/13muz.eu\/wp-content\/uploads\/2025\/11\/14.12.2025-Koncert-z-cyklu-Harmonie-1920-400x267.jpg 400w, https:\/\/13muz.eu\/wp-content\/uploads\/2025\/11\/14.12.2025-Koncert-z-cyklu-Harmonie-1920.jpg 1920w\" sizes=\"auto, (max-width: 1024px) 100vw, 1024px\" \/><\/p>\n<p style=\"text-align: justify;\"><strong>14.12.2025 niedziela g. 17:00<\/strong><\/p>\n<p style=\"text-align: justify;\">Zapraszamy na kolejny koncert z cyklu Harmonie, podczas kt\u00f3rego zaprezentuj\u0105 si\u0119 uczniowie oraz absolwenci Zespo\u0142u Pa\u0144stwowych Szk\u00f3\u0142 Muzycznych im. Feliksa Nowowiejskiego w Szczecinie: soli\u015bci, duety oraz wi\u0119ksze zespo\u0142y kameralne.<\/p>\n<p style=\"text-align: justify;\">W programie muzyka kompozytor\u00f3w r\u00f3\u017cnych epok, od baroku do wsp\u00f3\u0142czesno\u015bci.<\/p>\n<p style=\"text-align: justify;\">Organizator: Stowarzyszenie Polskich Artyst\u00f3w Muzyk\u00f3w<\/p>\n<p style=\"text-align: justify;\">Partner: Dom Kultury \u201e13 Muz\u201d<\/p>\n<p style=\"text-align: justify;\">Koordynator koncertu: Ludwika Mitkiewicz<\/p>\n<p style=\"text-align: justify;\">Miejsce: Sala Kominkowa<\/p>\n<p style=\"text-align: justify;\">Wst\u0119p wolny<\/p>\n<p>Wydarzenie na <a href=\"https:\/\/www.facebook.com\/events\/1399755211861730\/?acontext=%7B%22event_action_history%22%3A[%7B%22extra_data%22%3A%22%22%2C%22mechanism%22%3A%22left_rail%22%2C%22surface%22%3A%22bookmark%22%7D%2C%7B%22extra_data%22%3A%22%22%2C%22mechanism%22%3A%22surface%22%2C%22surface%22%3A%22create_dialog%22%7D]%2C%22ref_notif_type%22%3Anull%7D&amp;onload_action=open_invite_flow&amp;show_created_event_toast=true\" target=\"_blank\" rel=\"noopener\"><strong>FB<\/strong><\/a><\/p>\n","protected":false},"excerpt":{"rendered":"<p>14.12.2025 niedziela g. 17:00 Zapraszamy na kolejny koncert z cyklu Harmonie, podczas kt\u00f3rego zaprezentuj\u0105 si\u0119 uczniowie oraz absolwenci Zespo\u0142u Pa\u0144stwowych Szk\u00f3\u0142 Muzycznych im. Feliksa Nowowiejskiego w Szczecinie: soli\u015bci, duety oraz wi\u0119ksze zespo\u0142y kameralne. W programie muzyka kompozytor\u00f3w r\u00f3\u017cnych epok, od baroku do wsp\u00f3\u0142czesno\u015bci. Organizator: Stowarzyszenie Polskich Artyst\u00f3w Muzyk\u00f3w Partner: Dom Kultury \u201e13 Muz\u201d Koordynator koncertu: Ludwika Mitkiewicz Miejsce: Sala Kominkowa Wst\u0119p wolny Wydarzenie na FB<\/p>\n","protected":false},"author":4,"featured_media":0,"template":"","meta":{"ngg_post_thumbnail":0,"_price":"","_stock":"","_tribe_ticket_header":"","_tribe_default_ticket_provider":"","_ticket_start_date":"","_ticket_end_date":"","_tribe_ticket_show_description":"","_tribe_ticket_show_not_going":false,"_tribe_ticket_use_global_stock":"","_tribe_ticket_global_stock_level":"","_global_stock_mode":"","_global_stock_cap":"","_tribe_rsvp_for_event":"","_tribe_ticket_going_count":"","_tribe_ticket_not_going_count":"","_tribe_tickets_list":"[]","_tribe_ticket_has_attendee_info_fields":false,"_tribe_events_status":"","_tribe_events_status_reason":"","footnotes":"","_tec_slr_enabled":"","_tec_slr_layout":""},"tags":[],"tribe_events_cat":[],"class_list":["post-70157","tribe_events","type-tribe_events","status-publish","hentry"],"ticketed":false,"post_mailing_queue_ids":[],"_links":{"self":[{"href":"https:\/\/13muz.eu\/en\/wp-json\/wp\/v2\/tribe_events\/70157","targetHints":{"allow":["GET"]}}],"collection":[{"href":"https:\/\/13muz.eu\/en\/wp-json\/wp\/v2\/tribe_events"}],"about":[{"href":"https:\/\/13muz.eu\/en\/wp-json\/wp\/v2\/types\/tribe_events"}],"author":[{"embeddable":true,"href":"https:\/\/13muz.eu\/en\/wp-json\/wp\/v2\/users\/4"}],"version-history":[{"count":0,"href":"https:\/\/13muz.eu\/en\/wp-json\/wp\/v2\/tribe_events\/70157\/revisions"}],"wp:attachment":[{"href":"https:\/\/13muz.eu\/en\/wp-json\/wp\/v2\/media?parent=70157"}],"wp:term":[{"taxonomy":"post_tag","embeddable":true,"href":"https:\/\/13muz.eu\/en\/wp-json\/wp\/v2\/tags?post=70157"},{"taxonomy":"tribe_events_cat","embeddable":true,"href":"https:\/\/13muz.eu\/en\/wp-json\/wp\/v2\/tribe_events_cat?post=70157"}],"curies":[{"name":"wp","href":"https:\/\/api.w.org\/{rel}","templated":true}]}}

<p><img loading="lazy" decoding="async" class="alignnone size-large wp-image-70159" src="https://13muz.eu/wp-content/uploads/2025/11/14.12.2025-Koncert-z-cyklu-Harmonie-1920-1024x683.jpg" alt="" width="1024" height="683" srcset="https://13muz.eu/wp-content/uploads/2025/11/14.12.2025-Koncert-z-cyklu-Harmonie-1920-1024x683.jpg 1024w, https://13muz.eu/wp-content/uploads/2025/11/14.12.2025-Koncert-z-cyklu-Harmonie-1920-300x200.jpg 300w, https://13muz.eu/wp-content/uploads/2025/11/14.12.2025-Koncert-z-cyklu-Harmonie-1920-768x512.jpg 768w, https://13muz.eu/wp-content/uploads/2025/11/14.12.2025-Koncert-z-cyklu-Harmonie-1920-1536x1024.jpg 1536w, https://13muz.eu/wp-content/uploads/2025/11/14.12.2025-Koncert-z-cyklu-Harmonie-1920-150x100.jpg 150w, https://13muz.eu/wp-content/uploads/2025/11/14.12.2025-Koncert-z-cyklu-Harmonie-1920-400x267.jpg 400w, https://13muz.eu/wp-content/uploads/2025/11/14.12.2025-Koncert-z-cyklu-Harmonie-1920.jpg 1920w" sizes="auto, (max-width: 1024px) 100vw, 1024px" /></p>
<p style="text-align: justify;"><strong>14.12.2025 niedziela g. 17:00</strong></p>
<p style="text-align: justify;">Zapraszamy na kolejny koncert z cyklu Harmonie, podczas którego zaprezentują się uczniowie oraz absolwenci Zespołu Państwowych Szkół Muzycznych im. Feliksa Nowowiejskiego w Szczecinie: soliści, duety oraz większe zespoły kameralne.</p>
<p style="text-align: justify;">W programie muzyka kompozytorów różnych epok, od baroku do współczesności.</p>
<p style="text-align: justify;">Organizator: Stowarzyszenie Polskich Artystów Muzyków</p>
<p style="text-align: justify;">Partner: Dom Kultury „13 Muz”</p>
<p style="text-align: justify;">Koordynator koncertu: Ludwika Mitkiewicz</p>
<p style="text-align: justify;">Miejsce: Sala Kominkowa</p>
<p style="text-align: justify;">Wstęp wolny</p>
<p>Wydarzenie na <a href="https://www.facebook.com/events/1399755211861730/?acontext=%7B%22event_action_history%22%3A[%7B%22extra_data%22%3A%22%22%2C%22mechanism%22%3A%22left_rail%22%2C%22surface%22%3A%22bookmark%22%7D%2C%7B%22extra_data%22%3A%22%22%2C%22mechanism%22%3A%22surface%22%2C%22surface%22%3A%22create_dialog%22%7D]%2C%22ref_notif_type%22%3Anull%7D&amp;onload_action=open_invite_flow&amp;show_created_event_toast=true" target="_blank" rel="noopener"><strong>FB</strong></a></p>

<p>14.12.2025 niedziela g. 17:00 Zapraszamy na kolejny koncert z cyklu Harmonie, podczas którego zaprezentują się uczniowie oraz absolwenci Zespołu Państwowych Szkół Muzycznych im. Feliksa Nowowiejskiego w Szczecinie: soliści, duety oraz większe zespoły kameralne. W programie muzyka kompozytorów różnych epok, od baroku do współczesności. Organizator: Stowarzyszenie Polskich Artystów Muzyków Partner: Dom Kultury „13 Muz” Koordynator koncertu: Ludwika Mitkiewicz Miejsce: Sala Kominkowa Wstęp wolny Wydarzenie na FB</p>
