{"id":70151,"date":"2025-11-04T17:14:50","date_gmt":"2025-11-04T16:14:50","guid":{"rendered":"https:\/\/13muz.eu\/?post_type=tribe_events&#038;p=70151"},"modified":"2025-11-26T11:32:17","modified_gmt":"2025-11-26T10:32:17","slug":"13-12-poniedzialek-jazz-fana-raminiak-rapa-wendt-jazz-trio","status":"publish","type":"tribe_events","link":"https:\/\/13muz.eu\/en\/event\/13-12-poniedzialek-jazz-fana-raminiak-rapa-wendt-jazz-trio\/","title":{"rendered":"13.12. \/ \u201ePoniedzia\u0142ek Jazz Fana\u201d &#8211; Raminiak, Rapa, Wendt Jazz Trio"},"content":{"rendered":"<p><img loading=\"lazy\" decoding=\"async\" class=\"alignnone size-large wp-image-70153\" src=\"https:\/\/13muz.eu\/wp-content\/uploads\/2025\/11\/13.12.2025-Poniedzialek-Jazz-Fana-w-piatek-Raminiak-Rapa-Wendt-Jazz-Trio-1920-1024x747.jpg\" alt=\"\" width=\"1024\" height=\"747\" srcset=\"https:\/\/13muz.eu\/wp-content\/uploads\/2025\/11\/13.12.2025-Poniedzialek-Jazz-Fana-w-piatek-Raminiak-Rapa-Wendt-Jazz-Trio-1920-1024x747.jpg 1024w, https:\/\/13muz.eu\/wp-content\/uploads\/2025\/11\/13.12.2025-Poniedzialek-Jazz-Fana-w-piatek-Raminiak-Rapa-Wendt-Jazz-Trio-1920-300x219.jpg 300w, https:\/\/13muz.eu\/wp-content\/uploads\/2025\/11\/13.12.2025-Poniedzialek-Jazz-Fana-w-piatek-Raminiak-Rapa-Wendt-Jazz-Trio-1920-768x560.jpg 768w, https:\/\/13muz.eu\/wp-content\/uploads\/2025\/11\/13.12.2025-Poniedzialek-Jazz-Fana-w-piatek-Raminiak-Rapa-Wendt-Jazz-Trio-1920-1536x1120.jpg 1536w, https:\/\/13muz.eu\/wp-content\/uploads\/2025\/11\/13.12.2025-Poniedzialek-Jazz-Fana-w-piatek-Raminiak-Rapa-Wendt-Jazz-Trio-1920-400x292.jpg 400w, https:\/\/13muz.eu\/wp-content\/uploads\/2025\/11\/13.12.2025-Poniedzialek-Jazz-Fana-w-piatek-Raminiak-Rapa-Wendt-Jazz-Trio-1920.jpg 1920w\" sizes=\"auto, (max-width: 1024px) 100vw, 1024px\" \/><\/p>\n<p style=\"text-align: justify;\"><strong>13.12.2025 sobota g. 19:00<\/strong><\/p>\n<p style=\"text-align: justify;\">Raminiak, Rapa, Wendt Jazz trio to nowa formacja z\u0142o\u017cona z wytrawnych muzyk\u00f3w rodem ze Szczecina,<\/p>\n<p style=\"text-align: justify;\">Gorzowa Wielkopolskiego i Gda\u0144ska, kt\u00f3rym, cho\u0107 nieobce s\u0105 r\u00f3\u017cne gatunki muzyczne, to w\u0142a\u015bnie jazz by\u0142 podstaw\u0105 ich drogi artystycznej.<\/p>\n<p style=\"text-align: justify;\">Zesp\u00f3\u0142 tworz\u0105: Przemek Raminiak, Wojciech Rapa i Adam Wendt. Trzy artystyczne indywidualno\u015bci, kt\u00f3re spotykaj\u0105 si\u0119, aby si\u0119 wzajemnie inspirowa\u0107.<\/p>\n<p style=\"text-align: justify;\">Przemek Raminiak &#8211; pianista, kompozytor i aran\u017cer znany z doskona\u0142ego tria jazowego RGG, a tak\u017ce g\u0142\u00f3wnie od wielu lat z wyst\u0119p\u00f3w z Krystyn\u0105 Pro\u0144ko.<\/p>\n<p style=\"text-align: justify;\">Wojciech Rapa &#8211; znany szczeci\u0144ski muzyk, gitarzysta, wokalista, aran\u017cer, kompozytor i publicysta. Gra w aktualnym sk\u0142adzie zespo\u0142u Czerwono-Czarni, ale tworzy te\u017c wiele w\u0142asnych projekt\u00f3w muzycznych. Autor wielu ksi\u0105\u017cek z historii szczeci\u0144skiego i polskiego big-beatu i rocka.<\/p>\n<p style=\"text-align: justify;\">Adam Wendt &#8211; jeden z najbardziej utytu\u0142owanych w ostatnich latach saksofonist\u00f3w na polskiej scenie muzycznej. Gra\u0142 z najwi\u0119kszymi wykonawcami polskiej i \u015bwiatowej sceny jazzowej. W ostatnich latach wyst\u0119puje podczas koncert\u00f3w z Krystyn\u0105 Pro\u0144ko.<\/p>\n<p style=\"text-align: justify;\">Podczas grudniowego koncertu muzycy zaprezentuj\u0105 w\u0142asne kompozycje znane z wcze\u015bniejszych p\u0142yt, ale te\u017c przygotowywane specjalnie na ten koncert.<\/p>\n<p style=\"text-align: justify;\">Przemek Raminiak &#8211; piano<br \/>\nWojciech Rapa &#8211; gitary<br \/>\nAdam Wendt &#8211; saksofon<\/p>\n<p style=\"text-align: justify;\">Wydarzenie wsp\u00f3\u0142finansowane ze \u015brodk\u00f3w Miasta Szczecin.<\/p>\n<p style=\"text-align: justify;\">Organizator: Zachodniopomorskie Stowarzyszenie Jazzowe<\/p>\n<p style=\"text-align: justify;\">www.zsj.com.pl \/ www.facebook.com\/poniedzialekjazzfana<\/p>\n<p style=\"text-align: justify;\">Partner: Dom Kultury \u201e13 Muz\u201d<\/p>\n<p style=\"text-align: justify;\">Miejsce: Sala Kominkowa<\/p>\n<p style=\"text-align: justify;\">Bilety: 40 z\u0142 \/ <a href=\"https:\/\/www.biletomat.pl\/bilety\/poniedzialek-jazz-fana-szczecin-240275\/\" target=\"_blank\" rel=\"noopener\">www.biletomat.pl<\/a><\/p>\n<p style=\"text-align: justify;\">Bilety b\u0119d\u0105 dost\u0119pne tak\u017ce przed wydarzeniem.<\/p>\n<p>Wydarzenie na <a href=\"https:\/\/www.facebook.com\/events\/1516618276196399\/?acontext=%7B%22event_action_history%22%3A[%7B%22extra_data%22%3A%22%22%2C%22mechanism%22%3A%22left_rail%22%2C%22surface%22%3A%22bookmark%22%7D%2C%7B%22extra_data%22%3A%22%22%2C%22mechanism%22%3A%22surface%22%2C%22surface%22%3A%22create_dialog%22%7D]%2C%22ref_notif_type%22%3Anull%7D&amp;onload_action=open_invite_flow&amp;show_created_event_toast=true\" target=\"_blank\" rel=\"noopener\"><strong>FB<\/strong><\/a><\/p>\n<p><img loading=\"lazy\" decoding=\"async\" class=\"alignnone size-medium wp-image-14395\" src=\"https:\/\/13muz.eu\/wp-content\/uploads\/2018\/06\/logo-szczecin-300x200.jpg\" alt=\"\" width=\"300\" height=\"200\" srcset=\"https:\/\/13muz.eu\/wp-content\/uploads\/2018\/06\/logo-szczecin-300x200.jpg 300w, https:\/\/13muz.eu\/wp-content\/uploads\/2018\/06\/logo-szczecin-150x100.jpg 150w, https:\/\/13muz.eu\/wp-content\/uploads\/2018\/06\/logo-szczecin-400x266.jpg 400w, https:\/\/13muz.eu\/wp-content\/uploads\/2018\/06\/logo-szczecin.jpg 500w\" sizes=\"auto, (max-width: 300px) 100vw, 300px\" \/><\/p>\n","protected":false},"excerpt":{"rendered":"<p>13.12.2025 sobota g. 19:00 Raminiak, Rapa, Wendt Jazz trio to nowa formacja z\u0142o\u017cona z wytrawnych muzyk\u00f3w rodem ze Szczecina, Gorzowa Wielkopolskiego i Gda\u0144ska, kt\u00f3rym, cho\u0107 nieobce s\u0105 r\u00f3\u017cne gatunki muzyczne, to w\u0142a\u015bnie jazz by\u0142 podstaw\u0105 ich drogi artystycznej. Zesp\u00f3\u0142 tworz\u0105: Przemek Raminiak, Wojciech Rapa i Adam Wendt. Trzy artystyczne indywidualno\u015bci, kt\u00f3re spotykaj\u0105 si\u0119, aby si\u0119 wzajemnie inspirowa\u0107. Przemek Raminiak &#8211; pianista, kompozytor i aran\u017cer znany z doskona\u0142ego tria jazowego RGG, a tak\u017ce g\u0142\u00f3wnie od wielu lat z wyst\u0119p\u00f3w z Krystyn\u0105 Pro\u0144ko. Wojciech Rapa &#8211; znany szczeci\u0144ski muzyk, gitarzysta, wokalista, aran\u017cer, kompozytor i publicysta. Gra w aktualnym sk\u0142adzie zespo\u0142u Czerwono-Czarni, ale [&hellip;]<\/p>\n","protected":false},"author":4,"featured_media":0,"template":"","meta":{"ngg_post_thumbnail":0,"_price":"","_stock":"","_tribe_ticket_header":"","_tribe_default_ticket_provider":"","_ticket_start_date":"","_ticket_end_date":"","_tribe_ticket_show_description":"","_tribe_ticket_show_not_going":false,"_tribe_ticket_use_global_stock":"","_tribe_ticket_global_stock_level":"","_global_stock_mode":"","_global_stock_cap":"","_tribe_rsvp_for_event":"","_tribe_ticket_going_count":"","_tribe_ticket_not_going_count":"","_tribe_tickets_list":"[]","_tribe_ticket_has_attendee_info_fields":false,"_tribe_events_status":"","_tribe_events_status_reason":"","footnotes":"","_tec_slr_enabled":"","_tec_slr_layout":""},"tags":[],"tribe_events_cat":[],"class_list":["post-70151","tribe_events","type-tribe_events","status-publish","hentry"],"ticketed":false,"post_mailing_queue_ids":[],"_links":{"self":[{"href":"https:\/\/13muz.eu\/en\/wp-json\/wp\/v2\/tribe_events\/70151","targetHints":{"allow":["GET"]}}],"collection":[{"href":"https:\/\/13muz.eu\/en\/wp-json\/wp\/v2\/tribe_events"}],"about":[{"href":"https:\/\/13muz.eu\/en\/wp-json\/wp\/v2\/types\/tribe_events"}],"author":[{"embeddable":true,"href":"https:\/\/13muz.eu\/en\/wp-json\/wp\/v2\/users\/4"}],"version-history":[{"count":0,"href":"https:\/\/13muz.eu\/en\/wp-json\/wp\/v2\/tribe_events\/70151\/revisions"}],"wp:attachment":[{"href":"https:\/\/13muz.eu\/en\/wp-json\/wp\/v2\/media?parent=70151"}],"wp:term":[{"taxonomy":"post_tag","embeddable":true,"href":"https:\/\/13muz.eu\/en\/wp-json\/wp\/v2\/tags?post=70151"},{"taxonomy":"tribe_events_cat","embeddable":true,"href":"https:\/\/13muz.eu\/en\/wp-json\/wp\/v2\/tribe_events_cat?post=70151"}],"curies":[{"name":"wp","href":"https:\/\/api.w.org\/{rel}","templated":true}]}}

13.12. / „Poniedziałek Jazz Fana” &#8211; Raminiak, Rapa, Wendt Jazz Trio

<p><img loading="lazy" decoding="async" class="alignnone size-large wp-image-70153" src="https://13muz.eu/wp-content/uploads/2025/11/13.12.2025-Poniedzialek-Jazz-Fana-w-piatek-Raminiak-Rapa-Wendt-Jazz-Trio-1920-1024x747.jpg" alt="" width="1024" height="747" srcset="https://13muz.eu/wp-content/uploads/2025/11/13.12.2025-Poniedzialek-Jazz-Fana-w-piatek-Raminiak-Rapa-Wendt-Jazz-Trio-1920-1024x747.jpg 1024w, https://13muz.eu/wp-content/uploads/2025/11/13.12.2025-Poniedzialek-Jazz-Fana-w-piatek-Raminiak-Rapa-Wendt-Jazz-Trio-1920-300x219.jpg 300w, https://13muz.eu/wp-content/uploads/2025/11/13.12.2025-Poniedzialek-Jazz-Fana-w-piatek-Raminiak-Rapa-Wendt-Jazz-Trio-1920-768x560.jpg 768w, https://13muz.eu/wp-content/uploads/2025/11/13.12.2025-Poniedzialek-Jazz-Fana-w-piatek-Raminiak-Rapa-Wendt-Jazz-Trio-1920-1536x1120.jpg 1536w, https://13muz.eu/wp-content/uploads/2025/11/13.12.2025-Poniedzialek-Jazz-Fana-w-piatek-Raminiak-Rapa-Wendt-Jazz-Trio-1920-400x292.jpg 400w, https://13muz.eu/wp-content/uploads/2025/11/13.12.2025-Poniedzialek-Jazz-Fana-w-piatek-Raminiak-Rapa-Wendt-Jazz-Trio-1920.jpg 1920w" sizes="auto, (max-width: 1024px) 100vw, 1024px" /></p>
<p style="text-align: justify;"><strong>13.12.2025 sobota g. 19:00</strong></p>
<p style="text-align: justify;">Raminiak, Rapa, Wendt Jazz trio to nowa formacja złożona z wytrawnych muzyków rodem ze Szczecina,</p>
<p style="text-align: justify;">Gorzowa Wielkopolskiego i Gdańska, którym, choć nieobce są różne gatunki muzyczne, to właśnie jazz był podstawą ich drogi artystycznej.</p>
<p style="text-align: justify;">Zespół tworzą: Przemek Raminiak, Wojciech Rapa i Adam Wendt. Trzy artystyczne indywidualności, które spotykają się, aby się wzajemnie inspirować.</p>
<p style="text-align: justify;">Przemek Raminiak &#8211; pianista, kompozytor i aranżer znany z doskonałego tria jazowego RGG, a także głównie od wielu lat z występów z Krystyną Prońko.</p>
<p style="text-align: justify;">Wojciech Rapa &#8211; znany szczeciński muzyk, gitarzysta, wokalista, aranżer, kompozytor i publicysta. Gra w aktualnym składzie zespołu Czerwono-Czarni, ale tworzy też wiele własnych projektów muzycznych. Autor wielu książek z historii szczecińskiego i polskiego big-beatu i rocka.</p>
<p style="text-align: justify;">Adam Wendt &#8211; jeden z najbardziej utytułowanych w ostatnich latach saksofonistów na polskiej scenie muzycznej. Grał z największymi wykonawcami polskiej i światowej sceny jazzowej. W ostatnich latach występuje podczas koncertów z Krystyną Prońko.</p>
<p style="text-align: justify;">Podczas grudniowego koncertu muzycy zaprezentują własne kompozycje znane z wcześniejszych płyt, ale też przygotowywane specjalnie na ten koncert.</p>
<p style="text-align: justify;">Przemek Raminiak &#8211; piano<br />
Wojciech Rapa &#8211; gitary<br />
Adam Wendt &#8211; saksofon</p>
<p style="text-align: justify;">Wydarzenie współfinansowane ze środków Miasta Szczecin.</p>
<p style="text-align: justify;">Organizator: Zachodniopomorskie Stowarzyszenie Jazzowe</p>
<p style="text-align: justify;">www.zsj.com.pl / www.facebook.com/poniedzialekjazzfana</p>
<p style="text-align: justify;">Partner: Dom Kultury „13 Muz”</p>
<p style="text-align: justify;">Miejsce: Sala Kominkowa</p>
<p style="text-align: justify;">Bilety: 40 zł / <a href="https://www.biletomat.pl/bilety/poniedzialek-jazz-fana-szczecin-240275/" target="_blank" rel="noopener">www.biletomat.pl</a></p>
<p style="text-align: justify;">Bilety będą dostępne także przed wydarzeniem.</p>
<p>Wydarzenie na <a href="https://www.facebook.com/events/1516618276196399/?acontext=%7B%22event_action_history%22%3A[%7B%22extra_data%22%3A%22%22%2C%22mechanism%22%3A%22left_rail%22%2C%22surface%22%3A%22bookmark%22%7D%2C%7B%22extra_data%22%3A%22%22%2C%22mechanism%22%3A%22surface%22%2C%22surface%22%3A%22create_dialog%22%7D]%2C%22ref_notif_type%22%3Anull%7D&amp;onload_action=open_invite_flow&amp;show_created_event_toast=true" target="_blank" rel="noopener"><strong>FB</strong></a></p>
<p><img loading="lazy" decoding="async" class="alignnone size-medium wp-image-14395" src="https://13muz.eu/wp-content/uploads/2018/06/logo-szczecin-300x200.jpg" alt="" width="300" height="200" srcset="https://13muz.eu/wp-content/uploads/2018/06/logo-szczecin-300x200.jpg 300w, https://13muz.eu/wp-content/uploads/2018/06/logo-szczecin-150x100.jpg 150w, https://13muz.eu/wp-content/uploads/2018/06/logo-szczecin-400x266.jpg 400w, https://13muz.eu/wp-content/uploads/2018/06/logo-szczecin.jpg 500w" sizes="auto, (max-width: 300px) 100vw, 300px" /></p>

<p>13.12.2025 sobota g. 19:00 Raminiak, Rapa, Wendt Jazz trio to nowa formacja złożona z wytrawnych muzyków rodem ze Szczecina, Gorzowa Wielkopolskiego i Gdańska, którym, choć nieobce są różne gatunki muzyczne, to właśnie jazz był podstawą ich drogi artystycznej. Zespół tworzą: Przemek Raminiak, Wojciech Rapa i Adam Wendt. Trzy artystyczne indywidualności, które spotykają się, aby się wzajemnie inspirować. Przemek Raminiak &#8211; pianista, kompozytor i aranżer znany z doskonałego tria jazowego RGG, a także głównie od wielu lat z występów z Krystyną Prońko. Wojciech Rapa &#8211; znany szczeciński muzyk, gitarzysta, wokalista, aranżer, kompozytor i publicysta. Gra w aktualnym składzie zespołu Czerwono-Czarni, ale [&hellip;]</p>
