{"id":70137,"date":"2025-11-04T16:15:39","date_gmt":"2025-11-04T15:15:39","guid":{"rendered":"https:\/\/13muz.eu\/?post_type=tribe_events&#038;p=70137"},"modified":"2025-11-12T09:08:44","modified_gmt":"2025-11-12T08:08:44","slug":"13-12-do-gory-nutami-zimowy-koncert-rodzinny","status":"publish","type":"tribe_events","link":"https:\/\/13muz.eu\/en\/event\/13-12-do-gory-nutami-zimowy-koncert-rodzinny\/","title":{"rendered":"13.12. \/ Do g\u00f3ry nutami &#8211; Zimowy koncert rodzinny"},"content":{"rendered":"<p><img loading=\"lazy\" decoding=\"async\" class=\"alignnone size-large wp-image-70139\" src=\"https:\/\/13muz.eu\/wp-content\/uploads\/2025\/11\/13.12.2025-Do-gory-nutami-Zimowy-koncert-rodzinny-1920-1024x512.jpg\" alt=\"\" width=\"1024\" height=\"512\" srcset=\"https:\/\/13muz.eu\/wp-content\/uploads\/2025\/11\/13.12.2025-Do-gory-nutami-Zimowy-koncert-rodzinny-1920-1024x512.jpg 1024w, https:\/\/13muz.eu\/wp-content\/uploads\/2025\/11\/13.12.2025-Do-gory-nutami-Zimowy-koncert-rodzinny-1920-300x150.jpg 300w, https:\/\/13muz.eu\/wp-content\/uploads\/2025\/11\/13.12.2025-Do-gory-nutami-Zimowy-koncert-rodzinny-1920-768x384.jpg 768w, https:\/\/13muz.eu\/wp-content\/uploads\/2025\/11\/13.12.2025-Do-gory-nutami-Zimowy-koncert-rodzinny-1920-1536x768.jpg 1536w, https:\/\/13muz.eu\/wp-content\/uploads\/2025\/11\/13.12.2025-Do-gory-nutami-Zimowy-koncert-rodzinny-1920-750x375.jpg 750w, https:\/\/13muz.eu\/wp-content\/uploads\/2025\/11\/13.12.2025-Do-gory-nutami-Zimowy-koncert-rodzinny-1920-400x200.jpg 400w, https:\/\/13muz.eu\/wp-content\/uploads\/2025\/11\/13.12.2025-Do-gory-nutami-Zimowy-koncert-rodzinny-1920.jpg 1920w\" sizes=\"auto, (max-width: 1024px) 100vw, 1024px\" \/><\/p>\n<p style=\"text-align: justify;\"><strong>13.12.2025 sobota g. 11:00<\/strong><\/p>\n<p style=\"text-align: justify;\">Grudzie\u0144.<\/p>\n<p style=\"text-align: justify;\">Doro\u015bli p\u0119dz\u0105, kolejny rok z rz\u0119du zaskoczeni, \u017ce to ju\u017c.<\/p>\n<p style=\"text-align: justify;\">Dzieci czekaj\u0105 najpierw na wizyt\u0119 \u015bwi\u0119tego Miko\u0142aja, chwil\u0119 p\u00f3\u017aniej na pakunki pod zielonym drzewkiem.<\/p>\n<p style=\"text-align: justify;\">A co gdyby\u015bmy wszyscy zwolnili na jedno grudniowe przedpo\u0142udnie, bez przygotowa\u0144 i po\u015bpiechu, a przede wszystkim razem?<\/p>\n<p style=\"text-align: justify;\">Serdecznie zapraszamy ca\u0142e rodziny na zimowy koncert &#8211; jeszcze przed\u015bwi\u0105teczny, ale ju\u017c przywo\u0142uj\u0105cy wszelkie mi\u0142e skojarzenia. B\u0119dzie ciep\u0142o, przytulnie, blisko &#8211; bez ogranicze\u0144 wieku i z ogromn\u0105 dawk\u0105 dobrego nastroju. Zagramy utwory kojarz\u0105ce si\u0119 z najmniej kolorow\u0105 por\u0105 roku, cho\u0107 muzycznie ca\u0142kiem barwn\u0105. Spodziewajcie si\u0119 d\u017awi\u0119ku dzwoneczk\u00f3w i chocia\u017c \u015bniegu na zewn\u0105trz nie mo\u017cemy zagwarantowa\u0107, by\u0107 mo\u017ce ko\u0142o ucha \u015bwi\u015bnie wam \u015bnie\u017cna kulka?<\/p>\n<p style=\"text-align: justify;\">Wyst\u0105pi\u0105:<br \/>\nOla Teli\u017cyn (Do g\u00f3ry nutami) &#8211; prowadzenie, \u015bpiew<br \/>\nKrystian Teli\u017cyn &#8211; gitara basowa<br \/>\nKonrad S\u0142odowicz &#8211; instrumenty klawiszowe<br \/>\nCyprian Paku\u0142a &#8211; instrumenty perkusyjne<\/p>\n<p style=\"text-align: justify;\">Czas trwania wydarzenia: 50 min<\/p>\n<p style=\"text-align: justify;\">Miejsce: Sala Kominkowa<\/p>\n<p style=\"text-align: justify;\">Bilety: 45 z\u0142 dziecko, 45 z\u0142 rodzic \/ <a href=\"https:\/\/www.biletomat.pl\/bilety\/do-gory-nutami-zimowy-koncert-rodzinny-szczecin-236458\/\" target=\"_blank\" rel=\"noopener\">www.biletomat.pl<\/a><\/p>\n<p style=\"text-align: justify;\"><strong>Nie ma mo\u017cliwo\u015bci zakupu biletu na miejscu przed wydarzeniem.<\/strong><\/p>\n<p>Wydarzenie na <a href=\"https:\/\/www.facebook.com\/events\/697170800095282\/?acontext=%7B%22event_action_history%22%3A[%7B%22extra_data%22%3A%22%22%2C%22mechanism%22%3A%22left_rail%22%2C%22surface%22%3A%22bookmark%22%7D%2C%7B%22extra_data%22%3A%22%22%2C%22mechanism%22%3A%22surface%22%2C%22surface%22%3A%22create_dialog%22%7D]%2C%22ref_notif_type%22%3Anull%7D&amp;onload_action=open_invite_flow&amp;show_created_event_toast=true\" target=\"_blank\" rel=\"noopener\"><strong>FB<\/strong><\/a><\/p>\n","protected":false},"excerpt":{"rendered":"<p>13.12.2025 sobota g. 11:00 Grudzie\u0144. Doro\u015bli p\u0119dz\u0105, kolejny rok z rz\u0119du zaskoczeni, \u017ce to ju\u017c. Dzieci czekaj\u0105 najpierw na wizyt\u0119 \u015bwi\u0119tego Miko\u0142aja, chwil\u0119 p\u00f3\u017aniej na pakunki pod zielonym drzewkiem. A co gdyby\u015bmy wszyscy zwolnili na jedno grudniowe przedpo\u0142udnie, bez przygotowa\u0144 i po\u015bpiechu, a przede wszystkim razem? Serdecznie zapraszamy ca\u0142e rodziny na zimowy koncert &#8211; jeszcze przed\u015bwi\u0105teczny, ale ju\u017c przywo\u0142uj\u0105cy wszelkie mi\u0142e skojarzenia. B\u0119dzie ciep\u0142o, przytulnie, blisko &#8211; bez ogranicze\u0144 wieku i z ogromn\u0105 dawk\u0105 dobrego nastroju. Zagramy utwory kojarz\u0105ce si\u0119 z najmniej kolorow\u0105 por\u0105 roku, cho\u0107 muzycznie ca\u0142kiem barwn\u0105. Spodziewajcie si\u0119 d\u017awi\u0119ku dzwoneczk\u00f3w i chocia\u017c \u015bniegu na zewn\u0105trz nie mo\u017cemy [&hellip;]<\/p>\n","protected":false},"author":4,"featured_media":0,"template":"","meta":{"ngg_post_thumbnail":0,"_price":"","_stock":"","_tribe_ticket_header":"","_tribe_default_ticket_provider":"","_ticket_start_date":"","_ticket_end_date":"","_tribe_ticket_show_description":"","_tribe_ticket_show_not_going":false,"_tribe_ticket_use_global_stock":"","_tribe_ticket_global_stock_level":"","_global_stock_mode":"","_global_stock_cap":"","_tribe_rsvp_for_event":"","_tribe_ticket_going_count":"","_tribe_ticket_not_going_count":"","_tribe_tickets_list":"[]","_tribe_ticket_has_attendee_info_fields":false,"_tribe_events_status":"","_tribe_events_status_reason":"","footnotes":"","_tec_slr_enabled":"","_tec_slr_layout":""},"tags":[],"tribe_events_cat":[],"class_list":["post-70137","tribe_events","type-tribe_events","status-publish","hentry"],"ticketed":false,"post_mailing_queue_ids":[],"_links":{"self":[{"href":"https:\/\/13muz.eu\/en\/wp-json\/wp\/v2\/tribe_events\/70137","targetHints":{"allow":["GET"]}}],"collection":[{"href":"https:\/\/13muz.eu\/en\/wp-json\/wp\/v2\/tribe_events"}],"about":[{"href":"https:\/\/13muz.eu\/en\/wp-json\/wp\/v2\/types\/tribe_events"}],"author":[{"embeddable":true,"href":"https:\/\/13muz.eu\/en\/wp-json\/wp\/v2\/users\/4"}],"version-history":[{"count":0,"href":"https:\/\/13muz.eu\/en\/wp-json\/wp\/v2\/tribe_events\/70137\/revisions"}],"wp:attachment":[{"href":"https:\/\/13muz.eu\/en\/wp-json\/wp\/v2\/media?parent=70137"}],"wp:term":[{"taxonomy":"post_tag","embeddable":true,"href":"https:\/\/13muz.eu\/en\/wp-json\/wp\/v2\/tags?post=70137"},{"taxonomy":"tribe_events_cat","embeddable":true,"href":"https:\/\/13muz.eu\/en\/wp-json\/wp\/v2\/tribe_events_cat?post=70137"}],"curies":[{"name":"wp","href":"https:\/\/api.w.org\/{rel}","templated":true}]}}

13.12. / Do góry nutami &#8211; Zimowy koncert rodzinny

<p><img loading="lazy" decoding="async" class="alignnone size-large wp-image-70139" src="https://13muz.eu/wp-content/uploads/2025/11/13.12.2025-Do-gory-nutami-Zimowy-koncert-rodzinny-1920-1024x512.jpg" alt="" width="1024" height="512" srcset="https://13muz.eu/wp-content/uploads/2025/11/13.12.2025-Do-gory-nutami-Zimowy-koncert-rodzinny-1920-1024x512.jpg 1024w, https://13muz.eu/wp-content/uploads/2025/11/13.12.2025-Do-gory-nutami-Zimowy-koncert-rodzinny-1920-300x150.jpg 300w, https://13muz.eu/wp-content/uploads/2025/11/13.12.2025-Do-gory-nutami-Zimowy-koncert-rodzinny-1920-768x384.jpg 768w, https://13muz.eu/wp-content/uploads/2025/11/13.12.2025-Do-gory-nutami-Zimowy-koncert-rodzinny-1920-1536x768.jpg 1536w, https://13muz.eu/wp-content/uploads/2025/11/13.12.2025-Do-gory-nutami-Zimowy-koncert-rodzinny-1920-750x375.jpg 750w, https://13muz.eu/wp-content/uploads/2025/11/13.12.2025-Do-gory-nutami-Zimowy-koncert-rodzinny-1920-400x200.jpg 400w, https://13muz.eu/wp-content/uploads/2025/11/13.12.2025-Do-gory-nutami-Zimowy-koncert-rodzinny-1920.jpg 1920w" sizes="auto, (max-width: 1024px) 100vw, 1024px" /></p>
<p style="text-align: justify;"><strong>13.12.2025 sobota g. 11:00</strong></p>
<p style="text-align: justify;">Grudzień.</p>
<p style="text-align: justify;">Dorośli pędzą, kolejny rok z rzędu zaskoczeni, że to już.</p>
<p style="text-align: justify;">Dzieci czekają najpierw na wizytę świętego Mikołaja, chwilę później na pakunki pod zielonym drzewkiem.</p>
<p style="text-align: justify;">A co gdybyśmy wszyscy zwolnili na jedno grudniowe przedpołudnie, bez przygotowań i pośpiechu, a przede wszystkim razem?</p>
<p style="text-align: justify;">Serdecznie zapraszamy całe rodziny na zimowy koncert &#8211; jeszcze przedświąteczny, ale już przywołujący wszelkie miłe skojarzenia. Będzie ciepło, przytulnie, blisko &#8211; bez ograniczeń wieku i z ogromną dawką dobrego nastroju. Zagramy utwory kojarzące się z najmniej kolorową porą roku, choć muzycznie całkiem barwną. Spodziewajcie się dźwięku dzwoneczków i chociaż śniegu na zewnątrz nie możemy zagwarantować, być może koło ucha świśnie wam śnieżna kulka?</p>
<p style="text-align: justify;">Wystąpią:<br />
Ola Teliżyn (Do góry nutami) &#8211; prowadzenie, śpiew<br />
Krystian Teliżyn &#8211; gitara basowa<br />
Konrad Słodowicz &#8211; instrumenty klawiszowe<br />
Cyprian Pakuła &#8211; instrumenty perkusyjne</p>
<p style="text-align: justify;">Czas trwania wydarzenia: 50 min</p>
<p style="text-align: justify;">Miejsce: Sala Kominkowa</p>
<p style="text-align: justify;">Bilety: 45 zł dziecko, 45 zł rodzic / <a href="https://www.biletomat.pl/bilety/do-gory-nutami-zimowy-koncert-rodzinny-szczecin-236458/" target="_blank" rel="noopener">www.biletomat.pl</a></p>
<p style="text-align: justify;"><strong>Nie ma możliwości zakupu biletu na miejscu przed wydarzeniem.</strong></p>
<p>Wydarzenie na <a href="https://www.facebook.com/events/697170800095282/?acontext=%7B%22event_action_history%22%3A[%7B%22extra_data%22%3A%22%22%2C%22mechanism%22%3A%22left_rail%22%2C%22surface%22%3A%22bookmark%22%7D%2C%7B%22extra_data%22%3A%22%22%2C%22mechanism%22%3A%22surface%22%2C%22surface%22%3A%22create_dialog%22%7D]%2C%22ref_notif_type%22%3Anull%7D&amp;onload_action=open_invite_flow&amp;show_created_event_toast=true" target="_blank" rel="noopener"><strong>FB</strong></a></p>

<p>13.12.2025 sobota g. 11:00 Grudzień. Dorośli pędzą, kolejny rok z rzędu zaskoczeni, że to już. Dzieci czekają najpierw na wizytę świętego Mikołaja, chwilę później na pakunki pod zielonym drzewkiem. A co gdybyśmy wszyscy zwolnili na jedno grudniowe przedpołudnie, bez przygotowań i pośpiechu, a przede wszystkim razem? Serdecznie zapraszamy całe rodziny na zimowy koncert &#8211; jeszcze przedświąteczny, ale już przywołujący wszelkie miłe skojarzenia. Będzie ciepło, przytulnie, blisko &#8211; bez ograniczeń wieku i z ogromną dawką dobrego nastroju. Zagramy utwory kojarzące się z najmniej kolorową porą roku, choć muzycznie całkiem barwną. Spodziewajcie się dźwięku dzwoneczków i chociaż śniegu na zewnątrz nie możemy [&hellip;]</p>
