{"id":70116,"date":"2025-11-04T13:23:56","date_gmt":"2025-11-04T12:23:56","guid":{"rendered":"https:\/\/13muz.eu\/?post_type=tribe_events&#038;p=70116"},"modified":"2025-12-10T10:44:18","modified_gmt":"2025-12-10T09:44:18","slug":"10-12-jazz-pod-choinke-randy-brecker-with-piotr-lemanczyk-rafal-sarnecki-adam-golicki-trio","status":"publish","type":"tribe_events","link":"https:\/\/13muz.eu\/en\/event\/10-12-jazz-pod-choinke-randy-brecker-with-piotr-lemanczyk-rafal-sarnecki-adam-golicki-trio\/","title":{"rendered":"10.12. \/ Jazz pod choink\u0119 &#8211; Randy Brecker with Piotr Lema\u0144czyk, Rafa\u0142 Sarnecki, Adam Golicki Trio"},"content":{"rendered":"<p><img loading=\"lazy\" decoding=\"async\" class=\"alignnone size-large wp-image-70118\" src=\"https:\/\/13muz.eu\/wp-content\/uploads\/2025\/11\/10.12.2025-Jazz-pod-choinke-1920-1024x745.jpg\" alt=\"\" width=\"1024\" height=\"745\" srcset=\"https:\/\/13muz.eu\/wp-content\/uploads\/2025\/11\/10.12.2025-Jazz-pod-choinke-1920-1024x745.jpg 1024w, https:\/\/13muz.eu\/wp-content\/uploads\/2025\/11\/10.12.2025-Jazz-pod-choinke-1920-300x218.jpg 300w, https:\/\/13muz.eu\/wp-content\/uploads\/2025\/11\/10.12.2025-Jazz-pod-choinke-1920-768x558.jpg 768w, https:\/\/13muz.eu\/wp-content\/uploads\/2025\/11\/10.12.2025-Jazz-pod-choinke-1920-1536x1117.jpg 1536w, https:\/\/13muz.eu\/wp-content\/uploads\/2025\/11\/10.12.2025-Jazz-pod-choinke-1920-400x291.jpg 400w, https:\/\/13muz.eu\/wp-content\/uploads\/2025\/11\/10.12.2025-Jazz-pod-choinke-1920.jpg 1920w\" sizes=\"auto, (max-width: 1024px) 100vw, 1024px\" \/><\/p>\n<p style=\"text-align: justify;\"><strong>10.12.2025 \u015broda g. 19:00<\/strong><\/p>\n<p style=\"text-align: justify;\">Go\u015bciem specjalnym grudniowego wydarzenia w Sali Kominkowej Pa\u0142acu pod G\u0142owami b\u0119dzie legendarny ameryka\u0144ski tr\u0119bacz &#8211; Randy Brecker, kt\u00f3ry wzbogaci\u0142 muzyk\u0119 zespo\u0142u &#8211; Adam Golicki (perkusja), Rafa\u0142 Sarnecki (gitara) Piotr Lema\u0144czyk (kontrabas, gitara basowa) &#8211; o w\u0142asne kompozycje.<\/p>\n<p style=\"text-align: justify;\">Randy Brecker &#8211; ameryka\u0144ski tr\u0119bacz jazzowy i flugelhornista. Siedmiokrotny laureat nagrody Grammy. Nagrywa\u0142 z takimi artystami jak: Billy Cobham, Bruce Springsteen, Charles Mingus, Blood, Sweat and Tears, Horace Silver, Frank Zappa, Chris Parker, Jaco Pastorius, Dire Straits i wielu innymi.<\/p>\n<p style=\"text-align: justify;\">Piotr Lema\u0144czyk &#8211; uwa\u017cany za jednego z najwybitniejszych europejskich basist\u00f3w jazzowych. Nagra\u0142 osiem autorskich p\u0142yt, kt\u00f3re otrzyma\u0142y znakomite recenzje w mi\u0119dzynarodowej prasie. Ponadto bra\u0142 udzia\u0142 w nagraniu ponad sze\u015b\u0107dziesi\u0119ciu p\u0142yt z topowymi artystami polskiej sceny jazzowej.<\/p>\n<p style=\"text-align: justify;\">Rafa\u0142 Sarnecki &#8211; polski muzyk, kt\u00f3ry doskonale odnalaz\u0142 si\u0119 w Stanach Zjednoczonych, gdzie \u017cy\u0142 i tworzy\u0142 przez ponad dekad\u0119. Nagra\u0142 pi\u0119\u0107 autorskich p\u0142yt, z kt\u00f3rych dwie by\u0142y nominowane Fryderyk\u00f3w, uznawanych za najwa\u017cniejsze polskie nagrody muzyczne.<\/p>\n<p style=\"text-align: justify;\">Adam Golicki &#8211; posiada w swojej dyskografii dwie autorskie p\u0142yty, kt\u00f3re zebra\u0142y znakomite recenzje krytyk\u00f3w. Obecnie pracuje g\u0142\u00f3wnie jako muzyk sesyjny i wsp\u00f3\u0142pracuje z zespo\u0142ami o r\u00f3\u017cnorodnej stylistyce.<\/p>\n<p style=\"text-align: justify;\">Randy Brecker &#8211; tr\u0105bka<br \/>\nPiotr Lema\u0144czyk &#8211; kontrabas, gitara basowa<br \/>\nRafa\u0142 Sarnecki &#8211; gitara<br \/>\nAdam Golicki &#8211; perkusja<\/p>\n<p style=\"text-align: justify;\">Wydarzenie wsp\u00f3\u0142finansowane ze \u015brodk\u00f3w Miasta Szczecin.<\/p>\n<p style=\"text-align: justify;\">Organizator: Zachodniopomorskie Stowarzyszenie Jazzowe<br \/>\nwww.zsj.com.pl \/ www.facebook.com\/poniedzialekjazzfana<\/p>\n<p style=\"text-align: justify;\">Partner: Dom Kultury \u201e13 Muz\u201d<\/p>\n<p style=\"text-align: justify;\">Miejsce: Sala Kominkowa<\/p>\n<p>Bilety: normalny 80 z\u0142 \/ ulgowy 60 z\u0142 (uczniowie, studenci, seniorzy) \/ <a href=\"https:\/\/www.biletomat.pl\/bilety\/jazz-pod-choinke-szczecin-240274\/\" target=\"_blank\" rel=\"noopener\">www.biletomat.pl<\/a><\/p>\n<p style=\"text-align: justify;\">Bilety b\u0119d\u0105 dost\u0119pne tak\u017ce przed wydarzeniem.<\/p>\n<p>Wydarzenie na <a href=\"https:\/\/www.facebook.com\/events\/835960458901919\/?acontext=%7B%22event_action_history%22%3A[%7B%22extra_data%22%3A%22%22%2C%22mechanism%22%3A%22left_rail%22%2C%22surface%22%3A%22bookmark%22%7D%2C%7B%22extra_data%22%3A%22%22%2C%22mechanism%22%3A%22surface%22%2C%22surface%22%3A%22create_dialog%22%7D]%2C%22ref_notif_type%22%3Anull%7D&amp;onload_action=open_invite_flow&amp;show_created_event_toast=true\" target=\"_blank\" rel=\"noopener\"><strong>FB<\/strong><\/a><\/p>\n<p><img loading=\"lazy\" decoding=\"async\" class=\"alignnone size-medium wp-image-14395\" src=\"https:\/\/13muz.eu\/wp-content\/uploads\/2018\/06\/logo-szczecin-300x200.jpg\" alt=\"\" width=\"300\" height=\"200\" srcset=\"https:\/\/13muz.eu\/wp-content\/uploads\/2018\/06\/logo-szczecin-300x200.jpg 300w, https:\/\/13muz.eu\/wp-content\/uploads\/2018\/06\/logo-szczecin-150x100.jpg 150w, https:\/\/13muz.eu\/wp-content\/uploads\/2018\/06\/logo-szczecin-400x266.jpg 400w, https:\/\/13muz.eu\/wp-content\/uploads\/2018\/06\/logo-szczecin.jpg 500w\" sizes=\"auto, (max-width: 300px) 100vw, 300px\" \/><\/p>\n","protected":false},"excerpt":{"rendered":"<p>10.12.2025 \u015broda g. 19:00 Go\u015bciem specjalnym grudniowego wydarzenia w Sali Kominkowej Pa\u0142acu pod G\u0142owami b\u0119dzie legendarny ameryka\u0144ski tr\u0119bacz &#8211; Randy Brecker, kt\u00f3ry wzbogaci\u0142 muzyk\u0119 zespo\u0142u &#8211; Adam Golicki (perkusja), Rafa\u0142 Sarnecki (gitara) Piotr Lema\u0144czyk (kontrabas, gitara basowa) &#8211; o w\u0142asne kompozycje. Randy Brecker &#8211; ameryka\u0144ski tr\u0119bacz jazzowy i flugelhornista. Siedmiokrotny laureat nagrody Grammy. Nagrywa\u0142 z takimi artystami jak: Billy Cobham, Bruce Springsteen, Charles Mingus, Blood, Sweat and Tears, Horace Silver, Frank Zappa, Chris Parker, Jaco Pastorius, Dire Straits i wielu innymi. Piotr Lema\u0144czyk &#8211; uwa\u017cany za jednego z najwybitniejszych europejskich basist\u00f3w jazzowych. Nagra\u0142 osiem autorskich p\u0142yt, kt\u00f3re otrzyma\u0142y znakomite recenzje [&hellip;]<\/p>\n","protected":false},"author":4,"featured_media":0,"template":"","meta":{"ngg_post_thumbnail":0,"_price":"","_stock":"","_tribe_ticket_header":"","_tribe_default_ticket_provider":"","_ticket_start_date":"","_ticket_end_date":"","_tribe_ticket_show_description":"","_tribe_ticket_show_not_going":false,"_tribe_ticket_use_global_stock":"","_tribe_ticket_global_stock_level":"","_global_stock_mode":"","_global_stock_cap":"","_tribe_rsvp_for_event":"","_tribe_ticket_going_count":"","_tribe_ticket_not_going_count":"","_tribe_tickets_list":"[]","_tribe_ticket_has_attendee_info_fields":false,"_tribe_events_status":"","_tribe_events_status_reason":"","footnotes":"","_tec_slr_enabled":"","_tec_slr_layout":""},"tags":[],"tribe_events_cat":[],"class_list":["post-70116","tribe_events","type-tribe_events","status-publish","hentry"],"ticketed":false,"post_mailing_queue_ids":[],"_links":{"self":[{"href":"https:\/\/13muz.eu\/en\/wp-json\/wp\/v2\/tribe_events\/70116","targetHints":{"allow":["GET"]}}],"collection":[{"href":"https:\/\/13muz.eu\/en\/wp-json\/wp\/v2\/tribe_events"}],"about":[{"href":"https:\/\/13muz.eu\/en\/wp-json\/wp\/v2\/types\/tribe_events"}],"author":[{"embeddable":true,"href":"https:\/\/13muz.eu\/en\/wp-json\/wp\/v2\/users\/4"}],"version-history":[{"count":0,"href":"https:\/\/13muz.eu\/en\/wp-json\/wp\/v2\/tribe_events\/70116\/revisions"}],"wp:attachment":[{"href":"https:\/\/13muz.eu\/en\/wp-json\/wp\/v2\/media?parent=70116"}],"wp:term":[{"taxonomy":"post_tag","embeddable":true,"href":"https:\/\/13muz.eu\/en\/wp-json\/wp\/v2\/tags?post=70116"},{"taxonomy":"tribe_events_cat","embeddable":true,"href":"https:\/\/13muz.eu\/en\/wp-json\/wp\/v2\/tribe_events_cat?post=70116"}],"curies":[{"name":"wp","href":"https:\/\/api.w.org\/{rel}","templated":true}]}}

10.12. / Jazz pod choinkę &#8211; Randy Brecker with Piotr Lemańczyk, Rafał Sarnecki, Adam Golicki Trio

<p><img loading="lazy" decoding="async" class="alignnone size-large wp-image-70118" src="https://13muz.eu/wp-content/uploads/2025/11/10.12.2025-Jazz-pod-choinke-1920-1024x745.jpg" alt="" width="1024" height="745" srcset="https://13muz.eu/wp-content/uploads/2025/11/10.12.2025-Jazz-pod-choinke-1920-1024x745.jpg 1024w, https://13muz.eu/wp-content/uploads/2025/11/10.12.2025-Jazz-pod-choinke-1920-300x218.jpg 300w, https://13muz.eu/wp-content/uploads/2025/11/10.12.2025-Jazz-pod-choinke-1920-768x558.jpg 768w, https://13muz.eu/wp-content/uploads/2025/11/10.12.2025-Jazz-pod-choinke-1920-1536x1117.jpg 1536w, https://13muz.eu/wp-content/uploads/2025/11/10.12.2025-Jazz-pod-choinke-1920-400x291.jpg 400w, https://13muz.eu/wp-content/uploads/2025/11/10.12.2025-Jazz-pod-choinke-1920.jpg 1920w" sizes="auto, (max-width: 1024px) 100vw, 1024px" /></p>
<p style="text-align: justify;"><strong>10.12.2025 środa g. 19:00</strong></p>
<p style="text-align: justify;">Gościem specjalnym grudniowego wydarzenia w Sali Kominkowej Pałacu pod Głowami będzie legendarny amerykański trębacz &#8211; Randy Brecker, który wzbogacił muzykę zespołu &#8211; Adam Golicki (perkusja), Rafał Sarnecki (gitara) Piotr Lemańczyk (kontrabas, gitara basowa) &#8211; o własne kompozycje.</p>
<p style="text-align: justify;">Randy Brecker &#8211; amerykański trębacz jazzowy i flugelhornista. Siedmiokrotny laureat nagrody Grammy. Nagrywał z takimi artystami jak: Billy Cobham, Bruce Springsteen, Charles Mingus, Blood, Sweat and Tears, Horace Silver, Frank Zappa, Chris Parker, Jaco Pastorius, Dire Straits i wielu innymi.</p>
<p style="text-align: justify;">Piotr Lemańczyk &#8211; uważany za jednego z najwybitniejszych europejskich basistów jazzowych. Nagrał osiem autorskich płyt, które otrzymały znakomite recenzje w międzynarodowej prasie. Ponadto brał udział w nagraniu ponad sześćdziesięciu płyt z topowymi artystami polskiej sceny jazzowej.</p>
<p style="text-align: justify;">Rafał Sarnecki &#8211; polski muzyk, który doskonale odnalazł się w Stanach Zjednoczonych, gdzie żył i tworzył przez ponad dekadę. Nagrał pięć autorskich płyt, z których dwie były nominowane Fryderyków, uznawanych za najważniejsze polskie nagrody muzyczne.</p>
<p style="text-align: justify;">Adam Golicki &#8211; posiada w swojej dyskografii dwie autorskie płyty, które zebrały znakomite recenzje krytyków. Obecnie pracuje głównie jako muzyk sesyjny i współpracuje z zespołami o różnorodnej stylistyce.</p>
<p style="text-align: justify;">Randy Brecker &#8211; trąbka<br />
Piotr Lemańczyk &#8211; kontrabas, gitara basowa<br />
Rafał Sarnecki &#8211; gitara<br />
Adam Golicki &#8211; perkusja</p>
<p style="text-align: justify;">Wydarzenie współfinansowane ze środków Miasta Szczecin.</p>
<p style="text-align: justify;">Organizator: Zachodniopomorskie Stowarzyszenie Jazzowe<br />
www.zsj.com.pl / www.facebook.com/poniedzialekjazzfana</p>
<p style="text-align: justify;">Partner: Dom Kultury „13 Muz”</p>
<p style="text-align: justify;">Miejsce: Sala Kominkowa</p>
<p>Bilety: normalny 80 zł / ulgowy 60 zł (uczniowie, studenci, seniorzy) / <a href="https://www.biletomat.pl/bilety/jazz-pod-choinke-szczecin-240274/" target="_blank" rel="noopener">www.biletomat.pl</a></p>
<p style="text-align: justify;">Bilety będą dostępne także przed wydarzeniem.</p>
<p>Wydarzenie na <a href="https://www.facebook.com/events/835960458901919/?acontext=%7B%22event_action_history%22%3A[%7B%22extra_data%22%3A%22%22%2C%22mechanism%22%3A%22left_rail%22%2C%22surface%22%3A%22bookmark%22%7D%2C%7B%22extra_data%22%3A%22%22%2C%22mechanism%22%3A%22surface%22%2C%22surface%22%3A%22create_dialog%22%7D]%2C%22ref_notif_type%22%3Anull%7D&amp;onload_action=open_invite_flow&amp;show_created_event_toast=true" target="_blank" rel="noopener"><strong>FB</strong></a></p>
<p><img loading="lazy" decoding="async" class="alignnone size-medium wp-image-14395" src="https://13muz.eu/wp-content/uploads/2018/06/logo-szczecin-300x200.jpg" alt="" width="300" height="200" srcset="https://13muz.eu/wp-content/uploads/2018/06/logo-szczecin-300x200.jpg 300w, https://13muz.eu/wp-content/uploads/2018/06/logo-szczecin-150x100.jpg 150w, https://13muz.eu/wp-content/uploads/2018/06/logo-szczecin-400x266.jpg 400w, https://13muz.eu/wp-content/uploads/2018/06/logo-szczecin.jpg 500w" sizes="auto, (max-width: 300px) 100vw, 300px" /></p>

<p>10.12.2025 środa g. 19:00 Gościem specjalnym grudniowego wydarzenia w Sali Kominkowej Pałacu pod Głowami będzie legendarny amerykański trębacz &#8211; Randy Brecker, który wzbogacił muzykę zespołu &#8211; Adam Golicki (perkusja), Rafał Sarnecki (gitara) Piotr Lemańczyk (kontrabas, gitara basowa) &#8211; o własne kompozycje. Randy Brecker &#8211; amerykański trębacz jazzowy i flugelhornista. Siedmiokrotny laureat nagrody Grammy. Nagrywał z takimi artystami jak: Billy Cobham, Bruce Springsteen, Charles Mingus, Blood, Sweat and Tears, Horace Silver, Frank Zappa, Chris Parker, Jaco Pastorius, Dire Straits i wielu innymi. Piotr Lemańczyk &#8211; uważany za jednego z najwybitniejszych europejskich basistów jazzowych. Nagrał osiem autorskich płyt, które otrzymały znakomite recenzje [&hellip;]</p>
