{"id":70110,"date":"2025-11-04T13:09:09","date_gmt":"2025-11-04T12:09:09","guid":{"rendered":"https:\/\/13muz.eu\/?post_type=tribe_events&#038;p=70110"},"modified":"2025-12-29T10:56:19","modified_gmt":"2025-12-29T09:56:19","slug":"10-12-galeria-foyer-nie-zle-pomiedzy-dwoma-swiatami-sacrum-i-profanum-w-malarstwie-zachodniopomorskie-stowarzyszenie-tworcow-kultury-w-szczecinie","status":"publish","type":"tribe_events","link":"https:\/\/13muz.eu\/en\/event\/10-12-galeria-foyer-nie-zle-pomiedzy-dwoma-swiatami-sacrum-i-profanum-w-malarstwie-zachodniopomorskie-stowarzyszenie-tworcow-kultury-w-szczecinie\/","title":{"rendered":"10.12. \/ Galeria Foyer &#8211; \u201eNIE &#8211; \u0179LE. Pomi\u0119dzy dwoma \u015bwiatami: sacrum i profanum w malarstwie\u201d &#8211; Zachodniopomorskie Stowarzyszenie Tw\u00f3rc\u00f3w Kultury w Szczecinie"},"content":{"rendered":"<p><img loading=\"lazy\" decoding=\"async\" class=\"alignnone size-large wp-image-70112\" src=\"https:\/\/13muz.eu\/wp-content\/uploads\/2025\/11\/10.12.2025-Galeria-Foyer-NIE-ZLE-1920-1024x865.jpg\" alt=\"\" width=\"1024\" height=\"865\" srcset=\"https:\/\/13muz.eu\/wp-content\/uploads\/2025\/11\/10.12.2025-Galeria-Foyer-NIE-ZLE-1920-1024x865.jpg 1024w, https:\/\/13muz.eu\/wp-content\/uploads\/2025\/11\/10.12.2025-Galeria-Foyer-NIE-ZLE-1920-300x253.jpg 300w, https:\/\/13muz.eu\/wp-content\/uploads\/2025\/11\/10.12.2025-Galeria-Foyer-NIE-ZLE-1920-768x649.jpg 768w, https:\/\/13muz.eu\/wp-content\/uploads\/2025\/11\/10.12.2025-Galeria-Foyer-NIE-ZLE-1920-1536x1298.jpg 1536w, https:\/\/13muz.eu\/wp-content\/uploads\/2025\/11\/10.12.2025-Galeria-Foyer-NIE-ZLE-1920-400x338.jpg 400w, https:\/\/13muz.eu\/wp-content\/uploads\/2025\/11\/10.12.2025-Galeria-Foyer-NIE-ZLE-1920.jpg 1920w\" sizes=\"auto, (max-width: 1024px) 100vw, 1024px\" \/><\/p>\n<p style=\"text-align: justify;\"><strong>10.12.2025 \u015broda g. 17:00<\/strong><\/p>\n<p><a href=\"https:\/\/13muz.eu\/wernisaze\/nggallery\/album\/galeria-foyer-nie-zle-pomiedzy-dwoma-swiatami-sacrum-i-profanum-w-malarstwie\" target=\"_blank\" rel=\"noopener\"><strong>Zdj\u0119cia z wernisa\u017cu<\/strong><\/a><\/p>\n<p style=\"text-align: justify;\">10 grudnia (\u015broda) o godz. 17:00 zapraszamy do Galerii Foyer na otwarcie wystawy &#8211; wst\u0119p wolny.<\/p>\n<p style=\"text-align: justify;\">Wystawa czynna do 9 stycznia od poniedzia\u0142ku do pi\u0105tku w godz. 8:00-18:00 oraz w trakcie trwania wydarze\u0144 &#8211; wst\u0119p wolny.&nbsp; W dniach: 29,30,31.12. wystawa czynna w godz. 8:00-16:00. W dniach: 01,02,05,06.01. wystawa nieczynna.<\/p>\n<p style=\"text-align: justify;\">Wystawa \u201eNIE &#8211; \u0179LE\u201d jest zaproszeniem do przej\u015bcia przez cienk\u0105 granic\u0119 pomi\u0119dzy tym, co u\u015bwi\u0119cone, a tym, co codzienne, zmys\u0142owe i nieokie\u0142znane. Jej tytu\u0142, oparty na grze s\u0142\u00f3w i wieloznaczno\u015bci, odsy\u0142a do napi\u0119cia pomi\u0119dzy negacj\u0105 a afirmacj\u0105 &#8211; do gestu sprzeciwu, kt\u00f3ry jednocze\u015bnie staje si\u0119 otwarciem na nowe odczytania. \u201eNie-\u017ale\u201d to stan pomi\u0119dzy, gdzie warto\u015bci i symbole trac\u0105 sw\u0105 oczywisto\u015b\u0107, a znaczenia rodz\u0105 si\u0119 w dialogu.<\/p>\n<p style=\"text-align: justify;\">Kuratorska narracja skupia si\u0119 na malarstwie jako medium, kt\u00f3re od wiek\u00f3w mierzy si\u0119 z pytaniami o granice tego, co duchowe i cielesne. Prezentowane prace &#8211; zar\u00f3wno wsp\u00f3\u0142czesne, jak i historyczne &#8211; pokazuj\u0105, \u017ce sacrum i profanum nie s\u0105 sobie przeciwstawne w prosty spos\u00f3b, lecz przenikaj\u0105 si\u0119, tworz\u0105c dynamiczne pole wzajemnych napi\u0119\u0107.<\/p>\n<p style=\"text-align: justify;\">Sacrum objawia si\u0119 tu nie tylko w tradycyjnych przedstawieniach religijnych, ale tak\u017ce w subtelnych, niemal mistycznych jako\u015bci \u015bwiat\u0142a, w gestach artyst\u00f3w poszukuj\u0105cych tego, co niewidzialne i niewypowiedziane.<\/p>\n<p style=\"text-align: justify;\">Profanum z kolei przejawia si\u0119 w zmys\u0142owej materii farby, w cielesno\u015bci gestu, w bezpo\u015brednim dotyku codzienno\u015bci, kt\u00f3ry potrafi r\u00f3wnie mocno wzrusza\u0107 i prowokowa\u0107.<\/p>\n<p style=\"text-align: justify;\">Wystawa prowadzi widza przez obrazy, w kt\u00f3rych malarska powierzchnia staje si\u0119 miejscem spotkania dw\u00f3ch porz\u0105dk\u00f3w: wznios\u0142ego i przyziemnego. Ka\u017cda z prac jest jak medytacja nad tym, co ludzkie i boskie zarazem &#8211; nad tym, co \u201enie-\u017ale\u201d, bo wymyka si\u0119 prostym ocenom.<\/p>\n<p style=\"text-align: justify;\">Taki wyb\u00f3r pozwala widzowi prze\u015bledzi\u0107, jak malarstwo &#8211; niezale\u017cnie od epoki &#8211; staje si\u0119 laboratorium napi\u0119\u0107 mi\u0119dzy tym, co boskie, a tym, co g\u0142\u0119boko ludzkie.<\/p>\n<p style=\"text-align: justify;\">Wystawa wsp\u00f3\u0142organizowana z Pa\u0144stwowym Liceum Sztuk Plastycznych w Szczecinie.<\/p>\n<p>Wydarzenie na <a href=\"https:\/\/www.facebook.com\/events\/3238512706326742\/?acontext=%7B%22event_action_history%22%3A[%7B%22extra_data%22%3A%22%22%2C%22mechanism%22%3A%22left_rail%22%2C%22surface%22%3A%22bookmark%22%7D%2C%7B%22extra_data%22%3A%22%22%2C%22mechanism%22%3A%22surface%22%2C%22surface%22%3A%22create_dialog%22%7D]%2C%22ref_notif_type%22%3Anull%7D&amp;onload_action=open_invite_flow&amp;show_created_event_toast=true\" target=\"_blank\" rel=\"noopener\"><strong>FB<\/strong><\/a><\/p>\n","protected":false},"excerpt":{"rendered":"<p>10.12.2025 \u015broda g. 17:00 Zdj\u0119cia z wernisa\u017cu 10 grudnia (\u015broda) o godz. 17:00 zapraszamy do Galerii Foyer na otwarcie wystawy &#8211; wst\u0119p wolny. Wystawa czynna do 9 stycznia od poniedzia\u0142ku do pi\u0105tku w godz. 8:00-18:00 oraz w trakcie trwania wydarze\u0144 &#8211; wst\u0119p wolny.&nbsp; W dniach: 29,30,31.12. wystawa czynna w godz. 8:00-16:00. W dniach: 01,02,05,06.01. wystawa nieczynna. Wystawa \u201eNIE &#8211; \u0179LE\u201d jest zaproszeniem do przej\u015bcia przez cienk\u0105 granic\u0119 pomi\u0119dzy tym, co u\u015bwi\u0119cone, a tym, co codzienne, zmys\u0142owe i nieokie\u0142znane. Jej tytu\u0142, oparty na grze s\u0142\u00f3w i wieloznaczno\u015bci, odsy\u0142a do napi\u0119cia pomi\u0119dzy negacj\u0105 a afirmacj\u0105 &#8211; do gestu sprzeciwu, kt\u00f3ry jednocze\u015bnie staje [&hellip;]<\/p>\n","protected":false},"author":4,"featured_media":0,"template":"","meta":{"ngg_post_thumbnail":0,"_price":"","_stock":"","_tribe_ticket_header":"","_tribe_default_ticket_provider":"","_ticket_start_date":"","_ticket_end_date":"","_tribe_ticket_show_description":"","_tribe_ticket_show_not_going":false,"_tribe_ticket_use_global_stock":"","_tribe_ticket_global_stock_level":"","_global_stock_mode":"","_global_stock_cap":"","_tribe_rsvp_for_event":"","_tribe_ticket_going_count":"","_tribe_ticket_not_going_count":"","_tribe_tickets_list":"[]","_tribe_ticket_has_attendee_info_fields":false,"_tribe_events_status":"","_tribe_events_status_reason":"","footnotes":"","_tec_slr_enabled":"","_tec_slr_layout":""},"tags":[],"tribe_events_cat":[],"class_list":["post-70110","tribe_events","type-tribe_events","status-publish","hentry"],"ticketed":false,"post_mailing_queue_ids":[],"_links":{"self":[{"href":"https:\/\/13muz.eu\/en\/wp-json\/wp\/v2\/tribe_events\/70110","targetHints":{"allow":["GET"]}}],"collection":[{"href":"https:\/\/13muz.eu\/en\/wp-json\/wp\/v2\/tribe_events"}],"about":[{"href":"https:\/\/13muz.eu\/en\/wp-json\/wp\/v2\/types\/tribe_events"}],"author":[{"embeddable":true,"href":"https:\/\/13muz.eu\/en\/wp-json\/wp\/v2\/users\/4"}],"version-history":[{"count":0,"href":"https:\/\/13muz.eu\/en\/wp-json\/wp\/v2\/tribe_events\/70110\/revisions"}],"wp:attachment":[{"href":"https:\/\/13muz.eu\/en\/wp-json\/wp\/v2\/media?parent=70110"}],"wp:term":[{"taxonomy":"post_tag","embeddable":true,"href":"https:\/\/13muz.eu\/en\/wp-json\/wp\/v2\/tags?post=70110"},{"taxonomy":"tribe_events_cat","embeddable":true,"href":"https:\/\/13muz.eu\/en\/wp-json\/wp\/v2\/tribe_events_cat?post=70110"}],"curies":[{"name":"wp","href":"https:\/\/api.w.org\/{rel}","templated":true}]}}

10.12. / Galeria Foyer &#8211; „NIE &#8211; ŹLE. Pomiędzy dwoma światami: sacrum i profanum w malarstwie” &#8211; Zachodniopomorskie Stowarzyszenie Twórców Kultury w Szczecinie

<p><img loading="lazy" decoding="async" class="alignnone size-large wp-image-70112" src="https://13muz.eu/wp-content/uploads/2025/11/10.12.2025-Galeria-Foyer-NIE-ZLE-1920-1024x865.jpg" alt="" width="1024" height="865" srcset="https://13muz.eu/wp-content/uploads/2025/11/10.12.2025-Galeria-Foyer-NIE-ZLE-1920-1024x865.jpg 1024w, https://13muz.eu/wp-content/uploads/2025/11/10.12.2025-Galeria-Foyer-NIE-ZLE-1920-300x253.jpg 300w, https://13muz.eu/wp-content/uploads/2025/11/10.12.2025-Galeria-Foyer-NIE-ZLE-1920-768x649.jpg 768w, https://13muz.eu/wp-content/uploads/2025/11/10.12.2025-Galeria-Foyer-NIE-ZLE-1920-1536x1298.jpg 1536w, https://13muz.eu/wp-content/uploads/2025/11/10.12.2025-Galeria-Foyer-NIE-ZLE-1920-400x338.jpg 400w, https://13muz.eu/wp-content/uploads/2025/11/10.12.2025-Galeria-Foyer-NIE-ZLE-1920.jpg 1920w" sizes="auto, (max-width: 1024px) 100vw, 1024px" /></p>
<p style="text-align: justify;"><strong>10.12.2025 środa g. 17:00</strong></p>
<p><a href="https://13muz.eu/wernisaze/nggallery/album/galeria-foyer-nie-zle-pomiedzy-dwoma-swiatami-sacrum-i-profanum-w-malarstwie" target="_blank" rel="noopener"><strong>Zdjęcia z wernisażu</strong></a></p>
<p style="text-align: justify;">10 grudnia (środa) o godz. 17:00 zapraszamy do Galerii Foyer na otwarcie wystawy &#8211; wstęp wolny.</p>
<p style="text-align: justify;">Wystawa czynna do 9 stycznia od poniedziałku do piątku w godz. 8:00-18:00 oraz w trakcie trwania wydarzeń &#8211; wstęp wolny.&nbsp; W dniach: 29,30,31.12. wystawa czynna w godz. 8:00-16:00. W dniach: 01,02,05,06.01. wystawa nieczynna.</p>
<p style="text-align: justify;">Wystawa „NIE &#8211; ŹLE” jest zaproszeniem do przejścia przez cienką granicę pomiędzy tym, co uświęcone, a tym, co codzienne, zmysłowe i nieokiełznane. Jej tytuł, oparty na grze słów i wieloznaczności, odsyła do napięcia pomiędzy negacją a afirmacją &#8211; do gestu sprzeciwu, który jednocześnie staje się otwarciem na nowe odczytania. „Nie-źle” to stan pomiędzy, gdzie wartości i symbole tracą swą oczywistość, a znaczenia rodzą się w dialogu.</p>
<p style="text-align: justify;">Kuratorska narracja skupia się na malarstwie jako medium, które od wieków mierzy się z pytaniami o granice tego, co duchowe i cielesne. Prezentowane prace &#8211; zarówno współczesne, jak i historyczne &#8211; pokazują, że sacrum i profanum nie są sobie przeciwstawne w prosty sposób, lecz przenikają się, tworząc dynamiczne pole wzajemnych napięć.</p>
<p style="text-align: justify;">Sacrum objawia się tu nie tylko w tradycyjnych przedstawieniach religijnych, ale także w subtelnych, niemal mistycznych jakości światła, w gestach artystów poszukujących tego, co niewidzialne i niewypowiedziane.</p>
<p style="text-align: justify;">Profanum z kolei przejawia się w zmysłowej materii farby, w cielesności gestu, w bezpośrednim dotyku codzienności, który potrafi równie mocno wzruszać i prowokować.</p>
<p style="text-align: justify;">Wystawa prowadzi widza przez obrazy, w których malarska powierzchnia staje się miejscem spotkania dwóch porządków: wzniosłego i przyziemnego. Każda z prac jest jak medytacja nad tym, co ludzkie i boskie zarazem &#8211; nad tym, co „nie-źle”, bo wymyka się prostym ocenom.</p>
<p style="text-align: justify;">Taki wybór pozwala widzowi prześledzić, jak malarstwo &#8211; niezależnie od epoki &#8211; staje się laboratorium napięć między tym, co boskie, a tym, co głęboko ludzkie.</p>
<p style="text-align: justify;">Wystawa współorganizowana z Państwowym Liceum Sztuk Plastycznych w Szczecinie.</p>
<p>Wydarzenie na <a href="https://www.facebook.com/events/3238512706326742/?acontext=%7B%22event_action_history%22%3A[%7B%22extra_data%22%3A%22%22%2C%22mechanism%22%3A%22left_rail%22%2C%22surface%22%3A%22bookmark%22%7D%2C%7B%22extra_data%22%3A%22%22%2C%22mechanism%22%3A%22surface%22%2C%22surface%22%3A%22create_dialog%22%7D]%2C%22ref_notif_type%22%3Anull%7D&amp;onload_action=open_invite_flow&amp;show_created_event_toast=true" target="_blank" rel="noopener"><strong>FB</strong></a></p>

<p>10.12.2025 środa g. 17:00 Zdjęcia z wernisażu 10 grudnia (środa) o godz. 17:00 zapraszamy do Galerii Foyer na otwarcie wystawy &#8211; wstęp wolny. Wystawa czynna do 9 stycznia od poniedziałku do piątku w godz. 8:00-18:00 oraz w trakcie trwania wydarzeń &#8211; wstęp wolny.&nbsp; W dniach: 29,30,31.12. wystawa czynna w godz. 8:00-16:00. W dniach: 01,02,05,06.01. wystawa nieczynna. Wystawa „NIE &#8211; ŹLE” jest zaproszeniem do przejścia przez cienką granicę pomiędzy tym, co uświęcone, a tym, co codzienne, zmysłowe i nieokiełznane. Jej tytuł, oparty na grze słów i wieloznaczności, odsyła do napięcia pomiędzy negacją a afirmacją &#8211; do gestu sprzeciwu, który jednocześnie staje [&hellip;]</p>
