{"id":70097,"date":"2025-11-04T12:33:34","date_gmt":"2025-11-04T11:33:34","guid":{"rendered":"https:\/\/13muz.eu\/?post_type=tribe_events&#038;p=70097"},"modified":"2025-11-06T12:25:33","modified_gmt":"2025-11-06T11:25:33","slug":"08-12-wszystko-o-mezczyznach-podobno-najzabawniejszy-spektakl-w-szczecinie","status":"publish","type":"tribe_events","link":"https:\/\/13muz.eu\/en\/event\/08-12-wszystko-o-mezczyznach-podobno-najzabawniejszy-spektakl-w-szczecinie\/","title":{"rendered":"08.12. \/ \u201eWszystko o m\u0119\u017cczyznach\u201d &#8211; podobno najzabawniejszy spektakl w Szczecinie"},"content":{"rendered":"<p><img loading=\"lazy\" decoding=\"async\" class=\"alignnone size-large wp-image-68242\" src=\"https:\/\/13muz.eu\/wp-content\/uploads\/2025\/07\/22.09.2025-Wszystko-o-mezczyznach-1920-1024x533.jpg\" alt=\"\" width=\"1024\" height=\"533\" srcset=\"https:\/\/13muz.eu\/wp-content\/uploads\/2025\/07\/22.09.2025-Wszystko-o-mezczyznach-1920-1024x533.jpg 1024w, https:\/\/13muz.eu\/wp-content\/uploads\/2025\/07\/22.09.2025-Wszystko-o-mezczyznach-1920-300x156.jpg 300w, https:\/\/13muz.eu\/wp-content\/uploads\/2025\/07\/22.09.2025-Wszystko-o-mezczyznach-1920-768x400.jpg 768w, https:\/\/13muz.eu\/wp-content\/uploads\/2025\/07\/22.09.2025-Wszystko-o-mezczyznach-1920-1536x800.jpg 1536w, https:\/\/13muz.eu\/wp-content\/uploads\/2025\/07\/22.09.2025-Wszystko-o-mezczyznach-1920-400x208.jpg 400w, https:\/\/13muz.eu\/wp-content\/uploads\/2025\/07\/22.09.2025-Wszystko-o-mezczyznach-1920.jpg 1920w\" sizes=\"auto, (max-width: 1024px) 100vw, 1024px\" \/><\/p>\n<p><strong>08.12.2025 poniedzia\u0142ek g. 19:00<\/strong><\/p>\n<p>Cztery historie, 12 postaci i trzech aktor\u00f3w, kt\u00f3rzy brawurowo odgrywaj\u0105\u0328 kolejne role.<\/p>\n<p>\u015awiaty z pozoru nieprzystaj\u0105ce, podstarzali koledzy ze szkolnej \u0142awy, knajpiany p\u00f3\u0142\u015bwiatek, zazdro\u015bni kochankowie, niepogodzeni z utrata\u0328 matki synowie, ojciec kryj\u0105cy tajemnice\u0328 i staro\u015b\u0107 groteskowa lecz wzruszaj\u0105ca, kt\u00f3ra wie\u0144czy dzie\u0142o. To wsp\u00f3\u0142cze\u015bni m\u0119\u017cczy\u017ani ro\u017cni i podobni, bo kochaj\u0105\u0328, zdradzaj\u0105\u0328, oszukuj\u0105\u0328 i cierpi\u0105\u0328 tak samo. Walcz\u0105 ze sob\u0105 i stereotypami, w kt\u00f3re wt\u0142acza ich rzeczywisto\u015b\u0107.<\/p>\n<p>B\u0119dzie bardzo du\u017co \u015bmiechu, odrobina powagi i lekkiej zadumy&#8230;<\/p>\n<p>Taki jestem? &#8211; zapyta Pan?&nbsp; Jaki jeste\u015b? &#8211; zapyta Pani?<\/p>\n<p>Autor: Miro Gawran<br \/>\nT\u0142umacz: Anna Tuszyn\u0301ska<br \/>\nRe\u017cyseria: S\u0142awomir Ko\u0142akowski<br \/>\nKonsultacja scenograficzna: Katarzyna Banucha<\/p>\n<p>Obsada:<br \/>\nJacek Grondowy &#8211; Pawe\u0142, Tomasz, Siwy, Patryk<br \/>\nS\u0142awomir Ko\u0142akowski &#8211; Adam, Jan, Ma\u0142y, Leon<br \/>\nJacek Piotrowski &#8211; Micha\u0142, Ojciec, Maks, Robert<\/p>\n<p>Organizator: Adduna Beata Buchner<\/p>\n<p>Czas trwania: 80 min<\/p>\n<p>Miejsce: Sala Kominkowa<\/p>\n<p>Bilety: normalny 80 z\u0142 \/ ulgowy 70 z\u0142 (uczniowie, studenci, seniorzy) \/ <a href=\"http:\/\/www.biletomat.pl\" target=\"_blank\" rel=\"noopener\">www.biletomat.pl<\/a><\/p>\n<p>Bilety grupowy od 20 os\u00f3b (tylko po wcze\u015bniejszej rezerwacji telefonicznej: 509 970&nbsp;423): 65 z\u0142<\/p>\n<p>Wydarzenie na <a href=\"https:\/\/www.facebook.com\/events\/1169819711149787\/?acontext=%7B%22event_action_history%22%3A[%7B%22extra_data%22%3A%22%22%2C%22mechanism%22%3A%22left_rail%22%2C%22surface%22%3A%22bookmark%22%7D%2C%7B%22extra_data%22%3A%22%22%2C%22mechanism%22%3A%22surface%22%2C%22surface%22%3A%22create_dialog%22%7D]%2C%22ref_notif_type%22%3Anull%7D&amp;onload_action=open_invite_flow&amp;show_created_event_toast=true\" target=\"_blank\" rel=\"noopener\"><strong>FB<\/strong><\/a><\/p>\n","protected":false},"excerpt":{"rendered":"<p>08.12.2025 poniedzia\u0142ek g. 19:00 Cztery historie, 12 postaci i trzech aktor\u00f3w, kt\u00f3rzy brawurowo odgrywaj\u0105\u0328 kolejne role. \u015awiaty z pozoru nieprzystaj\u0105ce, podstarzali koledzy ze szkolnej \u0142awy, knajpiany p\u00f3\u0142\u015bwiatek, zazdro\u015bni kochankowie, niepogodzeni z utrata\u0328 matki synowie, ojciec kryj\u0105cy tajemnice\u0328 i staro\u015b\u0107 groteskowa lecz wzruszaj\u0105ca, kt\u00f3ra wie\u0144czy dzie\u0142o. To wsp\u00f3\u0142cze\u015bni m\u0119\u017cczy\u017ani ro\u017cni i podobni, bo kochaj\u0105\u0328, zdradzaj\u0105\u0328, oszukuj\u0105\u0328 i cierpi\u0105\u0328 tak samo. Walcz\u0105 ze sob\u0105 i stereotypami, w kt\u00f3re wt\u0142acza ich rzeczywisto\u015b\u0107. B\u0119dzie bardzo du\u017co \u015bmiechu, odrobina powagi i lekkiej zadumy&#8230; Taki jestem? &#8211; zapyta Pan?&nbsp; Jaki jeste\u015b? &#8211; zapyta Pani? Autor: Miro Gawran T\u0142umacz: Anna Tuszyn\u0301ska Re\u017cyseria: S\u0142awomir Ko\u0142akowski Konsultacja scenograficzna: Katarzyna [&hellip;]<\/p>\n","protected":false},"author":4,"featured_media":0,"template":"","meta":{"ngg_post_thumbnail":0,"_price":"","_stock":"","_tribe_ticket_header":"","_tribe_default_ticket_provider":"","_ticket_start_date":"","_ticket_end_date":"","_tribe_ticket_show_description":"","_tribe_ticket_show_not_going":false,"_tribe_ticket_use_global_stock":"","_tribe_ticket_global_stock_level":"","_global_stock_mode":"","_global_stock_cap":"","_tribe_rsvp_for_event":"","_tribe_ticket_going_count":"","_tribe_ticket_not_going_count":"","_tribe_tickets_list":"[]","_tribe_ticket_has_attendee_info_fields":false,"_tribe_events_status":"","_tribe_events_status_reason":"","footnotes":"","_tec_slr_enabled":"","_tec_slr_layout":""},"tags":[],"tribe_events_cat":[],"class_list":["post-70097","tribe_events","type-tribe_events","status-publish","hentry"],"ticketed":false,"post_mailing_queue_ids":[],"_links":{"self":[{"href":"https:\/\/13muz.eu\/en\/wp-json\/wp\/v2\/tribe_events\/70097","targetHints":{"allow":["GET"]}}],"collection":[{"href":"https:\/\/13muz.eu\/en\/wp-json\/wp\/v2\/tribe_events"}],"about":[{"href":"https:\/\/13muz.eu\/en\/wp-json\/wp\/v2\/types\/tribe_events"}],"author":[{"embeddable":true,"href":"https:\/\/13muz.eu\/en\/wp-json\/wp\/v2\/users\/4"}],"version-history":[{"count":0,"href":"https:\/\/13muz.eu\/en\/wp-json\/wp\/v2\/tribe_events\/70097\/revisions"}],"wp:attachment":[{"href":"https:\/\/13muz.eu\/en\/wp-json\/wp\/v2\/media?parent=70097"}],"wp:term":[{"taxonomy":"post_tag","embeddable":true,"href":"https:\/\/13muz.eu\/en\/wp-json\/wp\/v2\/tags?post=70097"},{"taxonomy":"tribe_events_cat","embeddable":true,"href":"https:\/\/13muz.eu\/en\/wp-json\/wp\/v2\/tribe_events_cat?post=70097"}],"curies":[{"name":"wp","href":"https:\/\/api.w.org\/{rel}","templated":true}]}}

08.12. / „Wszystko o mężczyznach” &#8211; podobno najzabawniejszy spektakl w Szczecinie

<p><img loading="lazy" decoding="async" class="alignnone size-large wp-image-68242" src="https://13muz.eu/wp-content/uploads/2025/07/22.09.2025-Wszystko-o-mezczyznach-1920-1024x533.jpg" alt="" width="1024" height="533" srcset="https://13muz.eu/wp-content/uploads/2025/07/22.09.2025-Wszystko-o-mezczyznach-1920-1024x533.jpg 1024w, https://13muz.eu/wp-content/uploads/2025/07/22.09.2025-Wszystko-o-mezczyznach-1920-300x156.jpg 300w, https://13muz.eu/wp-content/uploads/2025/07/22.09.2025-Wszystko-o-mezczyznach-1920-768x400.jpg 768w, https://13muz.eu/wp-content/uploads/2025/07/22.09.2025-Wszystko-o-mezczyznach-1920-1536x800.jpg 1536w, https://13muz.eu/wp-content/uploads/2025/07/22.09.2025-Wszystko-o-mezczyznach-1920-400x208.jpg 400w, https://13muz.eu/wp-content/uploads/2025/07/22.09.2025-Wszystko-o-mezczyznach-1920.jpg 1920w" sizes="auto, (max-width: 1024px) 100vw, 1024px" /></p>
<p><strong>08.12.2025 poniedziałek g. 19:00</strong></p>
<p>Cztery historie, 12 postaci i trzech aktorów, którzy brawurowo odgrywają̨ kolejne role.</p>
<p>Światy z pozoru nieprzystające, podstarzali koledzy ze szkolnej ławy, knajpiany półświatek, zazdrośni kochankowie, niepogodzeni z utratą matki synowie, ojciec kryjący tajemnicę i starość groteskowa lecz wzruszająca, która wieńczy dzieło. To współcześni mężczyźni rożni i podobni, bo kochają̨, zdradzają̨, oszukują̨ i cierpią̨ tak samo. Walczą ze sobą i stereotypami, w które wtłacza ich rzeczywistość.</p>
<p>Będzie bardzo dużo śmiechu, odrobina powagi i lekkiej zadumy&#8230;</p>
<p>Taki jestem? &#8211; zapyta Pan?&nbsp; Jaki jesteś? &#8211; zapyta Pani?</p>
<p>Autor: Miro Gawran<br />
Tłumacz: Anna Tuszyńska<br />
Reżyseria: Sławomir Kołakowski<br />
Konsultacja scenograficzna: Katarzyna Banucha</p>
<p>Obsada:<br />
Jacek Grondowy &#8211; Paweł, Tomasz, Siwy, Patryk<br />
Sławomir Kołakowski &#8211; Adam, Jan, Mały, Leon<br />
Jacek Piotrowski &#8211; Michał, Ojciec, Maks, Robert</p>
<p>Organizator: Adduna Beata Buchner</p>
<p>Czas trwania: 80 min</p>
<p>Miejsce: Sala Kominkowa</p>
<p>Bilety: normalny 80 zł / ulgowy 70 zł (uczniowie, studenci, seniorzy) / <a href="http://www.biletomat.pl" target="_blank" rel="noopener">www.biletomat.pl</a></p>
<p>Bilety grupowy od 20 osób (tylko po wcześniejszej rezerwacji telefonicznej: 509 970&nbsp;423): 65 zł</p>
<p>Wydarzenie na <a href="https://www.facebook.com/events/1169819711149787/?acontext=%7B%22event_action_history%22%3A[%7B%22extra_data%22%3A%22%22%2C%22mechanism%22%3A%22left_rail%22%2C%22surface%22%3A%22bookmark%22%7D%2C%7B%22extra_data%22%3A%22%22%2C%22mechanism%22%3A%22surface%22%2C%22surface%22%3A%22create_dialog%22%7D]%2C%22ref_notif_type%22%3Anull%7D&amp;onload_action=open_invite_flow&amp;show_created_event_toast=true" target="_blank" rel="noopener"><strong>FB</strong></a></p>

<p>08.12.2025 poniedziałek g. 19:00 Cztery historie, 12 postaci i trzech aktorów, którzy brawurowo odgrywają̨ kolejne role. Światy z pozoru nieprzystające, podstarzali koledzy ze szkolnej ławy, knajpiany półświatek, zazdrośni kochankowie, niepogodzeni z utratą matki synowie, ojciec kryjący tajemnicę i starość groteskowa lecz wzruszająca, która wieńczy dzieło. To współcześni mężczyźni rożni i podobni, bo kochają̨, zdradzają̨, oszukują̨ i cierpią̨ tak samo. Walczą ze sobą i stereotypami, w które wtłacza ich rzeczywistość. Będzie bardzo dużo śmiechu, odrobina powagi i lekkiej zadumy&#8230; Taki jestem? &#8211; zapyta Pan?&nbsp; Jaki jesteś? &#8211; zapyta Pani? Autor: Miro Gawran Tłumacz: Anna Tuszyńska Reżyseria: Sławomir Kołakowski Konsultacja scenograficzna: Katarzyna [&hellip;]</p>
