{"id":70092,"date":"2025-11-04T12:11:19","date_gmt":"2025-11-04T11:11:19","guid":{"rendered":"https:\/\/13muz.eu\/?post_type=tribe_events&#038;p=70092"},"modified":"2025-11-06T12:21:56","modified_gmt":"2025-11-06T11:21:56","slug":"06-12-12-teatr-uhuru-w-schlos-trebnitz-zamek-trebnitz-na-miedzynarodowych-warsztatach-artystycznych-kreatywna-europa","status":"publish","type":"tribe_events","link":"https:\/\/13muz.eu\/en\/event\/06-12-12-teatr-uhuru-w-schlos-trebnitz-zamek-trebnitz-na-miedzynarodowych-warsztatach-artystycznych-kreatywna-europa\/","title":{"rendered":"06-12.12. \/ Teatr Uhuru w Schlo\u00df Trebnitz (Zamek Trebnitz) na mi\u0119dzynarodowych warsztatach artystycznych \u201eKreatywna Europa\u201d"},"content":{"rendered":"<p><img loading=\"lazy\" decoding=\"async\" class=\"alignnone size-large wp-image-70094\" src=\"https:\/\/13muz.eu\/wp-content\/uploads\/2025\/11\/06-12.12.2025-Teatr-Uhuru-w-Schlos-Trebnitz-1024x582.jpg\" alt=\"\" width=\"1024\" height=\"582\" srcset=\"https:\/\/13muz.eu\/wp-content\/uploads\/2025\/11\/06-12.12.2025-Teatr-Uhuru-w-Schlos-Trebnitz-1024x582.jpg 1024w, https:\/\/13muz.eu\/wp-content\/uploads\/2025\/11\/06-12.12.2025-Teatr-Uhuru-w-Schlos-Trebnitz-300x171.jpg 300w, https:\/\/13muz.eu\/wp-content\/uploads\/2025\/11\/06-12.12.2025-Teatr-Uhuru-w-Schlos-Trebnitz-768x437.jpg 768w, https:\/\/13muz.eu\/wp-content\/uploads\/2025\/11\/06-12.12.2025-Teatr-Uhuru-w-Schlos-Trebnitz-1536x874.jpg 1536w, https:\/\/13muz.eu\/wp-content\/uploads\/2025\/11\/06-12.12.2025-Teatr-Uhuru-w-Schlos-Trebnitz-400x228.jpg 400w, https:\/\/13muz.eu\/wp-content\/uploads\/2025\/11\/06-12.12.2025-Teatr-Uhuru-w-Schlos-Trebnitz.jpg 1920w\" sizes=\"auto, (max-width: 1024px) 100vw, 1024px\" \/><\/p>\n<p style=\"text-align: justify;\"><strong>06-12.12.2025 sobota-pi\u0105tek<\/strong><\/p>\n<p style=\"text-align: justify;\">W dniach 6-12 grudnia br. m\u0142odzie\u017c z Pracowni Teatralnej Teatr Uhuru z Domu Kultury \u201e13 Muz\u201d po raz kolejny we\u017amie udzia\u0142 w corocznym projekcie m\u0142odzie\u017cowym \u201eKreatywna Europa\u201d, finansowanym przez Erasmus+ w Centrum Edukacyjnym Schlo\u00df Trebnitz (Zamek Trebnitz) w Brandenburgii. B\u0119d\u0105 to polsko-czesko-niemiecko-litewskie warsztaty artystyczne, na kt\u00f3re z\u0142o\u017c\u0105 si\u0119 takie aktywno\u015bci jak: teatr, muzyka i piosenka, film, komiks i fotografia.<\/p>\n<p style=\"text-align: justify;\">Koordynatorem projektu z ramienia Domu Kultury \u201e13 Muz\u201d jest Janusz Janiszewski opiekun artystyczny Pracowni Teatralnej Teatr Uhuru.<\/p>\n<p style=\"text-align: justify;\"><a href=\"https:\/\/13muz.eu\/teatr-uhuru-mlodziezowa-pracownia-teatralna\/\" target=\"_blank\" rel=\"noopener\">Pracownia Teatralna Teatr Uhuru<\/a><br \/>\nGrupa m\u0142odzie\u017cy pracuje przez ca\u0142y sezon w ramach pracowni w Domu Kultury \u201e13 Muz\u201d pod kierunkiem instruktora Janusza Janiszewskiego. W pracowni dzia\u0142a kilka zespo\u0142\u00f3w tw\u00f3rczych realizuj\u0105cych przez ca\u0142y rok szkolny w\u0142asne pomys\u0142y i programy artystyczne. Fina\u0142em tej ca\u0142orocznej pracy jest Festiwal Sztuk Uhuru organizowany w czerwcu.<\/p>\n<p style=\"text-align: justify;\">Przed\u0142u\u017ceniem wakacyjnym festiwalu jest wsp\u00f3lny Polsko-Niemiecki Festiwal Teatr\u00f3w Szkolnych Schultheaterfest w Schwedt organizowany przez Teatr Uckerm\u00e4rkische B\u00fchnen w Schwedt, na kt\u00f3rym wyst\u0119puj\u0105 tak\u017ce teatry z Polski zaproszone przez Teatr Uhuru. W ramach pracowni przez ca\u0142y rok dzia\u0142a tak\u017ce ekipa wolontariuszy koordynuj\u0105ca przygotowania do Festiwalu Sztuk Uhuru jako Rada Programowa. Aktorzy Uhuru bior\u0105 tak\u017ce udzia\u0142 w wielu wakacyjnych projektach wymiany m\u0142odzie\u017cy, np. w o\u015brodku Hirschluch oraz wanseeFORUM w Berlinie.<\/p>\n<p style=\"text-align: justify;\">Opieka organizacyjna: Janusz Janiszewski<\/p>\n<p>Wydarzenie na <a href=\"https:\/\/www.facebook.com\/events\/1092053429672631\/?acontext=%7B%22event_action_history%22%3A[%7B%22extra_data%22%3A%22%22%2C%22mechanism%22%3A%22left_rail%22%2C%22surface%22%3A%22bookmark%22%7D%2C%7B%22extra_data%22%3A%22%22%2C%22mechanism%22%3A%22surface%22%2C%22surface%22%3A%22create_dialog%22%7D]%2C%22ref_notif_type%22%3Anull%7D&amp;onload_action=open_invite_flow&amp;show_created_event_toast=true\" target=\"_blank\" rel=\"noopener\"><strong>FB<\/strong><\/a><\/p>\n","protected":false},"excerpt":{"rendered":"<p>06-12.12.2025 sobota-pi\u0105tek W dniach 6-12 grudnia br. m\u0142odzie\u017c z Pracowni Teatralnej Teatr Uhuru z Domu Kultury \u201e13 Muz\u201d po raz kolejny we\u017amie udzia\u0142 w corocznym projekcie m\u0142odzie\u017cowym \u201eKreatywna Europa\u201d, finansowanym przez Erasmus+ w Centrum Edukacyjnym Schlo\u00df Trebnitz (Zamek Trebnitz) w Brandenburgii. B\u0119d\u0105 to polsko-czesko-niemiecko-litewskie warsztaty artystyczne, na kt\u00f3re z\u0142o\u017c\u0105 si\u0119 takie aktywno\u015bci jak: teatr, muzyka i piosenka, film, komiks i fotografia. Koordynatorem projektu z ramienia Domu Kultury \u201e13 Muz\u201d jest Janusz Janiszewski opiekun artystyczny Pracowni Teatralnej Teatr Uhuru. Pracownia Teatralna Teatr Uhuru Grupa m\u0142odzie\u017cy pracuje przez ca\u0142y sezon w ramach pracowni w Domu Kultury \u201e13 Muz\u201d pod kierunkiem instruktora Janusza [&hellip;]<\/p>\n","protected":false},"author":4,"featured_media":0,"template":"","meta":{"ngg_post_thumbnail":0,"_price":"","_stock":"","_tribe_ticket_header":"","_tribe_default_ticket_provider":"","_ticket_start_date":"","_ticket_end_date":"","_tribe_ticket_show_description":"","_tribe_ticket_show_not_going":false,"_tribe_ticket_use_global_stock":"","_tribe_ticket_global_stock_level":"","_global_stock_mode":"","_global_stock_cap":"","_tribe_rsvp_for_event":"","_tribe_ticket_going_count":"","_tribe_ticket_not_going_count":"","_tribe_tickets_list":"[]","_tribe_ticket_has_attendee_info_fields":false,"_tribe_events_status":"","_tribe_events_status_reason":"","footnotes":"","_tec_slr_enabled":"","_tec_slr_layout":""},"tags":[],"tribe_events_cat":[],"class_list":["post-70092","tribe_events","type-tribe_events","status-publish","hentry"],"ticketed":false,"post_mailing_queue_ids":[],"_links":{"self":[{"href":"https:\/\/13muz.eu\/en\/wp-json\/wp\/v2\/tribe_events\/70092","targetHints":{"allow":["GET"]}}],"collection":[{"href":"https:\/\/13muz.eu\/en\/wp-json\/wp\/v2\/tribe_events"}],"about":[{"href":"https:\/\/13muz.eu\/en\/wp-json\/wp\/v2\/types\/tribe_events"}],"author":[{"embeddable":true,"href":"https:\/\/13muz.eu\/en\/wp-json\/wp\/v2\/users\/4"}],"version-history":[{"count":0,"href":"https:\/\/13muz.eu\/en\/wp-json\/wp\/v2\/tribe_events\/70092\/revisions"}],"wp:attachment":[{"href":"https:\/\/13muz.eu\/en\/wp-json\/wp\/v2\/media?parent=70092"}],"wp:term":[{"taxonomy":"post_tag","embeddable":true,"href":"https:\/\/13muz.eu\/en\/wp-json\/wp\/v2\/tags?post=70092"},{"taxonomy":"tribe_events_cat","embeddable":true,"href":"https:\/\/13muz.eu\/en\/wp-json\/wp\/v2\/tribe_events_cat?post=70092"}],"curies":[{"name":"wp","href":"https:\/\/api.w.org\/{rel}","templated":true}]}}

06-12.12. / Teatr Uhuru w Schloß Trebnitz (Zamek Trebnitz) na międzynarodowych warsztatach artystycznych „Kreatywna Europa”

<p><img loading="lazy" decoding="async" class="alignnone size-large wp-image-70094" src="https://13muz.eu/wp-content/uploads/2025/11/06-12.12.2025-Teatr-Uhuru-w-Schlos-Trebnitz-1024x582.jpg" alt="" width="1024" height="582" srcset="https://13muz.eu/wp-content/uploads/2025/11/06-12.12.2025-Teatr-Uhuru-w-Schlos-Trebnitz-1024x582.jpg 1024w, https://13muz.eu/wp-content/uploads/2025/11/06-12.12.2025-Teatr-Uhuru-w-Schlos-Trebnitz-300x171.jpg 300w, https://13muz.eu/wp-content/uploads/2025/11/06-12.12.2025-Teatr-Uhuru-w-Schlos-Trebnitz-768x437.jpg 768w, https://13muz.eu/wp-content/uploads/2025/11/06-12.12.2025-Teatr-Uhuru-w-Schlos-Trebnitz-1536x874.jpg 1536w, https://13muz.eu/wp-content/uploads/2025/11/06-12.12.2025-Teatr-Uhuru-w-Schlos-Trebnitz-400x228.jpg 400w, https://13muz.eu/wp-content/uploads/2025/11/06-12.12.2025-Teatr-Uhuru-w-Schlos-Trebnitz.jpg 1920w" sizes="auto, (max-width: 1024px) 100vw, 1024px" /></p>
<p style="text-align: justify;"><strong>06-12.12.2025 sobota-piątek</strong></p>
<p style="text-align: justify;">W dniach 6-12 grudnia br. młodzież z Pracowni Teatralnej Teatr Uhuru z Domu Kultury „13 Muz” po raz kolejny weźmie udział w corocznym projekcie młodzieżowym „Kreatywna Europa”, finansowanym przez Erasmus+ w Centrum Edukacyjnym Schloß Trebnitz (Zamek Trebnitz) w Brandenburgii. Będą to polsko-czesko-niemiecko-litewskie warsztaty artystyczne, na które złożą się takie aktywności jak: teatr, muzyka i piosenka, film, komiks i fotografia.</p>
<p style="text-align: justify;">Koordynatorem projektu z ramienia Domu Kultury „13 Muz” jest Janusz Janiszewski opiekun artystyczny Pracowni Teatralnej Teatr Uhuru.</p>
<p style="text-align: justify;"><a href="https://13muz.eu/teatr-uhuru-mlodziezowa-pracownia-teatralna/" target="_blank" rel="noopener">Pracownia Teatralna Teatr Uhuru</a><br />
Grupa młodzieży pracuje przez cały sezon w ramach pracowni w Domu Kultury „13 Muz” pod kierunkiem instruktora Janusza Janiszewskiego. W pracowni działa kilka zespołów twórczych realizujących przez cały rok szkolny własne pomysły i programy artystyczne. Finałem tej całorocznej pracy jest Festiwal Sztuk Uhuru organizowany w czerwcu.</p>
<p style="text-align: justify;">Przedłużeniem wakacyjnym festiwalu jest wspólny Polsko-Niemiecki Festiwal Teatrów Szkolnych Schultheaterfest w Schwedt organizowany przez Teatr Uckermärkische Bühnen w Schwedt, na którym występują także teatry z Polski zaproszone przez Teatr Uhuru. W ramach pracowni przez cały rok działa także ekipa wolontariuszy koordynująca przygotowania do Festiwalu Sztuk Uhuru jako Rada Programowa. Aktorzy Uhuru biorą także udział w wielu wakacyjnych projektach wymiany młodzieży, np. w ośrodku Hirschluch oraz wanseeFORUM w Berlinie.</p>
<p style="text-align: justify;">Opieka organizacyjna: Janusz Janiszewski</p>
<p>Wydarzenie na <a href="https://www.facebook.com/events/1092053429672631/?acontext=%7B%22event_action_history%22%3A[%7B%22extra_data%22%3A%22%22%2C%22mechanism%22%3A%22left_rail%22%2C%22surface%22%3A%22bookmark%22%7D%2C%7B%22extra_data%22%3A%22%22%2C%22mechanism%22%3A%22surface%22%2C%22surface%22%3A%22create_dialog%22%7D]%2C%22ref_notif_type%22%3Anull%7D&amp;onload_action=open_invite_flow&amp;show_created_event_toast=true" target="_blank" rel="noopener"><strong>FB</strong></a></p>

<p>06-12.12.2025 sobota-piątek W dniach 6-12 grudnia br. młodzież z Pracowni Teatralnej Teatr Uhuru z Domu Kultury „13 Muz” po raz kolejny weźmie udział w corocznym projekcie młodzieżowym „Kreatywna Europa”, finansowanym przez Erasmus+ w Centrum Edukacyjnym Schloß Trebnitz (Zamek Trebnitz) w Brandenburgii. Będą to polsko-czesko-niemiecko-litewskie warsztaty artystyczne, na które złożą się takie aktywności jak: teatr, muzyka i piosenka, film, komiks i fotografia. Koordynatorem projektu z ramienia Domu Kultury „13 Muz” jest Janusz Janiszewski opiekun artystyczny Pracowni Teatralnej Teatr Uhuru. Pracownia Teatralna Teatr Uhuru Grupa młodzieży pracuje przez cały sezon w ramach pracowni w Domu Kultury „13 Muz” pod kierunkiem instruktora Janusza [&hellip;]</p>
