{"id":70074,"date":"2025-11-04T11:46:20","date_gmt":"2025-11-04T10:46:20","guid":{"rendered":"https:\/\/13muz.eu\/?post_type=tribe_events&#038;p=70074"},"modified":"2025-12-30T14:05:27","modified_gmt":"2025-12-30T13:05:27","slug":"04-12-galeria-enter-ewa-lidia-poszukiwania-2-0-syzyf-fotografia-grafika-maria-kulbacka-fragmenty-2-0-piekno-jest-w-nas-grafika-rysunek","status":"publish","type":"tribe_events","link":"https:\/\/13muz.eu\/en\/event\/04-12-galeria-enter-ewa-lidia-poszukiwania-2-0-syzyf-fotografia-grafika-maria-kulbacka-fragmenty-2-0-piekno-jest-w-nas-grafika-rysunek\/","title":{"rendered":"04.12. \/ Galeria Enter &#8211; Ewa Lidia &#8211; Poszukiwania 2.0 &#8211; Syzyf &#8211; fotografia, grafika \/ Maria Kulbacka &#8211; Fragmenty 2.0 &#8211; \u2026pi\u0119kno jest w nas&#8230; &#8211; grafika, rysunek"},"content":{"rendered":"<p><img loading=\"lazy\" decoding=\"async\" class=\"alignnone size-large wp-image-70076\" src=\"https:\/\/13muz.eu\/wp-content\/uploads\/2025\/11\/04.12.2025-Galeria-Enter-Ewa-Lidia-1920-1024x526.jpg\" alt=\"\" width=\"1024\" height=\"526\" srcset=\"https:\/\/13muz.eu\/wp-content\/uploads\/2025\/11\/04.12.2025-Galeria-Enter-Ewa-Lidia-1920-1024x526.jpg 1024w, https:\/\/13muz.eu\/wp-content\/uploads\/2025\/11\/04.12.2025-Galeria-Enter-Ewa-Lidia-1920-300x154.jpg 300w, https:\/\/13muz.eu\/wp-content\/uploads\/2025\/11\/04.12.2025-Galeria-Enter-Ewa-Lidia-1920-768x394.jpg 768w, https:\/\/13muz.eu\/wp-content\/uploads\/2025\/11\/04.12.2025-Galeria-Enter-Ewa-Lidia-1920-1536x789.jpg 1536w, https:\/\/13muz.eu\/wp-content\/uploads\/2025\/11\/04.12.2025-Galeria-Enter-Ewa-Lidia-1920-400x205.jpg 400w, https:\/\/13muz.eu\/wp-content\/uploads\/2025\/11\/04.12.2025-Galeria-Enter-Ewa-Lidia-1920.jpg 1920w\" sizes=\"auto, (max-width: 1024px) 100vw, 1024px\" \/><\/p>\n<p style=\"text-align: justify;\"><strong>04.12.2025 czwartek g. 17:00<\/strong><\/p>\n<p><a href=\"https:\/\/13muz.eu\/wernisaze\/nggallery\/album\/galeria-enter-ewa-lidia-poszukiwania-2-0_syzyf-fotografia-grafika-_-maria-kulbacka-fragmenty-2-0_piekno-jest-w-nas-grafika-rysunek\" target=\"_blank\" rel=\"noopener\"><strong>Zdj\u0119cia z wernisa\u017cu<\/strong><\/a><\/p>\n<p style=\"text-align: justify;\">4 grudnia (czwartek) o godz. 17:00 zapraszamy do Galerii Enter na otwarcie wystawy &#8211; wst\u0119p wolny.<\/p>\n<p style=\"text-align: justify;\">Wystawa czynna do 31 grudnia od poniedzia\u0142ku do pi\u0105tku w godz. 8:00-18:00 oraz w trakcie trwania wydarze\u0144 &#8211; wst\u0119p wolny. W dniach: 29 i 30.12. wystawa czynna w godz. 8:00-16:00. W dniu 31.12. wystawa czynna w godz. 8:00-15:00.<\/p>\n<p style=\"text-align: justify;\"><strong>Ewa Lidia<\/strong> &#8211; absolwentka Liceum Sztuk Plastycznych w Supra\u015blu i Top- Art w Szczecinie. Cz\u0142onkini Szczeci\u0144skiego Towarzystwa Fotograficznego, Polish Women Photographers i Towarzystwa Dobrej Fotografii.<\/p>\n<p style=\"text-align: justify;\">Wystawa \u201eSyzyf\u201d to refleksja nad nieuchronno\u015bci\u0105 up\u0142ywu czasu i wysi\u0142ku, kt\u00f3ry cz\u0142owiek wk\u0142ada w swoje \u017cycie, nawet je\u015bli jego praca wydaje si\u0119 nie mie\u0107 ko\u0144ca. W zderzeniu z mitem o Syzyfie pojawiaj\u0105 si\u0119 pytania: Czy w nieustannym d\u0105\u017ceniu jest sens? Czy w ci\u0119\u017carze codziennych obowi\u0105zk\u00f3w mo\u017cna odnale\u017a\u0107 pi\u0119kno?<\/p>\n<p style=\"text-align: justify;\">Fotografie i grafiki ukazuj\u0105 przemijanie, tak\u017ce poprzez krajobrazy, w kt\u00f3rych czas zdaje si\u0119 zatrzymywa\u0107, poprzez przedmioty pokryte patyn\u0105 lat. To historie pe\u0142ne trudu, ale i cichej nadziei. To podr\u00f3\u017c przez \u015bwiat pe\u0142en symboli &#8211; zegar\u00f3w, kamieni, zmarszczek na d\u0142oniach &#8211; przypominaj\u0105cych o naszej krucho\u015bci, ale i sile.<\/p>\n<p style=\"text-align: justify;\">Wystawa zaprasza do zatrzymania si\u0119 i spojrzenia na w\u0142asne \u017cycie w \u015bwietle wiecznej w\u0119dr\u00f3wki Syzyfa.<\/p>\n<p style=\"text-align: justify;\"><strong>Maria Kulbacka<\/strong> &#8211; Absolwentka Liceum Plastycznego w Supra\u015blu i Akademii Sztuk Pi\u0119knych w Poznaniu na Wydziale Edukacji Artystycznej. Cz\u0142onek ZPAP w Szczecinie.<\/p>\n<p style=\"text-align: justify;\">Po raz kolejny mog\u0119 zaprezentowa\u0107 swoj\u0105 tw\u00f3rczo\u015b\u0107 w Domu Kultury \u201e13 Muz\u201d, st\u0105d tytu\u0142 wystawy: Fragmenty 2.0\u2026 pi\u0119kno jest w nas!<\/p>\n<p style=\"text-align: justify;\">Dlaczego fragmenty?<\/p>\n<p style=\"text-align: justify;\">Bo to tematy r\u00f3\u017cne i techniki r\u00f3\u017cne&#8230; tak jakby z \u017cycia urywki.<\/p>\n<p style=\"text-align: justify;\">W mojej tw\u00f3rczo\u015bci \u0142\u0105cz\u0119 elementy realizmu z abstrakcj\u0105 wykorzystuj\u0105c klasyczny rysunek i wsp\u00f3\u0142czesne \u015brodki wyrazu takie jak np. grafika komputerowa. Nigdy nie znam ko\u0144cowego efektu. Zaczynam od kreski, a co b\u0119dzie dalej?<\/p>\n<p style=\"text-align: justify;\">&#8230; i to jest fascynuj\u0105ce!<\/p>\n<p style=\"text-align: justify;\">Kaligrafia jest r\u00f3wnie\u017c jednym z moich ulubionych \u015brodk\u00f3w wyrazu artystycznego. \u015aredniowieczne r\u0119kopisy od dawna zachwycaj\u0105 mnie swoim kunsztem wykonania i bogactwem ornamentyki. Inspiracja tym tematem jest wyra\u017ana w moich pracach.&nbsp; \u0141\u0105cz\u0119 \u015bwiat emocji i wewn\u0119trznych prze\u017cy\u0107 w tym co najbardziej mnie identyfikuje, czyli w sztuce.<\/p>\n<p style=\"text-align: justify;\">&#8230; pi\u0119kno jest w nas!<\/p>\n<p>Wydarzenie na <a href=\"https:\/\/www.facebook.com\/events\/1530920794509911\/?acontext=%7B%22event_action_history%22%3A[%7B%22extra_data%22%3A%22%22%2C%22mechanism%22%3A%22left_rail%22%2C%22surface%22%3A%22bookmark%22%7D%2C%7B%22extra_data%22%3A%22%22%2C%22mechanism%22%3A%22surface%22%2C%22surface%22%3A%22create_dialog%22%7D]%2C%22ref_notif_type%22%3Anull%7D&amp;onload_action=open_invite_flow&amp;show_created_event_toast=true\" target=\"_blank\" rel=\"noopener\"><strong>FB<\/strong><\/a><\/p>\n","protected":false},"excerpt":{"rendered":"<p>04.12.2025 czwartek g. 17:00 Zdj\u0119cia z wernisa\u017cu 4 grudnia (czwartek) o godz. 17:00 zapraszamy do Galerii Enter na otwarcie wystawy &#8211; wst\u0119p wolny. Wystawa czynna do 31 grudnia od poniedzia\u0142ku do pi\u0105tku w godz. 8:00-18:00 oraz w trakcie trwania wydarze\u0144 &#8211; wst\u0119p wolny. W dniach: 29 i 30.12. wystawa czynna w godz. 8:00-16:00. W dniu 31.12. wystawa czynna w godz. 8:00-15:00. Ewa Lidia &#8211; absolwentka Liceum Sztuk Plastycznych w Supra\u015blu i Top- Art w Szczecinie. Cz\u0142onkini Szczeci\u0144skiego Towarzystwa Fotograficznego, Polish Women Photographers i Towarzystwa Dobrej Fotografii. Wystawa \u201eSyzyf\u201d to refleksja nad nieuchronno\u015bci\u0105 up\u0142ywu czasu i wysi\u0142ku, kt\u00f3ry cz\u0142owiek wk\u0142ada w [&hellip;]<\/p>\n","protected":false},"author":4,"featured_media":0,"template":"","meta":{"ngg_post_thumbnail":0,"_price":"","_stock":"","_tribe_ticket_header":"","_tribe_default_ticket_provider":"","_ticket_start_date":"","_ticket_end_date":"","_tribe_ticket_show_description":"","_tribe_ticket_show_not_going":false,"_tribe_ticket_use_global_stock":"","_tribe_ticket_global_stock_level":"","_global_stock_mode":"","_global_stock_cap":"","_tribe_rsvp_for_event":"","_tribe_ticket_going_count":"","_tribe_ticket_not_going_count":"","_tribe_tickets_list":"[]","_tribe_ticket_has_attendee_info_fields":false,"_tribe_events_status":"","_tribe_events_status_reason":"","footnotes":"","_tec_slr_enabled":"","_tec_slr_layout":""},"tags":[],"tribe_events_cat":[],"class_list":["post-70074","tribe_events","type-tribe_events","status-publish","hentry"],"ticketed":false,"post_mailing_queue_ids":[],"_links":{"self":[{"href":"https:\/\/13muz.eu\/en\/wp-json\/wp\/v2\/tribe_events\/70074","targetHints":{"allow":["GET"]}}],"collection":[{"href":"https:\/\/13muz.eu\/en\/wp-json\/wp\/v2\/tribe_events"}],"about":[{"href":"https:\/\/13muz.eu\/en\/wp-json\/wp\/v2\/types\/tribe_events"}],"author":[{"embeddable":true,"href":"https:\/\/13muz.eu\/en\/wp-json\/wp\/v2\/users\/4"}],"version-history":[{"count":0,"href":"https:\/\/13muz.eu\/en\/wp-json\/wp\/v2\/tribe_events\/70074\/revisions"}],"wp:attachment":[{"href":"https:\/\/13muz.eu\/en\/wp-json\/wp\/v2\/media?parent=70074"}],"wp:term":[{"taxonomy":"post_tag","embeddable":true,"href":"https:\/\/13muz.eu\/en\/wp-json\/wp\/v2\/tags?post=70074"},{"taxonomy":"tribe_events_cat","embeddable":true,"href":"https:\/\/13muz.eu\/en\/wp-json\/wp\/v2\/tribe_events_cat?post=70074"}],"curies":[{"name":"wp","href":"https:\/\/api.w.org\/{rel}","templated":true}]}}

04.12. / Galeria Enter &#8211; Ewa Lidia &#8211; Poszukiwania 2.0 &#8211; Syzyf &#8211; fotografia, grafika / Maria Kulbacka &#8211; Fragmenty 2.0 &#8211; …piękno jest w nas&#8230; &#8211; grafika, rysunek

<p><img loading="lazy" decoding="async" class="alignnone size-large wp-image-70076" src="https://13muz.eu/wp-content/uploads/2025/11/04.12.2025-Galeria-Enter-Ewa-Lidia-1920-1024x526.jpg" alt="" width="1024" height="526" srcset="https://13muz.eu/wp-content/uploads/2025/11/04.12.2025-Galeria-Enter-Ewa-Lidia-1920-1024x526.jpg 1024w, https://13muz.eu/wp-content/uploads/2025/11/04.12.2025-Galeria-Enter-Ewa-Lidia-1920-300x154.jpg 300w, https://13muz.eu/wp-content/uploads/2025/11/04.12.2025-Galeria-Enter-Ewa-Lidia-1920-768x394.jpg 768w, https://13muz.eu/wp-content/uploads/2025/11/04.12.2025-Galeria-Enter-Ewa-Lidia-1920-1536x789.jpg 1536w, https://13muz.eu/wp-content/uploads/2025/11/04.12.2025-Galeria-Enter-Ewa-Lidia-1920-400x205.jpg 400w, https://13muz.eu/wp-content/uploads/2025/11/04.12.2025-Galeria-Enter-Ewa-Lidia-1920.jpg 1920w" sizes="auto, (max-width: 1024px) 100vw, 1024px" /></p>
<p style="text-align: justify;"><strong>04.12.2025 czwartek g. 17:00</strong></p>
<p><a href="https://13muz.eu/wernisaze/nggallery/album/galeria-enter-ewa-lidia-poszukiwania-2-0_syzyf-fotografia-grafika-_-maria-kulbacka-fragmenty-2-0_piekno-jest-w-nas-grafika-rysunek" target="_blank" rel="noopener"><strong>Zdjęcia z wernisażu</strong></a></p>
<p style="text-align: justify;">4 grudnia (czwartek) o godz. 17:00 zapraszamy do Galerii Enter na otwarcie wystawy &#8211; wstęp wolny.</p>
<p style="text-align: justify;">Wystawa czynna do 31 grudnia od poniedziałku do piątku w godz. 8:00-18:00 oraz w trakcie trwania wydarzeń &#8211; wstęp wolny. W dniach: 29 i 30.12. wystawa czynna w godz. 8:00-16:00. W dniu 31.12. wystawa czynna w godz. 8:00-15:00.</p>
<p style="text-align: justify;"><strong>Ewa Lidia</strong> &#8211; absolwentka Liceum Sztuk Plastycznych w Supraślu i Top- Art w Szczecinie. Członkini Szczecińskiego Towarzystwa Fotograficznego, Polish Women Photographers i Towarzystwa Dobrej Fotografii.</p>
<p style="text-align: justify;">Wystawa „Syzyf” to refleksja nad nieuchronnością upływu czasu i wysiłku, który człowiek wkłada w swoje życie, nawet jeśli jego praca wydaje się nie mieć końca. W zderzeniu z mitem o Syzyfie pojawiają się pytania: Czy w nieustannym dążeniu jest sens? Czy w ciężarze codziennych obowiązków można odnaleźć piękno?</p>
<p style="text-align: justify;">Fotografie i grafiki ukazują przemijanie, także poprzez krajobrazy, w których czas zdaje się zatrzymywać, poprzez przedmioty pokryte patyną lat. To historie pełne trudu, ale i cichej nadziei. To podróż przez świat pełen symboli &#8211; zegarów, kamieni, zmarszczek na dłoniach &#8211; przypominających o naszej kruchości, ale i sile.</p>
<p style="text-align: justify;">Wystawa zaprasza do zatrzymania się i spojrzenia na własne życie w świetle wiecznej wędrówki Syzyfa.</p>
<p style="text-align: justify;"><strong>Maria Kulbacka</strong> &#8211; Absolwentka Liceum Plastycznego w Supraślu i Akademii Sztuk Pięknych w Poznaniu na Wydziale Edukacji Artystycznej. Członek ZPAP w Szczecinie.</p>
<p style="text-align: justify;">Po raz kolejny mogę zaprezentować swoją twórczość w Domu Kultury „13 Muz”, stąd tytuł wystawy: Fragmenty 2.0… piękno jest w nas!</p>
<p style="text-align: justify;">Dlaczego fragmenty?</p>
<p style="text-align: justify;">Bo to tematy różne i techniki różne&#8230; tak jakby z życia urywki.</p>
<p style="text-align: justify;">W mojej twórczości łączę elementy realizmu z abstrakcją wykorzystując klasyczny rysunek i współczesne środki wyrazu takie jak np. grafika komputerowa. Nigdy nie znam końcowego efektu. Zaczynam od kreski, a co będzie dalej?</p>
<p style="text-align: justify;">&#8230; i to jest fascynujące!</p>
<p style="text-align: justify;">Kaligrafia jest również jednym z moich ulubionych środków wyrazu artystycznego. Średniowieczne rękopisy od dawna zachwycają mnie swoim kunsztem wykonania i bogactwem ornamentyki. Inspiracja tym tematem jest wyraźna w moich pracach.&nbsp; Łączę świat emocji i wewnętrznych przeżyć w tym co najbardziej mnie identyfikuje, czyli w sztuce.</p>
<p style="text-align: justify;">&#8230; piękno jest w nas!</p>
<p>Wydarzenie na <a href="https://www.facebook.com/events/1530920794509911/?acontext=%7B%22event_action_history%22%3A[%7B%22extra_data%22%3A%22%22%2C%22mechanism%22%3A%22left_rail%22%2C%22surface%22%3A%22bookmark%22%7D%2C%7B%22extra_data%22%3A%22%22%2C%22mechanism%22%3A%22surface%22%2C%22surface%22%3A%22create_dialog%22%7D]%2C%22ref_notif_type%22%3Anull%7D&amp;onload_action=open_invite_flow&amp;show_created_event_toast=true" target="_blank" rel="noopener"><strong>FB</strong></a></p>

<p>04.12.2025 czwartek g. 17:00 Zdjęcia z wernisażu 4 grudnia (czwartek) o godz. 17:00 zapraszamy do Galerii Enter na otwarcie wystawy &#8211; wstęp wolny. Wystawa czynna do 31 grudnia od poniedziałku do piątku w godz. 8:00-18:00 oraz w trakcie trwania wydarzeń &#8211; wstęp wolny. W dniach: 29 i 30.12. wystawa czynna w godz. 8:00-16:00. W dniu 31.12. wystawa czynna w godz. 8:00-15:00. Ewa Lidia &#8211; absolwentka Liceum Sztuk Plastycznych w Supraślu i Top- Art w Szczecinie. Członkini Szczecińskiego Towarzystwa Fotograficznego, Polish Women Photographers i Towarzystwa Dobrej Fotografii. Wystawa „Syzyf” to refleksja nad nieuchronnością upływu czasu i wysiłku, który człowiek wkłada w [&hellip;]</p>
