{"id":70062,"date":"2025-11-04T11:26:01","date_gmt":"2025-11-04T10:26:01","guid":{"rendered":"https:\/\/13muz.eu\/?post_type=tribe_events&#038;p=70062"},"modified":"2025-11-12T08:53:25","modified_gmt":"2025-11-12T07:53:25","slug":"01-12-inspektor-jass-na-tropie-czyli-jazz-z-historia-w-tle-imaginary-avenues","status":"publish","type":"tribe_events","link":"https:\/\/13muz.eu\/en\/event\/01-12-inspektor-jass-na-tropie-czyli-jazz-z-historia-w-tle-imaginary-avenues\/","title":{"rendered":"01.12. \/ Inspektor Jass na tropie, czyli jazz z histori\u0105 w tle: Imaginary Avenues"},"content":{"rendered":"<p><img loading=\"lazy\" decoding=\"async\" class=\"alignnone size-large wp-image-70064\" src=\"https:\/\/13muz.eu\/wp-content\/uploads\/2025\/11\/01.12.2025-Inspektor-Jass-Imaginary-Avenues-1920-1024x747.jpg\" alt=\"\" width=\"1024\" height=\"747\" srcset=\"https:\/\/13muz.eu\/wp-content\/uploads\/2025\/11\/01.12.2025-Inspektor-Jass-Imaginary-Avenues-1920-1024x747.jpg 1024w, https:\/\/13muz.eu\/wp-content\/uploads\/2025\/11\/01.12.2025-Inspektor-Jass-Imaginary-Avenues-1920-300x219.jpg 300w, https:\/\/13muz.eu\/wp-content\/uploads\/2025\/11\/01.12.2025-Inspektor-Jass-Imaginary-Avenues-1920-768x560.jpg 768w, https:\/\/13muz.eu\/wp-content\/uploads\/2025\/11\/01.12.2025-Inspektor-Jass-Imaginary-Avenues-1920-1536x1120.jpg 1536w, https:\/\/13muz.eu\/wp-content\/uploads\/2025\/11\/01.12.2025-Inspektor-Jass-Imaginary-Avenues-1920-400x292.jpg 400w, https:\/\/13muz.eu\/wp-content\/uploads\/2025\/11\/01.12.2025-Inspektor-Jass-Imaginary-Avenues-1920.jpg 1920w\" sizes=\"auto, (max-width: 1024px) 100vw, 1024px\" \/><\/p>\n<p style=\"text-align: justify;\"><strong>01.12.2025 poniedzia\u0142ek g. 19:00<\/strong><\/p>\n<p style=\"text-align: justify;\">Wyobra\u017ania w muzyce jazzowej to jeden z jej najwa\u017cniejszych motor\u00f3w nap\u0119dowych. To w\u0142a\u015bnie z wyobra\u017ani czerpie ona sw\u00f3j \u017cywio\u0142owy rozw\u00f3j i dzi\u0119ki niej udaje si\u0119 w kierunkach nieoczekiwanych, wprawiaj\u0105c w swych fan\u00f3w w podziw.<\/p>\n<p style=\"text-align: justify;\">Ale sk\u0105d czerpa\u0107 inspiracj\u0119 i jak kszta\u0142towa\u0107 wyobra\u017ani\u0119?<\/p>\n<p style=\"text-align: justify;\">Czy to w og\u00f3le mo\u017cliwe?<\/p>\n<p style=\"text-align: justify;\">O tym i o wielu innych aspektach dowiedz\u0105 si\u0119 uczestnicy kolejnych warsztat\u00f3w, kt\u00f3re b\u0119d\u0105 przygotowaniem do najbli\u017cszego koncertu z cyklu \u201eInspektor Jass\u201d. Zesp\u00f3\u0142, kt\u00f3ry zaprezentuje przed Pa\u0144stwem wyniki swoich bada\u0144 w tym temacie sk\u0142ada\u0107 si\u0119 b\u0119dzie ze student\u00f3w, instrumentalist\u00f3w Wydzia\u0142u Jazzu i Produkcji Muzycznej Akademii Sztuki w Szczecinie. Przez wyimaginowane aleje wyobra\u017ani prowadzi\u0107 ich b\u0119dzie go\u015b\u0107 specjalny, kt\u00f3ry poprowadzi warsztaty i przygotuje ich uczestnik\u00f3w do tego koncertu &#8211; Tomasz D\u0105browski.<\/p>\n<p style=\"text-align: justify;\">Tomasz D\u0105browski to kompozytor i tr\u0119bacz wychwalany przez najwa\u017cniejszy ameryka\u0144ski magazyn jazzowy \u201eDownbeat\u201d, jako jeden z najbardziej r\u00f3\u017cnorodnych i ciekawych muzyk\u00f3w europejskich, a przez znany na ca\u0142ym \u015bwiecie magazyn \u201eAll About Jazz\u201d wskazywany jako jeden z 15. najwa\u017cniejszych muzyk\u00f3w europejskich. Od ponad dekady, Polski tr\u0119bacz zamieszka\u0142y w Skandynawii wykszta\u0142ci\u0142 sobie reputacj\u0119 jednego z najbardziej r\u00f3\u017cnorodnych i jednocze\u015bnie ciekawskich artyst\u00f3w. D\u0105browski ma na swoim koncie dziewi\u0119\u0107 solowych p\u0142yt oraz dziesi\u0105tki album\u00f3w jako sideman i wsp\u00f3\u0142lider. Wielokrotnie nagradzany zar\u00f3wno w Polsce jak i za granic\u0105. Jako pierwszy Polak w historii, utytu\u0142owany nagrod\u0105 \u201eJazzowego Muzyka Roku\u201d na wyspie Fyn, przyznawanego przez Zwi\u0105zek Muzyk\u00f3w Jazzowych &#8211; Foreningen Af Fynske Jazzmusikere.<\/p>\n<p style=\"text-align: justify;\">Miejsce: Sala Kominkowa<\/p>\n<p style=\"text-align: justify;\">Bilety: normalny 20 z\u0142 \/ ulgowy 10 z\u0142 (uczniowie, studenci, seniorzy) \/ <a href=\"https:\/\/www.biletomat.pl\/bilety\/inspektor-jass-na-tropie-imaginary-avenues-szczecin-szczecin-236440\/\" target=\"_blank\" rel=\"noopener\">www.biletomat.pl<\/a><\/p>\n<p style=\"text-align: justify;\"><strong>Nie ma mo\u017cliwo\u015bci zakupu biletu na miejscu przed wydarzeniem.<\/strong><\/p>\n<p>Wydarzenie na <a href=\"https:\/\/www.facebook.com\/events\/704923132649422\/?acontext=%7B%22event_action_history%22%3A[%7B%22extra_data%22%3A%22%22%2C%22mechanism%22%3A%22left_rail%22%2C%22surface%22%3A%22bookmark%22%7D%2C%7B%22extra_data%22%3A%22%22%2C%22mechanism%22%3A%22surface%22%2C%22surface%22%3A%22create_dialog%22%7D]%2C%22ref_notif_type%22%3Anull%7D&amp;onload_action=open_invite_flow&amp;show_created_event_toast=true\" target=\"_blank\" rel=\"noopener\"><strong>FB<\/strong><\/a><\/p>\n","protected":false},"excerpt":{"rendered":"<p>01.12.2025 poniedzia\u0142ek g. 19:00 Wyobra\u017ania w muzyce jazzowej to jeden z jej najwa\u017cniejszych motor\u00f3w nap\u0119dowych. To w\u0142a\u015bnie z wyobra\u017ani czerpie ona sw\u00f3j \u017cywio\u0142owy rozw\u00f3j i dzi\u0119ki niej udaje si\u0119 w kierunkach nieoczekiwanych, wprawiaj\u0105c w swych fan\u00f3w w podziw. Ale sk\u0105d czerpa\u0107 inspiracj\u0119 i jak kszta\u0142towa\u0107 wyobra\u017ani\u0119? Czy to w og\u00f3le mo\u017cliwe? O tym i o wielu innych aspektach dowiedz\u0105 si\u0119 uczestnicy kolejnych warsztat\u00f3w, kt\u00f3re b\u0119d\u0105 przygotowaniem do najbli\u017cszego koncertu z cyklu \u201eInspektor Jass\u201d. Zesp\u00f3\u0142, kt\u00f3ry zaprezentuje przed Pa\u0144stwem wyniki swoich bada\u0144 w tym temacie sk\u0142ada\u0107 si\u0119 b\u0119dzie ze student\u00f3w, instrumentalist\u00f3w Wydzia\u0142u Jazzu i Produkcji Muzycznej Akademii Sztuki w Szczecinie. Przez [&hellip;]<\/p>\n","protected":false},"author":4,"featured_media":0,"template":"","meta":{"ngg_post_thumbnail":0,"_price":"","_stock":"","_tribe_ticket_header":"","_tribe_default_ticket_provider":"","_ticket_start_date":"","_ticket_end_date":"","_tribe_ticket_show_description":"","_tribe_ticket_show_not_going":false,"_tribe_ticket_use_global_stock":"","_tribe_ticket_global_stock_level":"","_global_stock_mode":"","_global_stock_cap":"","_tribe_rsvp_for_event":"","_tribe_ticket_going_count":"","_tribe_ticket_not_going_count":"","_tribe_tickets_list":"[]","_tribe_ticket_has_attendee_info_fields":false,"_tribe_events_status":"","_tribe_events_status_reason":"","footnotes":"","_tec_slr_enabled":"","_tec_slr_layout":""},"tags":[],"tribe_events_cat":[],"class_list":["post-70062","tribe_events","type-tribe_events","status-publish","hentry"],"ticketed":false,"post_mailing_queue_ids":[],"_links":{"self":[{"href":"https:\/\/13muz.eu\/en\/wp-json\/wp\/v2\/tribe_events\/70062","targetHints":{"allow":["GET"]}}],"collection":[{"href":"https:\/\/13muz.eu\/en\/wp-json\/wp\/v2\/tribe_events"}],"about":[{"href":"https:\/\/13muz.eu\/en\/wp-json\/wp\/v2\/types\/tribe_events"}],"author":[{"embeddable":true,"href":"https:\/\/13muz.eu\/en\/wp-json\/wp\/v2\/users\/4"}],"version-history":[{"count":0,"href":"https:\/\/13muz.eu\/en\/wp-json\/wp\/v2\/tribe_events\/70062\/revisions"}],"wp:attachment":[{"href":"https:\/\/13muz.eu\/en\/wp-json\/wp\/v2\/media?parent=70062"}],"wp:term":[{"taxonomy":"post_tag","embeddable":true,"href":"https:\/\/13muz.eu\/en\/wp-json\/wp\/v2\/tags?post=70062"},{"taxonomy":"tribe_events_cat","embeddable":true,"href":"https:\/\/13muz.eu\/en\/wp-json\/wp\/v2\/tribe_events_cat?post=70062"}],"curies":[{"name":"wp","href":"https:\/\/api.w.org\/{rel}","templated":true}]}}

01.12. / Inspektor Jass na tropie, czyli jazz z historią w tle: Imaginary Avenues

<p><img loading="lazy" decoding="async" class="alignnone size-large wp-image-70064" src="https://13muz.eu/wp-content/uploads/2025/11/01.12.2025-Inspektor-Jass-Imaginary-Avenues-1920-1024x747.jpg" alt="" width="1024" height="747" srcset="https://13muz.eu/wp-content/uploads/2025/11/01.12.2025-Inspektor-Jass-Imaginary-Avenues-1920-1024x747.jpg 1024w, https://13muz.eu/wp-content/uploads/2025/11/01.12.2025-Inspektor-Jass-Imaginary-Avenues-1920-300x219.jpg 300w, https://13muz.eu/wp-content/uploads/2025/11/01.12.2025-Inspektor-Jass-Imaginary-Avenues-1920-768x560.jpg 768w, https://13muz.eu/wp-content/uploads/2025/11/01.12.2025-Inspektor-Jass-Imaginary-Avenues-1920-1536x1120.jpg 1536w, https://13muz.eu/wp-content/uploads/2025/11/01.12.2025-Inspektor-Jass-Imaginary-Avenues-1920-400x292.jpg 400w, https://13muz.eu/wp-content/uploads/2025/11/01.12.2025-Inspektor-Jass-Imaginary-Avenues-1920.jpg 1920w" sizes="auto, (max-width: 1024px) 100vw, 1024px" /></p>
<p style="text-align: justify;"><strong>01.12.2025 poniedziałek g. 19:00</strong></p>
<p style="text-align: justify;">Wyobraźnia w muzyce jazzowej to jeden z jej najważniejszych motorów napędowych. To właśnie z wyobraźni czerpie ona swój żywiołowy rozwój i dzięki niej udaje się w kierunkach nieoczekiwanych, wprawiając w swych fanów w podziw.</p>
<p style="text-align: justify;">Ale skąd czerpać inspirację i jak kształtować wyobraźnię?</p>
<p style="text-align: justify;">Czy to w ogóle możliwe?</p>
<p style="text-align: justify;">O tym i o wielu innych aspektach dowiedzą się uczestnicy kolejnych warsztatów, które będą przygotowaniem do najbliższego koncertu z cyklu „Inspektor Jass”. Zespół, który zaprezentuje przed Państwem wyniki swoich badań w tym temacie składać się będzie ze studentów, instrumentalistów Wydziału Jazzu i Produkcji Muzycznej Akademii Sztuki w Szczecinie. Przez wyimaginowane aleje wyobraźni prowadzić ich będzie gość specjalny, który poprowadzi warsztaty i przygotuje ich uczestników do tego koncertu &#8211; Tomasz Dąbrowski.</p>
<p style="text-align: justify;">Tomasz Dąbrowski to kompozytor i trębacz wychwalany przez najważniejszy amerykański magazyn jazzowy „Downbeat”, jako jeden z najbardziej różnorodnych i ciekawych muzyków europejskich, a przez znany na całym świecie magazyn „All About Jazz” wskazywany jako jeden z 15. najważniejszych muzyków europejskich. Od ponad dekady, Polski trębacz zamieszkały w Skandynawii wykształcił sobie reputację jednego z najbardziej różnorodnych i jednocześnie ciekawskich artystów. Dąbrowski ma na swoim koncie dziewięć solowych płyt oraz dziesiątki albumów jako sideman i współlider. Wielokrotnie nagradzany zarówno w Polsce jak i za granicą. Jako pierwszy Polak w historii, utytułowany nagrodą „Jazzowego Muzyka Roku” na wyspie Fyn, przyznawanego przez Związek Muzyków Jazzowych &#8211; Foreningen Af Fynske Jazzmusikere.</p>
<p style="text-align: justify;">Miejsce: Sala Kominkowa</p>
<p style="text-align: justify;">Bilety: normalny 20 zł / ulgowy 10 zł (uczniowie, studenci, seniorzy) / <a href="https://www.biletomat.pl/bilety/inspektor-jass-na-tropie-imaginary-avenues-szczecin-szczecin-236440/" target="_blank" rel="noopener">www.biletomat.pl</a></p>
<p style="text-align: justify;"><strong>Nie ma możliwości zakupu biletu na miejscu przed wydarzeniem.</strong></p>
<p>Wydarzenie na <a href="https://www.facebook.com/events/704923132649422/?acontext=%7B%22event_action_history%22%3A[%7B%22extra_data%22%3A%22%22%2C%22mechanism%22%3A%22left_rail%22%2C%22surface%22%3A%22bookmark%22%7D%2C%7B%22extra_data%22%3A%22%22%2C%22mechanism%22%3A%22surface%22%2C%22surface%22%3A%22create_dialog%22%7D]%2C%22ref_notif_type%22%3Anull%7D&amp;onload_action=open_invite_flow&amp;show_created_event_toast=true" target="_blank" rel="noopener"><strong>FB</strong></a></p>

<p>01.12.2025 poniedziałek g. 19:00 Wyobraźnia w muzyce jazzowej to jeden z jej najważniejszych motorów napędowych. To właśnie z wyobraźni czerpie ona swój żywiołowy rozwój i dzięki niej udaje się w kierunkach nieoczekiwanych, wprawiając w swych fanów w podziw. Ale skąd czerpać inspirację i jak kształtować wyobraźnię? Czy to w ogóle możliwe? O tym i o wielu innych aspektach dowiedzą się uczestnicy kolejnych warsztatów, które będą przygotowaniem do najbliższego koncertu z cyklu „Inspektor Jass”. Zespół, który zaprezentuje przed Państwem wyniki swoich badań w tym temacie składać się będzie ze studentów, instrumentalistów Wydziału Jazzu i Produkcji Muzycznej Akademii Sztuki w Szczecinie. Przez [&hellip;]</p>
