{"id":69504,"date":"2025-10-07T14:43:17","date_gmt":"2025-10-07T12:43:17","guid":{"rendered":"https:\/\/13muz.eu\/?post_type=tribe_events&#038;p=69504"},"modified":"2025-11-20T08:07:40","modified_gmt":"2025-11-20T07:07:40","slug":"22-11-szczecinskie-wierszogranie-seta","status":"publish","type":"tribe_events","link":"https:\/\/13muz.eu\/en\/event\/22-11-szczecinskie-wierszogranie-seta\/","title":{"rendered":"22.11. &#8211; przeniesione \/ Szczeci\u0144skie Wierszogranie &#8211; SETA"},"content":{"rendered":"<p><img loading=\"lazy\" decoding=\"async\" class=\"alignnone size-large wp-image-69506\" src=\"https:\/\/13muz.eu\/wp-content\/uploads\/2025\/10\/22.11.2025-Szczecinskie-Wierszogranie-SETA-1920-1024x747.jpg\" alt=\"\" width=\"1024\" height=\"747\" srcset=\"https:\/\/13muz.eu\/wp-content\/uploads\/2025\/10\/22.11.2025-Szczecinskie-Wierszogranie-SETA-1920-1024x747.jpg 1024w, https:\/\/13muz.eu\/wp-content\/uploads\/2025\/10\/22.11.2025-Szczecinskie-Wierszogranie-SETA-1920-300x219.jpg 300w, https:\/\/13muz.eu\/wp-content\/uploads\/2025\/10\/22.11.2025-Szczecinskie-Wierszogranie-SETA-1920-768x560.jpg 768w, https:\/\/13muz.eu\/wp-content\/uploads\/2025\/10\/22.11.2025-Szczecinskie-Wierszogranie-SETA-1920-1536x1120.jpg 1536w, https:\/\/13muz.eu\/wp-content\/uploads\/2025\/10\/22.11.2025-Szczecinskie-Wierszogranie-SETA-1920-400x292.jpg 400w, https:\/\/13muz.eu\/wp-content\/uploads\/2025\/10\/22.11.2025-Szczecinskie-Wierszogranie-SETA-1920.jpg 1920w\" sizes=\"auto, (max-width: 1024px) 100vw, 1024px\" \/><\/p>\n<p style=\"text-align: justify;\"><strong>22.11.2025 sobota g. 19:00 \/&nbsp;Z przyczyn od nas niezale\u017cnych wydarzenie zosta\u0142o przeniesione i odb\u0119dzie si\u0119 w innym terminie, o czym poinformujemy &#8211; przepraszamy za zmiany w programie<\/strong><\/p>\n<p style=\"text-align: justify;\">Zesp\u00f3\u0142 SETA powsta\u0142 w 1976 roku we Wroc\u0142awiu. Za\u0142o\u017cony przez student\u00f3w Uniwersytetu Wroc\u0142awskiego jeszcze w tym samym roku wygra\u0142 \u015arodowiskowy Przegl\u0105d Piosenki Turystycznej we Wroc\u0142awiu, a w kolejnym roku zdoby\u0142 wyr\u00f3\u017cnienia na g\u0142\u00f3wnych festiwalach piosenki studenckiej i turystycznej. W\u015br\u00f3d za\u0142o\u017cycieli zespo\u0142u byli Staszek Gola i Andrzej Mr\u00f3z \u015bpiewaj\u0105cy w zespole do dzi\u015b. W tym czasie przez sk\u0142ad zespo\u0142u przetacza si\u0119 wielu wroc\u0142awskich student\u00f3w, m. in. wyst\u0119puj\u0105cy do dzi\u015b w SECIE Kazimierz Nowi\u0144ski i Stanis\u0142aw Rogowski. SETA mia\u0142a ju\u017c w swym repertuarze wiele w\u0142asnych piosenek, ch\u0119tnie si\u0119ga\u0142a r\u00f3wnie\u017c do tekst\u00f3w klasyk\u00f3w poezji polskiej. W roku 1978 w zespole pojawi\u0142 si\u0119 Andrzej Wierzbicki. Jego piosenki, jak r\u00f3wnie\u017c piosenki autorstwa Andrzeja Mroza i Staszka Goli wraz z charakterystycznym brzmieniem gitary Staszka Rogowskiego stworzy\u0142y swoisty, rozpoznawalny charakter grupy. W roku 1979 zesp\u00f3\u0142 wygra\u0142 wszystkie przegl\u0105dy piosenki studenckiej i turystycznej: m.in. Yap\u0119, Gie\u0142d\u0119 Piosenki w Szklarskiej Por\u0119bie, Bakcynalia, a na Bazunie wy\u015bpiewa\u0142 Rajdow\u0105 Piosenk\u0119 Roku (\u201eZimowy wiatr\u201d).<\/p>\n<p style=\"text-align: justify;\">W maju roku 1980 zesp\u00f3\u0142 wzi\u0105\u0142 udzia\u0142 w Rejsie Zwyci\u0119stwa Odr\u0105 z Wroc\u0142awia do Szczecina i w Szczecinie zagra\u0142 ostatni koncert.<\/p>\n<p style=\"text-align: justify;\">Przez wiele lat SETA nie wyst\u0119powa\u0142a na scenach, ale jej piosenki \u017cy\u0142y i \u017cyj\u0105 na szlakach, w schroniskach, przy rajdowych ogniskach. Pod koniec lat 80-tych piosenki SETY zacz\u0105\u0142 wykonywa\u0107 na scenach studenckich zesp\u00f3\u0142 AKT-Wroc\u0142aw (zw\u0142aszcza w Szklarskiej Por\u0119bie na Gie\u0142dzie, kt\u00f3rej AKT AR jest organizatorem od roku 1989).<\/p>\n<p style=\"text-align: justify;\">W roku 1989 powsta\u0142a p\u0142yta \u201eId\u0119 w g\u00f3ry cieszy\u0107 si\u0119 \u017cyciem\u201d, na kt\u00f3rej znalaz\u0142y si\u0119 archiwalne oraz studyjne nagrania przeboj\u00f3w turystycznych. W jej nagraniu wzi\u0119li udzia\u0142 dawni cz\u0142onkowie grup: AKT-Wroc\u0142aw, Seta, Fart i Ma\u0142olepsi.<\/p>\n<p style=\"text-align: justify;\">Od pocz\u0105tku lat dziewi\u0119\u0107dziesi\u0105tych piosenki SETY i Andrzeja Wierzbickiego wykonuje zesp\u00f3\u0142, kt\u00f3rego sk\u0142ad, bardzo zreszt\u0105 zmienny, wywodzi si\u0119 ze wspomnianych zespo\u0142\u00f3w, a kt\u00f3rego trzon stanowi\u0105 za\u0142o\u017cyciele SETY. W sierpniu 2002 roku na Gie\u0142dzie Piosenki w Szklarskiej Por\u0119bie mia\u0142 miejsce niezapomniany koncert \u201eSeto-lecie SETY\u201d, kt\u00f3rego go\u015b\u0107mi byli m.in. Wolna Grupa Bukowina, Stare Dobre Ma\u0142\u017ce\u0144stwo, Bez Idola, Mikroklimat, Jerzy Filar i Nasza Basia Kochana. Koncert trwa\u0142 do rana, a najcz\u0119\u015bciej powtarza\u0142y si\u0119 \u017cyczenia \u201eSety lat!\u201d.<\/p>\n<p style=\"text-align: justify;\">W roku 2007 zesp\u00f3\u0142 nagra\u0142 p\u0142yt\u0119, kt\u00f3ra stanowi bogaty wyb\u00f3r piosenek SETY i Andrzeja Wierzbickiego (m.in. \u201eBeskid\u201d, \u201eBallada o \u015bw. Miko\u0142aju\u201d, \u201ePrzerwa w podr\u00f3\u017cy\u201d, \u201eModlitwa w\u0119drownego grajka\u201d, \u201eZach\u00f3d\u201d, \u201eWody tatrza\u0144skie\u201d). S\u0105 tu r\u00f3wnie\u017c piosenki, kt\u00f3re przychodzi\u0142y do zespo\u0142u wraz z nowymi cz\u0142onkami zespo\u0142u lub z kt\u00f3rymi SETA bardzo zaprzyja\u017ani\u0142 si\u0119 przez lata. Do tych z pewno\u015bci\u0105 nale\u017c\u0105 \u201eZgubione marzenia\u201d Wojtka Jaroci\u0144skiego i \u201eNiezapominajka\u201d Krzysztofa Szczuckiego &#8211; pierwszego organizatora Gie\u0142dy w Szklarskiej Por\u0119bie, \u201eHulajnoga\u201d autorstwa Ryszarda \u017barowskiego, \u201ePozdrowienie\u201d Krzysztofa Mizgalskiego, \u201ePami\u0105tka ze sp\u0142ywu\u201d czy \u201eJesienna dziewczyna\u201d.<\/p>\n<p style=\"text-align: justify;\">Obecny sk\u0142ad zespo\u0142u stanowi\u0105: Stanis\u0142aw Gola, Beata Jelonek, Wojciech Krasecki, Krzysztof Mizgalski, Andrzej Mr\u00f3z, Kazimierz Nowi\u0144ski, S\u0142awek Stolarski i Stanis\u0142aw Rogowski.<\/p>\n<p style=\"text-align: justify;\">W przysz\u0142ym roku zesp\u00f3\u0142 \u015bwi\u0119tuje swoje 50-lecie.<\/p>\n<p style=\"text-align: justify;\">Miejsce: Sala Kominkowa<\/p>\n<p style=\"text-align: justify;\">Bilety: 40 z\u0142 \/ 50 z\u0142 (w dniu koncertu) \/ <a href=\"https:\/\/www.biletomat.pl\/bilety\/seta-szczecin-236605\/\" target=\"_blank\" rel=\"noopener\">www.biletomat.pl<\/a><\/p>\n<p>Wydarzenie na <a href=\"https:\/\/www.facebook.com\/events\/1153073853456143\/?acontext=%7B%22event_action_history%22%3A[%7B%22extra_data%22%3A%22%22%2C%22mechanism%22%3A%22left_rail%22%2C%22surface%22%3A%22bookmark%22%7D%2C%7B%22extra_data%22%3A%22%22%2C%22mechanism%22%3A%22surface%22%2C%22surface%22%3A%22create_dialog%22%7D]%2C%22ref_notif_type%22%3Anull%7D&amp;onload_action=open_invite_flow&amp;show_created_event_toast=true\" target=\"_blank\" rel=\"noopener\"><strong>FB<\/strong><\/a><\/p>\n","protected":false},"excerpt":{"rendered":"<p>22.11.2025 sobota g. 19:00 \/&nbsp;Z przyczyn od nas niezale\u017cnych wydarzenie zosta\u0142o przeniesione i odb\u0119dzie si\u0119 w innym terminie, o czym poinformujemy &#8211; przepraszamy za zmiany w programie Zesp\u00f3\u0142 SETA powsta\u0142 w 1976 roku we Wroc\u0142awiu. Za\u0142o\u017cony przez student\u00f3w Uniwersytetu Wroc\u0142awskiego jeszcze w tym samym roku wygra\u0142 \u015arodowiskowy Przegl\u0105d Piosenki Turystycznej we Wroc\u0142awiu, a w kolejnym roku zdoby\u0142 wyr\u00f3\u017cnienia na g\u0142\u00f3wnych festiwalach piosenki studenckiej i turystycznej. W\u015br\u00f3d za\u0142o\u017cycieli zespo\u0142u byli Staszek Gola i Andrzej Mr\u00f3z \u015bpiewaj\u0105cy w zespole do dzi\u015b. W tym czasie przez sk\u0142ad zespo\u0142u przetacza si\u0119 wielu wroc\u0142awskich student\u00f3w, m. in. wyst\u0119puj\u0105cy do dzi\u015b w SECIE Kazimierz Nowi\u0144ski i [&hellip;]<\/p>\n","protected":false},"author":4,"featured_media":0,"template":"","meta":{"ngg_post_thumbnail":0,"_price":"","_stock":"","_tribe_ticket_header":"","_tribe_default_ticket_provider":"","_ticket_start_date":"","_ticket_end_date":"","_tribe_ticket_show_description":"","_tribe_ticket_show_not_going":false,"_tribe_ticket_use_global_stock":"","_tribe_ticket_global_stock_level":"","_global_stock_mode":"","_global_stock_cap":"","_tribe_rsvp_for_event":"","_tribe_ticket_going_count":"","_tribe_ticket_not_going_count":"","_tribe_tickets_list":"[]","_tribe_ticket_has_attendee_info_fields":false,"_tribe_events_status":"","_tribe_events_status_reason":"","footnotes":"","_tec_slr_enabled":"","_tec_slr_layout":""},"tags":[],"tribe_events_cat":[],"class_list":["post-69504","tribe_events","type-tribe_events","status-publish","hentry"],"ticketed":false,"post_mailing_queue_ids":[],"_links":{"self":[{"href":"https:\/\/13muz.eu\/en\/wp-json\/wp\/v2\/tribe_events\/69504","targetHints":{"allow":["GET"]}}],"collection":[{"href":"https:\/\/13muz.eu\/en\/wp-json\/wp\/v2\/tribe_events"}],"about":[{"href":"https:\/\/13muz.eu\/en\/wp-json\/wp\/v2\/types\/tribe_events"}],"author":[{"embeddable":true,"href":"https:\/\/13muz.eu\/en\/wp-json\/wp\/v2\/users\/4"}],"version-history":[{"count":0,"href":"https:\/\/13muz.eu\/en\/wp-json\/wp\/v2\/tribe_events\/69504\/revisions"}],"wp:attachment":[{"href":"https:\/\/13muz.eu\/en\/wp-json\/wp\/v2\/media?parent=69504"}],"wp:term":[{"taxonomy":"post_tag","embeddable":true,"href":"https:\/\/13muz.eu\/en\/wp-json\/wp\/v2\/tags?post=69504"},{"taxonomy":"tribe_events_cat","embeddable":true,"href":"https:\/\/13muz.eu\/en\/wp-json\/wp\/v2\/tribe_events_cat?post=69504"}],"curies":[{"name":"wp","href":"https:\/\/api.w.org\/{rel}","templated":true}]}}

22.11. &#8211; przeniesione / Szczecińskie Wierszogranie &#8211; SETA

<p><img loading="lazy" decoding="async" class="alignnone size-large wp-image-69506" src="https://13muz.eu/wp-content/uploads/2025/10/22.11.2025-Szczecinskie-Wierszogranie-SETA-1920-1024x747.jpg" alt="" width="1024" height="747" srcset="https://13muz.eu/wp-content/uploads/2025/10/22.11.2025-Szczecinskie-Wierszogranie-SETA-1920-1024x747.jpg 1024w, https://13muz.eu/wp-content/uploads/2025/10/22.11.2025-Szczecinskie-Wierszogranie-SETA-1920-300x219.jpg 300w, https://13muz.eu/wp-content/uploads/2025/10/22.11.2025-Szczecinskie-Wierszogranie-SETA-1920-768x560.jpg 768w, https://13muz.eu/wp-content/uploads/2025/10/22.11.2025-Szczecinskie-Wierszogranie-SETA-1920-1536x1120.jpg 1536w, https://13muz.eu/wp-content/uploads/2025/10/22.11.2025-Szczecinskie-Wierszogranie-SETA-1920-400x292.jpg 400w, https://13muz.eu/wp-content/uploads/2025/10/22.11.2025-Szczecinskie-Wierszogranie-SETA-1920.jpg 1920w" sizes="auto, (max-width: 1024px) 100vw, 1024px" /></p>
<p style="text-align: justify;"><strong>22.11.2025 sobota g. 19:00 /&nbsp;Z przyczyn od nas niezależnych wydarzenie zostało przeniesione i odbędzie się w innym terminie, o czym poinformujemy &#8211; przepraszamy za zmiany w programie</strong></p>
<p style="text-align: justify;">Zespół SETA powstał w 1976 roku we Wrocławiu. Założony przez studentów Uniwersytetu Wrocławskiego jeszcze w tym samym roku wygrał Środowiskowy Przegląd Piosenki Turystycznej we Wrocławiu, a w kolejnym roku zdobył wyróżnienia na głównych festiwalach piosenki studenckiej i turystycznej. Wśród założycieli zespołu byli Staszek Gola i Andrzej Mróz śpiewający w zespole do dziś. W tym czasie przez skład zespołu przetacza się wielu wrocławskich studentów, m. in. występujący do dziś w SECIE Kazimierz Nowiński i Stanisław Rogowski. SETA miała już w swym repertuarze wiele własnych piosenek, chętnie sięgała również do tekstów klasyków poezji polskiej. W roku 1978 w zespole pojawił się Andrzej Wierzbicki. Jego piosenki, jak również piosenki autorstwa Andrzeja Mroza i Staszka Goli wraz z charakterystycznym brzmieniem gitary Staszka Rogowskiego stworzyły swoisty, rozpoznawalny charakter grupy. W roku 1979 zespół wygrał wszystkie przeglądy piosenki studenckiej i turystycznej: m.in. Yapę, Giełdę Piosenki w Szklarskiej Porębie, Bakcynalia, a na Bazunie wyśpiewał Rajdową Piosenkę Roku („Zimowy wiatr”).</p>
<p style="text-align: justify;">W maju roku 1980 zespół wziął udział w Rejsie Zwycięstwa Odrą z Wrocławia do Szczecina i w Szczecinie zagrał ostatni koncert.</p>
<p style="text-align: justify;">Przez wiele lat SETA nie występowała na scenach, ale jej piosenki żyły i żyją na szlakach, w schroniskach, przy rajdowych ogniskach. Pod koniec lat 80-tych piosenki SETY zaczął wykonywać na scenach studenckich zespół AKT-Wrocław (zwłaszcza w Szklarskiej Porębie na Giełdzie, której AKT AR jest organizatorem od roku 1989).</p>
<p style="text-align: justify;">W roku 1989 powstała płyta „Idę w góry cieszyć się życiem”, na której znalazły się archiwalne oraz studyjne nagrania przebojów turystycznych. W jej nagraniu wzięli udział dawni członkowie grup: AKT-Wrocław, Seta, Fart i Małolepsi.</p>
<p style="text-align: justify;">Od początku lat dziewięćdziesiątych piosenki SETY i Andrzeja Wierzbickiego wykonuje zespół, którego skład, bardzo zresztą zmienny, wywodzi się ze wspomnianych zespołów, a którego trzon stanowią założyciele SETY. W sierpniu 2002 roku na Giełdzie Piosenki w Szklarskiej Porębie miał miejsce niezapomniany koncert „Seto-lecie SETY”, którego gośćmi byli m.in. Wolna Grupa Bukowina, Stare Dobre Małżeństwo, Bez Idola, Mikroklimat, Jerzy Filar i Nasza Basia Kochana. Koncert trwał do rana, a najczęściej powtarzały się życzenia „Sety lat!”.</p>
<p style="text-align: justify;">W roku 2007 zespół nagrał płytę, która stanowi bogaty wybór piosenek SETY i Andrzeja Wierzbickiego (m.in. „Beskid”, „Ballada o św. Mikołaju”, „Przerwa w podróży”, „Modlitwa wędrownego grajka”, „Zachód”, „Wody tatrzańskie”). Są tu również piosenki, które przychodziły do zespołu wraz z nowymi członkami zespołu lub z którymi SETA bardzo zaprzyjaźnił się przez lata. Do tych z pewnością należą „Zgubione marzenia” Wojtka Jarocińskiego i „Niezapominajka” Krzysztofa Szczuckiego &#8211; pierwszego organizatora Giełdy w Szklarskiej Porębie, „Hulajnoga” autorstwa Ryszarda Żarowskiego, „Pozdrowienie” Krzysztofa Mizgalskiego, „Pamiątka ze spływu” czy „Jesienna dziewczyna”.</p>
<p style="text-align: justify;">Obecny skład zespołu stanowią: Stanisław Gola, Beata Jelonek, Wojciech Krasecki, Krzysztof Mizgalski, Andrzej Mróz, Kazimierz Nowiński, Sławek Stolarski i Stanisław Rogowski.</p>
<p style="text-align: justify;">W przyszłym roku zespół świętuje swoje 50-lecie.</p>
<p style="text-align: justify;">Miejsce: Sala Kominkowa</p>
<p style="text-align: justify;">Bilety: 40 zł / 50 zł (w dniu koncertu) / <a href="https://www.biletomat.pl/bilety/seta-szczecin-236605/" target="_blank" rel="noopener">www.biletomat.pl</a></p>
<p>Wydarzenie na <a href="https://www.facebook.com/events/1153073853456143/?acontext=%7B%22event_action_history%22%3A[%7B%22extra_data%22%3A%22%22%2C%22mechanism%22%3A%22left_rail%22%2C%22surface%22%3A%22bookmark%22%7D%2C%7B%22extra_data%22%3A%22%22%2C%22mechanism%22%3A%22surface%22%2C%22surface%22%3A%22create_dialog%22%7D]%2C%22ref_notif_type%22%3Anull%7D&amp;onload_action=open_invite_flow&amp;show_created_event_toast=true" target="_blank" rel="noopener"><strong>FB</strong></a></p>

<p>22.11.2025 sobota g. 19:00 /&nbsp;Z przyczyn od nas niezależnych wydarzenie zostało przeniesione i odbędzie się w innym terminie, o czym poinformujemy &#8211; przepraszamy za zmiany w programie Zespół SETA powstał w 1976 roku we Wrocławiu. Założony przez studentów Uniwersytetu Wrocławskiego jeszcze w tym samym roku wygrał Środowiskowy Przegląd Piosenki Turystycznej we Wrocławiu, a w kolejnym roku zdobył wyróżnienia na głównych festiwalach piosenki studenckiej i turystycznej. Wśród założycieli zespołu byli Staszek Gola i Andrzej Mróz śpiewający w zespole do dziś. W tym czasie przez skład zespołu przetacza się wielu wrocławskich studentów, m. in. występujący do dziś w SECIE Kazimierz Nowiński i [&hellip;]</p>
