{"id":69500,"date":"2025-10-07T14:36:14","date_gmt":"2025-10-07T12:36:14","guid":{"rendered":"https:\/\/13muz.eu\/?post_type=tribe_events&#038;p=69500"},"modified":"2025-10-27T13:12:35","modified_gmt":"2025-10-27T12:12:35","slug":"22-11-do-gory-nutami-jesien-polska-jesien-warsztaty-muzyczne-dla-rodzin-z-dziecmi","status":"publish","type":"tribe_events","link":"https:\/\/13muz.eu\/en\/event\/22-11-do-gory-nutami-jesien-polska-jesien-warsztaty-muzyczne-dla-rodzin-z-dziecmi\/","title":{"rendered":"22.11. \/ Do g\u00f3ry nutami &#8211; \u201eJesie\u0144, polska jesie\u0144\u201d &#8211; warsztaty muzyczne dla rodzin z dzie\u0107mi"},"content":{"rendered":"<p><img loading=\"lazy\" decoding=\"async\" class=\"alignnone size-large wp-image-68311\" src=\"https:\/\/13muz.eu\/wp-content\/uploads\/2025\/08\/20.09.2025-Do-gory-nutami-1920-1024x777.jpg\" alt=\"\" width=\"1024\" height=\"777\" srcset=\"https:\/\/13muz.eu\/wp-content\/uploads\/2025\/08\/20.09.2025-Do-gory-nutami-1920-1024x777.jpg 1024w, https:\/\/13muz.eu\/wp-content\/uploads\/2025\/08\/20.09.2025-Do-gory-nutami-1920-300x228.jpg 300w, https:\/\/13muz.eu\/wp-content\/uploads\/2025\/08\/20.09.2025-Do-gory-nutami-1920-768x582.jpg 768w, https:\/\/13muz.eu\/wp-content\/uploads\/2025\/08\/20.09.2025-Do-gory-nutami-1920-1536x1165.jpg 1536w, https:\/\/13muz.eu\/wp-content\/uploads\/2025\/08\/20.09.2025-Do-gory-nutami-1920-400x303.jpg 400w, https:\/\/13muz.eu\/wp-content\/uploads\/2025\/08\/20.09.2025-Do-gory-nutami-1920.jpg 1920w\" sizes=\"auto, (max-width: 1024px) 100vw, 1024px\" \/><\/p>\n<p style=\"text-align: justify;\"><strong>22.11.2025 sobota g. 11:00<\/strong><\/p>\n<p style=\"text-align: justify;\">Jesie\u0144 kojarzy nam si\u0119 z mnogo\u015bci\u0105 barw, bogactwem faktur i brzmie\u0144 &#8211; dok\u0142adnie jak muzyka!<\/p>\n<p style=\"text-align: justify;\">W to listopadowe przedpo\u0142udnie wsp\u00f3lnie za\u015bpiewamy i zata\u0144czymy do muzyki przer\u00f3\u017cnej &#8211; bogatej, kolorowej, w r\u00f3\u017cnych nastrojach. B\u0119dzie troch\u0119 o jesieni, troch\u0119 o Polsce, listopad sypie inspiracjami. Nie zabraknie gry na instrumentach i drobnego r\u0119kodzie\u0142a, bo w ko\u0144cu z jesiennych spacer\u00f3w nigdy nie wraca si\u0119 z pustymi r\u0119kami.<\/p>\n<p style=\"text-align: justify;\">Zapraszamy na warsztaty umuzykalniaj\u0105ce dla rodzin z dzie\u0107mi w wieku 0-6 lat. W czasie zaj\u0119\u0107 \u015bpiewamy po polsku i angielsku, ta\u0144czymy, rytmizujemy, a przede wszystkim &#8211; przekazujemy dzieciom mi\u0142o\u015b\u0107 do muzyki i rado\u015b\u0107 z jej tworzenia.<\/p>\n<p style=\"text-align: justify;\">Ka\u017cde dziecko rodzi si\u0119 z potencja\u0142em muzycznym, kt\u00f3ry warto piel\u0119gnowa\u0107 od najm\u0142odszych lat. Podczas zaj\u0119\u0107 rozwijamy wra\u017cliwo\u015b\u0107 muzyczn\u0105, koordynacj\u0119 ruchow\u0105 i poczucie rytmu u najm\u0142odszych (i starszych) uczestnik\u00f3w. Muzykujemy w atmosferze blisko\u015bci, przy aktywnym uczestnictwie rodzic\u00f3w. Wsp\u00f3lne zabawy muzyczne s\u0105 wspania\u0142\u0105 okazj\u0105 do rozwijania wi\u0119zi i aktywnego sp\u0119dzenia sobotniego przedpo\u0142udnia.<\/p>\n<p style=\"text-align: justify;\">Zaj\u0119cia poprowadz\u0105: Do g\u00f3ry nutami &#8211; Ola i Krystian Teli\u017cyn<\/p>\n<p style=\"text-align: justify;\">Ola Teli\u017cyn &#8211; wokalistka, certyfikowana trenerka pomelody i absolwentka Krakowskiej Szko\u0142y Jazzu i Muzyki Rozrywkowej.<\/p>\n<p style=\"text-align: justify;\">Krystian Teli\u017cyn &#8211; multiinstrumentalista, absolwent Krakowskiej Szko\u0142y Jazzu i Muzyki Rozrywkowej<\/p>\n<p style=\"text-align: justify;\">Wydarzenie przeznaczone jest dla rodzic\u00f3w\/opiekun\u00f3w i dzieci do 6 roku \u017cycia, ale starsze rodze\u0144stwo r\u00f3wnie\u017c jest mile widziane.<\/p>\n<p style=\"text-align: justify;\">Czas trwania wydarzenia: 60 min<\/p>\n<p style=\"text-align: justify;\">Miejsce: Sala Lustrzana<\/p>\n<p style=\"text-align: justify;\">Bilety: 35 z\u0142 dziecko, 35 z\u0142 rodzic \/ <a href=\"https:\/\/www.biletomat.pl\/bilety\/do-gory-nutami-szczecin-232898\/\" target=\"_blank\" rel=\"noopener\">www.biletomat.pl<\/a><\/p>\n<p style=\"text-align: justify;\"><strong>Nie ma mo\u017cliwo\u015bci zakupu biletu na miejscu przed wydarzeniem.<\/strong><\/p>\n<p>Wydarzenie na <a href=\"https:\/\/www.facebook.com\/events\/790036633641026\/?acontext=%7B%22event_action_history%22%3A[%7B%22extra_data%22%3A%22%22%2C%22mechanism%22%3A%22left_rail%22%2C%22surface%22%3A%22bookmark%22%7D%2C%7B%22extra_data%22%3A%22%22%2C%22mechanism%22%3A%22surface%22%2C%22surface%22%3A%22create_dialog%22%7D]%2C%22ref_notif_type%22%3Anull%7D&amp;onload_action=open_invite_flow&amp;show_created_event_toast=true\" target=\"_blank\" rel=\"noopener\"><strong>FB<\/strong><\/a><\/p>\n","protected":false},"excerpt":{"rendered":"<p>22.11.2025 sobota g. 11:00 Jesie\u0144 kojarzy nam si\u0119 z mnogo\u015bci\u0105 barw, bogactwem faktur i brzmie\u0144 &#8211; dok\u0142adnie jak muzyka! W to listopadowe przedpo\u0142udnie wsp\u00f3lnie za\u015bpiewamy i zata\u0144czymy do muzyki przer\u00f3\u017cnej &#8211; bogatej, kolorowej, w r\u00f3\u017cnych nastrojach. B\u0119dzie troch\u0119 o jesieni, troch\u0119 o Polsce, listopad sypie inspiracjami. Nie zabraknie gry na instrumentach i drobnego r\u0119kodzie\u0142a, bo w ko\u0144cu z jesiennych spacer\u00f3w nigdy nie wraca si\u0119 z pustymi r\u0119kami. Zapraszamy na warsztaty umuzykalniaj\u0105ce dla rodzin z dzie\u0107mi w wieku 0-6 lat. W czasie zaj\u0119\u0107 \u015bpiewamy po polsku i angielsku, ta\u0144czymy, rytmizujemy, a przede wszystkim &#8211; przekazujemy dzieciom mi\u0142o\u015b\u0107 do muzyki i rado\u015b\u0107 [&hellip;]<\/p>\n","protected":false},"author":4,"featured_media":0,"template":"","meta":{"ngg_post_thumbnail":0,"_price":"","_stock":"","_tribe_ticket_header":"","_tribe_default_ticket_provider":"","_ticket_start_date":"","_ticket_end_date":"","_tribe_ticket_show_description":"","_tribe_ticket_show_not_going":false,"_tribe_ticket_use_global_stock":"","_tribe_ticket_global_stock_level":"","_global_stock_mode":"","_global_stock_cap":"","_tribe_rsvp_for_event":"","_tribe_ticket_going_count":"","_tribe_ticket_not_going_count":"","_tribe_tickets_list":"[]","_tribe_ticket_has_attendee_info_fields":false,"_tribe_events_status":"","_tribe_events_status_reason":"","footnotes":"","_tec_slr_enabled":"","_tec_slr_layout":""},"tags":[],"tribe_events_cat":[],"class_list":["post-69500","tribe_events","type-tribe_events","status-publish","hentry"],"ticketed":false,"post_mailing_queue_ids":[],"_links":{"self":[{"href":"https:\/\/13muz.eu\/en\/wp-json\/wp\/v2\/tribe_events\/69500","targetHints":{"allow":["GET"]}}],"collection":[{"href":"https:\/\/13muz.eu\/en\/wp-json\/wp\/v2\/tribe_events"}],"about":[{"href":"https:\/\/13muz.eu\/en\/wp-json\/wp\/v2\/types\/tribe_events"}],"author":[{"embeddable":true,"href":"https:\/\/13muz.eu\/en\/wp-json\/wp\/v2\/users\/4"}],"version-history":[{"count":0,"href":"https:\/\/13muz.eu\/en\/wp-json\/wp\/v2\/tribe_events\/69500\/revisions"}],"wp:attachment":[{"href":"https:\/\/13muz.eu\/en\/wp-json\/wp\/v2\/media?parent=69500"}],"wp:term":[{"taxonomy":"post_tag","embeddable":true,"href":"https:\/\/13muz.eu\/en\/wp-json\/wp\/v2\/tags?post=69500"},{"taxonomy":"tribe_events_cat","embeddable":true,"href":"https:\/\/13muz.eu\/en\/wp-json\/wp\/v2\/tribe_events_cat?post=69500"}],"curies":[{"name":"wp","href":"https:\/\/api.w.org\/{rel}","templated":true}]}}

22.11. / Do góry nutami &#8211; „Jesień, polska jesień” &#8211; warsztaty muzyczne dla rodzin z dziećmi

<p><img loading="lazy" decoding="async" class="alignnone size-large wp-image-68311" src="https://13muz.eu/wp-content/uploads/2025/08/20.09.2025-Do-gory-nutami-1920-1024x777.jpg" alt="" width="1024" height="777" srcset="https://13muz.eu/wp-content/uploads/2025/08/20.09.2025-Do-gory-nutami-1920-1024x777.jpg 1024w, https://13muz.eu/wp-content/uploads/2025/08/20.09.2025-Do-gory-nutami-1920-300x228.jpg 300w, https://13muz.eu/wp-content/uploads/2025/08/20.09.2025-Do-gory-nutami-1920-768x582.jpg 768w, https://13muz.eu/wp-content/uploads/2025/08/20.09.2025-Do-gory-nutami-1920-1536x1165.jpg 1536w, https://13muz.eu/wp-content/uploads/2025/08/20.09.2025-Do-gory-nutami-1920-400x303.jpg 400w, https://13muz.eu/wp-content/uploads/2025/08/20.09.2025-Do-gory-nutami-1920.jpg 1920w" sizes="auto, (max-width: 1024px) 100vw, 1024px" /></p>
<p style="text-align: justify;"><strong>22.11.2025 sobota g. 11:00</strong></p>
<p style="text-align: justify;">Jesień kojarzy nam się z mnogością barw, bogactwem faktur i brzmień &#8211; dokładnie jak muzyka!</p>
<p style="text-align: justify;">W to listopadowe przedpołudnie wspólnie zaśpiewamy i zatańczymy do muzyki przeróżnej &#8211; bogatej, kolorowej, w różnych nastrojach. Będzie trochę o jesieni, trochę o Polsce, listopad sypie inspiracjami. Nie zabraknie gry na instrumentach i drobnego rękodzieła, bo w końcu z jesiennych spacerów nigdy nie wraca się z pustymi rękami.</p>
<p style="text-align: justify;">Zapraszamy na warsztaty umuzykalniające dla rodzin z dziećmi w wieku 0-6 lat. W czasie zajęć śpiewamy po polsku i angielsku, tańczymy, rytmizujemy, a przede wszystkim &#8211; przekazujemy dzieciom miłość do muzyki i radość z jej tworzenia.</p>
<p style="text-align: justify;">Każde dziecko rodzi się z potencjałem muzycznym, który warto pielęgnować od najmłodszych lat. Podczas zajęć rozwijamy wrażliwość muzyczną, koordynację ruchową i poczucie rytmu u najmłodszych (i starszych) uczestników. Muzykujemy w atmosferze bliskości, przy aktywnym uczestnictwie rodziców. Wspólne zabawy muzyczne są wspaniałą okazją do rozwijania więzi i aktywnego spędzenia sobotniego przedpołudnia.</p>
<p style="text-align: justify;">Zajęcia poprowadzą: Do góry nutami &#8211; Ola i Krystian Teliżyn</p>
<p style="text-align: justify;">Ola Teliżyn &#8211; wokalistka, certyfikowana trenerka pomelody i absolwentka Krakowskiej Szkoły Jazzu i Muzyki Rozrywkowej.</p>
<p style="text-align: justify;">Krystian Teliżyn &#8211; multiinstrumentalista, absolwent Krakowskiej Szkoły Jazzu i Muzyki Rozrywkowej</p>
<p style="text-align: justify;">Wydarzenie przeznaczone jest dla rodziców/opiekunów i dzieci do 6 roku życia, ale starsze rodzeństwo również jest mile widziane.</p>
<p style="text-align: justify;">Czas trwania wydarzenia: 60 min</p>
<p style="text-align: justify;">Miejsce: Sala Lustrzana</p>
<p style="text-align: justify;">Bilety: 35 zł dziecko, 35 zł rodzic / <a href="https://www.biletomat.pl/bilety/do-gory-nutami-szczecin-232898/" target="_blank" rel="noopener">www.biletomat.pl</a></p>
<p style="text-align: justify;"><strong>Nie ma możliwości zakupu biletu na miejscu przed wydarzeniem.</strong></p>
<p>Wydarzenie na <a href="https://www.facebook.com/events/790036633641026/?acontext=%7B%22event_action_history%22%3A[%7B%22extra_data%22%3A%22%22%2C%22mechanism%22%3A%22left_rail%22%2C%22surface%22%3A%22bookmark%22%7D%2C%7B%22extra_data%22%3A%22%22%2C%22mechanism%22%3A%22surface%22%2C%22surface%22%3A%22create_dialog%22%7D]%2C%22ref_notif_type%22%3Anull%7D&amp;onload_action=open_invite_flow&amp;show_created_event_toast=true" target="_blank" rel="noopener"><strong>FB</strong></a></p>

<p>22.11.2025 sobota g. 11:00 Jesień kojarzy nam się z mnogością barw, bogactwem faktur i brzmień &#8211; dokładnie jak muzyka! W to listopadowe przedpołudnie wspólnie zaśpiewamy i zatańczymy do muzyki przeróżnej &#8211; bogatej, kolorowej, w różnych nastrojach. Będzie trochę o jesieni, trochę o Polsce, listopad sypie inspiracjami. Nie zabraknie gry na instrumentach i drobnego rękodzieła, bo w końcu z jesiennych spacerów nigdy nie wraca się z pustymi rękami. Zapraszamy na warsztaty umuzykalniające dla rodzin z dziećmi w wieku 0-6 lat. W czasie zajęć śpiewamy po polsku i angielsku, tańczymy, rytmizujemy, a przede wszystkim &#8211; przekazujemy dzieciom miłość do muzyki i radość [&hellip;]</p>
