{"id":69493,"date":"2025-10-07T14:30:45","date_gmt":"2025-10-07T12:30:45","guid":{"rendered":"https:\/\/13muz.eu\/?post_type=tribe_events&#038;p=69493"},"modified":"2025-10-09T11:18:53","modified_gmt":"2025-10-09T09:18:53","slug":"21-11-under-the-blue-pod-blekitem-koncert","status":"publish","type":"tribe_events","link":"https:\/\/13muz.eu\/en\/event\/21-11-under-the-blue-pod-blekitem-koncert\/","title":{"rendered":"21.11. \/ \u201eUnder the blue &#8211; Pod b\u0142\u0119kitem\u201d &#8211; koncert"},"content":{"rendered":"<p><img loading=\"lazy\" decoding=\"async\" class=\"alignnone size-large wp-image-69495\" src=\"https:\/\/13muz.eu\/wp-content\/uploads\/2025\/10\/21.11.2025-Under-the-blue-1920-1024x1024.jpg\" alt=\"\" width=\"1024\" height=\"1024\" srcset=\"https:\/\/13muz.eu\/wp-content\/uploads\/2025\/10\/21.11.2025-Under-the-blue-1920-1024x1024.jpg 1024w, https:\/\/13muz.eu\/wp-content\/uploads\/2025\/10\/21.11.2025-Under-the-blue-1920-300x300.jpg 300w, https:\/\/13muz.eu\/wp-content\/uploads\/2025\/10\/21.11.2025-Under-the-blue-1920-150x150.jpg 150w, https:\/\/13muz.eu\/wp-content\/uploads\/2025\/10\/21.11.2025-Under-the-blue-1920-768x768.jpg 768w, https:\/\/13muz.eu\/wp-content\/uploads\/2025\/10\/21.11.2025-Under-the-blue-1920-1536x1536.jpg 1536w, https:\/\/13muz.eu\/wp-content\/uploads\/2025\/10\/21.11.2025-Under-the-blue-1920-130x130.jpg 130w, https:\/\/13muz.eu\/wp-content\/uploads\/2025\/10\/21.11.2025-Under-the-blue-1920-400x400.jpg 400w, https:\/\/13muz.eu\/wp-content\/uploads\/2025\/10\/21.11.2025-Under-the-blue-1920.jpg 1920w\" sizes=\"auto, (max-width: 1024px) 100vw, 1024px\" \/><\/p>\n<p style=\"text-align: justify;\"><strong>21.11.2025 pi\u0105tek g. 18:00<\/strong><\/p>\n<p style=\"text-align: justify;\"><em>\u201ePomys\u0142 i nazwa koncertu wynikn\u0105\u0142 z inspiracji nasz\u0105 ostatni\u0105 wsp\u00f3ln\u0105 prac\u0105 nad piosenkami i jedno, co mi przysz\u0142o na my\u015bl, co je \u0142\u0105czy, to kolor niebieski\u201d<\/em> &#8211; Izabela Strychalska, wokalistka, akompaniatorka, pomys\u0142odawczyni wydarzenia<\/p>\n<p style=\"text-align: justify;\">Niebieski to kolor spokoju, zaufania, wody, nieba, duchowo\u015bci i niesko\u0144czono\u015bci. Koncert zainspirowany kolorem niebieskim to koncert nawi\u0105zuj\u0105cy do tw\u00f3rczo\u015bci takich wykonawc\u00f3w jak: Lana Del Rey, Billie Eilish, Alicia Keys, Ruth B., Olivia Rodrigo, Prince, Peter Gabriel, Kora, Zdzis\u0142awa So\u015bnicka, Anna Jantar,&nbsp;Karen Souza, Amy Winehouse.<\/p>\n<p style=\"text-align: justify;\">Wyst\u0105pi\u0105 wokali\u015bci studia wokalnego Izabelli Strychalskiej w Szczecinie a tak\u017ce pomys\u0142odawczyni koncertu, Izabela Strychalska.<\/p>\n<p style=\"text-align: justify;\">Aran\u017cacje, piano, wyb\u00f3r utwor\u00f3w &#8211; Izabela Strychalska<\/p>\n<p style=\"text-align: justify;\">Perkusjonalia, conga &#8211; Robert N\u0119dzusiak<\/p>\n<p style=\"text-align: justify;\">Wst\u0119p wolny<\/p>\n<p>Wydarzenie na <a href=\"https:\/\/www.facebook.com\/events\/1963522444426335\/?acontext=%7B%22event_action_history%22%3A[%7B%22extra_data%22%3A%22%22%2C%22mechanism%22%3A%22left_rail%22%2C%22surface%22%3A%22bookmark%22%7D%2C%7B%22extra_data%22%3A%22%22%2C%22mechanism%22%3A%22surface%22%2C%22surface%22%3A%22create_dialog%22%7D]%2C%22ref_notif_type%22%3Anull%7D&amp;onload_action=open_invite_flow&amp;show_created_event_toast=true\" target=\"_blank\" rel=\"noopener\"><strong>FB<\/strong><\/a><\/p>\n","protected":false},"excerpt":{"rendered":"<p>21.11.2025 pi\u0105tek g. 18:00 \u201ePomys\u0142 i nazwa koncertu wynikn\u0105\u0142 z inspiracji nasz\u0105 ostatni\u0105 wsp\u00f3ln\u0105 prac\u0105 nad piosenkami i jedno, co mi przysz\u0142o na my\u015bl, co je \u0142\u0105czy, to kolor niebieski\u201d &#8211; Izabela Strychalska, wokalistka, akompaniatorka, pomys\u0142odawczyni wydarzenia Niebieski to kolor spokoju, zaufania, wody, nieba, duchowo\u015bci i niesko\u0144czono\u015bci. Koncert zainspirowany kolorem niebieskim to koncert nawi\u0105zuj\u0105cy do tw\u00f3rczo\u015bci takich wykonawc\u00f3w jak: Lana Del Rey, Billie Eilish, Alicia Keys, Ruth B., Olivia Rodrigo, Prince, Peter Gabriel, Kora, Zdzis\u0142awa So\u015bnicka, Anna Jantar,&nbsp;Karen Souza, Amy Winehouse. Wyst\u0105pi\u0105 wokali\u015bci studia wokalnego Izabelli Strychalskiej w Szczecinie a tak\u017ce pomys\u0142odawczyni koncertu, Izabela Strychalska. Aran\u017cacje, piano, wyb\u00f3r utwor\u00f3w &#8211; [&hellip;]<\/p>\n","protected":false},"author":4,"featured_media":0,"template":"","meta":{"ngg_post_thumbnail":0,"_price":"","_stock":"","_tribe_ticket_header":"","_tribe_default_ticket_provider":"","_ticket_start_date":"","_ticket_end_date":"","_tribe_ticket_show_description":"","_tribe_ticket_show_not_going":false,"_tribe_ticket_use_global_stock":"","_tribe_ticket_global_stock_level":"","_global_stock_mode":"","_global_stock_cap":"","_tribe_rsvp_for_event":"","_tribe_ticket_going_count":"","_tribe_ticket_not_going_count":"","_tribe_tickets_list":"[]","_tribe_ticket_has_attendee_info_fields":false,"_tribe_events_status":"","_tribe_events_status_reason":"","footnotes":"","_tec_slr_enabled":"","_tec_slr_layout":""},"tags":[],"tribe_events_cat":[],"class_list":["post-69493","tribe_events","type-tribe_events","status-publish","hentry"],"ticketed":false,"post_mailing_queue_ids":[],"_links":{"self":[{"href":"https:\/\/13muz.eu\/en\/wp-json\/wp\/v2\/tribe_events\/69493","targetHints":{"allow":["GET"]}}],"collection":[{"href":"https:\/\/13muz.eu\/en\/wp-json\/wp\/v2\/tribe_events"}],"about":[{"href":"https:\/\/13muz.eu\/en\/wp-json\/wp\/v2\/types\/tribe_events"}],"author":[{"embeddable":true,"href":"https:\/\/13muz.eu\/en\/wp-json\/wp\/v2\/users\/4"}],"version-history":[{"count":0,"href":"https:\/\/13muz.eu\/en\/wp-json\/wp\/v2\/tribe_events\/69493\/revisions"}],"wp:attachment":[{"href":"https:\/\/13muz.eu\/en\/wp-json\/wp\/v2\/media?parent=69493"}],"wp:term":[{"taxonomy":"post_tag","embeddable":true,"href":"https:\/\/13muz.eu\/en\/wp-json\/wp\/v2\/tags?post=69493"},{"taxonomy":"tribe_events_cat","embeddable":true,"href":"https:\/\/13muz.eu\/en\/wp-json\/wp\/v2\/tribe_events_cat?post=69493"}],"curies":[{"name":"wp","href":"https:\/\/api.w.org\/{rel}","templated":true}]}}

21.11. / „Under the blue &#8211; Pod błękitem” &#8211; koncert

<p><img loading="lazy" decoding="async" class="alignnone size-large wp-image-69495" src="https://13muz.eu/wp-content/uploads/2025/10/21.11.2025-Under-the-blue-1920-1024x1024.jpg" alt="" width="1024" height="1024" srcset="https://13muz.eu/wp-content/uploads/2025/10/21.11.2025-Under-the-blue-1920-1024x1024.jpg 1024w, https://13muz.eu/wp-content/uploads/2025/10/21.11.2025-Under-the-blue-1920-300x300.jpg 300w, https://13muz.eu/wp-content/uploads/2025/10/21.11.2025-Under-the-blue-1920-150x150.jpg 150w, https://13muz.eu/wp-content/uploads/2025/10/21.11.2025-Under-the-blue-1920-768x768.jpg 768w, https://13muz.eu/wp-content/uploads/2025/10/21.11.2025-Under-the-blue-1920-1536x1536.jpg 1536w, https://13muz.eu/wp-content/uploads/2025/10/21.11.2025-Under-the-blue-1920-130x130.jpg 130w, https://13muz.eu/wp-content/uploads/2025/10/21.11.2025-Under-the-blue-1920-400x400.jpg 400w, https://13muz.eu/wp-content/uploads/2025/10/21.11.2025-Under-the-blue-1920.jpg 1920w" sizes="auto, (max-width: 1024px) 100vw, 1024px" /></p>
<p style="text-align: justify;"><strong>21.11.2025 piątek g. 18:00</strong></p>
<p style="text-align: justify;"><em>„Pomysł i nazwa koncertu wyniknął z inspiracji naszą ostatnią wspólną pracą nad piosenkami i jedno, co mi przyszło na myśl, co je łączy, to kolor niebieski”</em> &#8211; Izabela Strychalska, wokalistka, akompaniatorka, pomysłodawczyni wydarzenia</p>
<p style="text-align: justify;">Niebieski to kolor spokoju, zaufania, wody, nieba, duchowości i nieskończoności. Koncert zainspirowany kolorem niebieskim to koncert nawiązujący do twórczości takich wykonawców jak: Lana Del Rey, Billie Eilish, Alicia Keys, Ruth B., Olivia Rodrigo, Prince, Peter Gabriel, Kora, Zdzisława Sośnicka, Anna Jantar,&nbsp;Karen Souza, Amy Winehouse.</p>
<p style="text-align: justify;">Wystąpią wokaliści studia wokalnego Izabelli Strychalskiej w Szczecinie a także pomysłodawczyni koncertu, Izabela Strychalska.</p>
<p style="text-align: justify;">Aranżacje, piano, wybór utworów &#8211; Izabela Strychalska</p>
<p style="text-align: justify;">Perkusjonalia, conga &#8211; Robert Nędzusiak</p>
<p style="text-align: justify;">Wstęp wolny</p>
<p>Wydarzenie na <a href="https://www.facebook.com/events/1963522444426335/?acontext=%7B%22event_action_history%22%3A[%7B%22extra_data%22%3A%22%22%2C%22mechanism%22%3A%22left_rail%22%2C%22surface%22%3A%22bookmark%22%7D%2C%7B%22extra_data%22%3A%22%22%2C%22mechanism%22%3A%22surface%22%2C%22surface%22%3A%22create_dialog%22%7D]%2C%22ref_notif_type%22%3Anull%7D&amp;onload_action=open_invite_flow&amp;show_created_event_toast=true" target="_blank" rel="noopener"><strong>FB</strong></a></p>

<p>21.11.2025 piątek g. 18:00 „Pomysł i nazwa koncertu wyniknął z inspiracji naszą ostatnią wspólną pracą nad piosenkami i jedno, co mi przyszło na myśl, co je łączy, to kolor niebieski” &#8211; Izabela Strychalska, wokalistka, akompaniatorka, pomysłodawczyni wydarzenia Niebieski to kolor spokoju, zaufania, wody, nieba, duchowości i nieskończoności. Koncert zainspirowany kolorem niebieskim to koncert nawiązujący do twórczości takich wykonawców jak: Lana Del Rey, Billie Eilish, Alicia Keys, Ruth B., Olivia Rodrigo, Prince, Peter Gabriel, Kora, Zdzisława Sośnicka, Anna Jantar,&nbsp;Karen Souza, Amy Winehouse. Wystąpią wokaliści studia wokalnego Izabelli Strychalskiej w Szczecinie a także pomysłodawczyni koncertu, Izabela Strychalska. Aranżacje, piano, wybór utworów &#8211; [&hellip;]</p>
