{"id":69456,"date":"2025-10-07T12:26:14","date_gmt":"2025-10-07T10:26:14","guid":{"rendered":"https:\/\/13muz.eu\/?post_type=tribe_events&#038;p=69456"},"modified":"2025-11-13T12:01:04","modified_gmt":"2025-11-13T11:01:04","slug":"06-11-galeria-enter-maciej-mielnicki-rysunek","status":"publish","type":"tribe_events","link":"https:\/\/13muz.eu\/en\/event\/06-11-galeria-enter-maciej-mielnicki-rysunek\/","title":{"rendered":"06.11. \/ Galeria Enter &#8211; Maciej Mielnicki &#8211; rysunek"},"content":{"rendered":"<p><img loading=\"lazy\" decoding=\"async\" class=\"alignnone size-large wp-image-69458\" src=\"https:\/\/13muz.eu\/wp-content\/uploads\/2025\/10\/06.11.2025-Galeria-Enter-Maciej-Mielnicki-1920-742x1024.jpg\" alt=\"\" width=\"742\" height=\"1024\" srcset=\"https:\/\/13muz.eu\/wp-content\/uploads\/2025\/10\/06.11.2025-Galeria-Enter-Maciej-Mielnicki-1920-742x1024.jpg 742w, https:\/\/13muz.eu\/wp-content\/uploads\/2025\/10\/06.11.2025-Galeria-Enter-Maciej-Mielnicki-1920-217x300.jpg 217w, https:\/\/13muz.eu\/wp-content\/uploads\/2025\/10\/06.11.2025-Galeria-Enter-Maciej-Mielnicki-1920-768x1060.jpg 768w, https:\/\/13muz.eu\/wp-content\/uploads\/2025\/10\/06.11.2025-Galeria-Enter-Maciej-Mielnicki-1920-1112x1536.jpg 1112w, https:\/\/13muz.eu\/wp-content\/uploads\/2025\/10\/06.11.2025-Galeria-Enter-Maciej-Mielnicki-1920-1483x2048.jpg 1483w, https:\/\/13muz.eu\/wp-content\/uploads\/2025\/10\/06.11.2025-Galeria-Enter-Maciej-Mielnicki-1920-400x552.jpg 400w, https:\/\/13muz.eu\/wp-content\/uploads\/2025\/10\/06.11.2025-Galeria-Enter-Maciej-Mielnicki-1920-scaled.jpg 1854w\" sizes=\"auto, (max-width: 742px) 100vw, 742px\" \/><\/p>\n<p style=\"text-align: justify;\"><strong>06.11.2025 czwartek g. 17:00<\/strong><\/p>\n<p><a href=\"https:\/\/13muz.eu\/wernisaze\/nggallery\/album\/galeria-enter-maciej-mielnicki-rysunek\" target=\"_blank\" rel=\"noopener\"><strong>Zdj\u0119cia z wernisa\u017cu<\/strong><\/a><\/p>\n<p style=\"text-align: justify;\">6 listopada (czwartek) o godz. 17:00 zapraszamy do Galerii Enter na otwarcie wystawy &#8211; wst\u0119p wolny.<\/p>\n<p style=\"text-align: justify;\">Wystawa czynna do 28 listopada od poniedzia\u0142ku do pi\u0105tku w godz. 8:00-18:00 oraz w trakcie trwania wydarze\u0144 &#8211; wst\u0119p wolny.<\/p>\n<p style=\"text-align: justify;\">Maciej Mielnicki uko\u0144czy\u0142 Wydzia\u0142 Sztuk Pi\u0119knych na Uniwersytecie Miko\u0142aja Kopernika w Toruniu. Tw\u00f3rczo\u015b\u0107 w zakresach: grafika, rysunek, ilustracja ksi\u0105\u017ckowa, typografia, scenografia, grafika reklamowa, mural, architektura wn\u0119trz. Od wielu lat zajmuje si\u0119 przede wszystkim rysunkiem warsztatowym.<\/p>\n<p style=\"text-align: justify;\">Artysta bra\u0142 udzia\u0142 w wielu prezentacjach zespo\u0142owych w kraju i zagranic\u0105. Ma w swoim portfolio ok. 20. wystaw indywidualnych. Za rysunek otrzyma\u0142 nagrody, wyr\u00f3\u017cnienia i medale w presti\u017cowych konkursach, m.in. Cleveland (Wielka Brytania), Triennale Rysunku pod patronatem Tadeusza Kulisiewicz (Kalisz), Wroc\u0142aw biennale. Dwukrotny stypendysta MKiDN za dzia\u0142alno\u015b\u0107 artystyczn\u0105. O arty\u015bcie opracowano prac\u0119 semestraln\u0105 w 2003 r, przez studentk\u0119 III roku &#8211; WSSU Szczecin.<\/p>\n<p style=\"text-align: justify;\">Przedstawione na wystawie prace pochodz\u0105 z lat 2023 &#8211; 2025. Nie przyj\u0119to specjalnego tytu\u0142u prezentacji &#8211; jest to rysunek. W warstwie tre\u015bciowej rysunek dotyka tego, co jest w nas. W warstwie formalnej to oszcz\u0119dno\u015b\u0107 i wstrzemi\u0119\u017aliwo\u015b\u0107.<\/p>\n<p>Wydarzenie na <a href=\"https:\/\/www.facebook.com\/events\/1858995308161242\/?acontext=%7B%22event_action_history%22%3A[%7B%22extra_data%22%3A%22%22%2C%22mechanism%22%3A%22left_rail%22%2C%22surface%22%3A%22bookmark%22%7D%2C%7B%22extra_data%22%3A%22%22%2C%22mechanism%22%3A%22surface%22%2C%22surface%22%3A%22create_dialog%22%7D]%2C%22ref_notif_type%22%3Anull%7D&amp;onload_action=open_invite_flow&amp;show_created_event_toast=true\" target=\"_blank\" rel=\"noopener\"><strong>FB<\/strong><\/a><\/p>\n","protected":false},"excerpt":{"rendered":"<p>06.11.2025 czwartek g. 17:00 Zdj\u0119cia z wernisa\u017cu 6 listopada (czwartek) o godz. 17:00 zapraszamy do Galerii Enter na otwarcie wystawy &#8211; wst\u0119p wolny. Wystawa czynna do 28 listopada od poniedzia\u0142ku do pi\u0105tku w godz. 8:00-18:00 oraz w trakcie trwania wydarze\u0144 &#8211; wst\u0119p wolny. Maciej Mielnicki uko\u0144czy\u0142 Wydzia\u0142 Sztuk Pi\u0119knych na Uniwersytecie Miko\u0142aja Kopernika w Toruniu. Tw\u00f3rczo\u015b\u0107 w zakresach: grafika, rysunek, ilustracja ksi\u0105\u017ckowa, typografia, scenografia, grafika reklamowa, mural, architektura wn\u0119trz. Od wielu lat zajmuje si\u0119 przede wszystkim rysunkiem warsztatowym. Artysta bra\u0142 udzia\u0142 w wielu prezentacjach zespo\u0142owych w kraju i zagranic\u0105. Ma w swoim portfolio ok. 20. wystaw indywidualnych. Za rysunek otrzyma\u0142 [&hellip;]<\/p>\n","protected":false},"author":4,"featured_media":0,"template":"","meta":{"ngg_post_thumbnail":0,"_price":"","_stock":"","_tribe_ticket_header":"","_tribe_default_ticket_provider":"","_ticket_start_date":"","_ticket_end_date":"","_tribe_ticket_show_description":"","_tribe_ticket_show_not_going":false,"_tribe_ticket_use_global_stock":"","_tribe_ticket_global_stock_level":"","_global_stock_mode":"","_global_stock_cap":"","_tribe_rsvp_for_event":"","_tribe_ticket_going_count":"","_tribe_ticket_not_going_count":"","_tribe_tickets_list":"[]","_tribe_ticket_has_attendee_info_fields":false,"_tribe_events_status":"","_tribe_events_status_reason":"","footnotes":"","_tec_slr_enabled":"","_tec_slr_layout":""},"tags":[],"tribe_events_cat":[],"class_list":["post-69456","tribe_events","type-tribe_events","status-publish","hentry"],"ticketed":false,"post_mailing_queue_ids":[],"_links":{"self":[{"href":"https:\/\/13muz.eu\/en\/wp-json\/wp\/v2\/tribe_events\/69456","targetHints":{"allow":["GET"]}}],"collection":[{"href":"https:\/\/13muz.eu\/en\/wp-json\/wp\/v2\/tribe_events"}],"about":[{"href":"https:\/\/13muz.eu\/en\/wp-json\/wp\/v2\/types\/tribe_events"}],"author":[{"embeddable":true,"href":"https:\/\/13muz.eu\/en\/wp-json\/wp\/v2\/users\/4"}],"version-history":[{"count":0,"href":"https:\/\/13muz.eu\/en\/wp-json\/wp\/v2\/tribe_events\/69456\/revisions"}],"wp:attachment":[{"href":"https:\/\/13muz.eu\/en\/wp-json\/wp\/v2\/media?parent=69456"}],"wp:term":[{"taxonomy":"post_tag","embeddable":true,"href":"https:\/\/13muz.eu\/en\/wp-json\/wp\/v2\/tags?post=69456"},{"taxonomy":"tribe_events_cat","embeddable":true,"href":"https:\/\/13muz.eu\/en\/wp-json\/wp\/v2\/tribe_events_cat?post=69456"}],"curies":[{"name":"wp","href":"https:\/\/api.w.org\/{rel}","templated":true}]}}

<p><img loading="lazy" decoding="async" class="alignnone size-large wp-image-69458" src="https://13muz.eu/wp-content/uploads/2025/10/06.11.2025-Galeria-Enter-Maciej-Mielnicki-1920-742x1024.jpg" alt="" width="742" height="1024" srcset="https://13muz.eu/wp-content/uploads/2025/10/06.11.2025-Galeria-Enter-Maciej-Mielnicki-1920-742x1024.jpg 742w, https://13muz.eu/wp-content/uploads/2025/10/06.11.2025-Galeria-Enter-Maciej-Mielnicki-1920-217x300.jpg 217w, https://13muz.eu/wp-content/uploads/2025/10/06.11.2025-Galeria-Enter-Maciej-Mielnicki-1920-768x1060.jpg 768w, https://13muz.eu/wp-content/uploads/2025/10/06.11.2025-Galeria-Enter-Maciej-Mielnicki-1920-1112x1536.jpg 1112w, https://13muz.eu/wp-content/uploads/2025/10/06.11.2025-Galeria-Enter-Maciej-Mielnicki-1920-1483x2048.jpg 1483w, https://13muz.eu/wp-content/uploads/2025/10/06.11.2025-Galeria-Enter-Maciej-Mielnicki-1920-400x552.jpg 400w, https://13muz.eu/wp-content/uploads/2025/10/06.11.2025-Galeria-Enter-Maciej-Mielnicki-1920-scaled.jpg 1854w" sizes="auto, (max-width: 742px) 100vw, 742px" /></p>
<p style="text-align: justify;"><strong>06.11.2025 czwartek g. 17:00</strong></p>
<p><a href="https://13muz.eu/wernisaze/nggallery/album/galeria-enter-maciej-mielnicki-rysunek" target="_blank" rel="noopener"><strong>Zdjęcia z wernisażu</strong></a></p>
<p style="text-align: justify;">6 listopada (czwartek) o godz. 17:00 zapraszamy do Galerii Enter na otwarcie wystawy &#8211; wstęp wolny.</p>
<p style="text-align: justify;">Wystawa czynna do 28 listopada od poniedziałku do piątku w godz. 8:00-18:00 oraz w trakcie trwania wydarzeń &#8211; wstęp wolny.</p>
<p style="text-align: justify;">Maciej Mielnicki ukończył Wydział Sztuk Pięknych na Uniwersytecie Mikołaja Kopernika w Toruniu. Twórczość w zakresach: grafika, rysunek, ilustracja książkowa, typografia, scenografia, grafika reklamowa, mural, architektura wnętrz. Od wielu lat zajmuje się przede wszystkim rysunkiem warsztatowym.</p>
<p style="text-align: justify;">Artysta brał udział w wielu prezentacjach zespołowych w kraju i zagranicą. Ma w swoim portfolio ok. 20. wystaw indywidualnych. Za rysunek otrzymał nagrody, wyróżnienia i medale w prestiżowych konkursach, m.in. Cleveland (Wielka Brytania), Triennale Rysunku pod patronatem Tadeusza Kulisiewicz (Kalisz), Wrocław biennale. Dwukrotny stypendysta MKiDN za działalność artystyczną. O artyście opracowano pracę semestralną w 2003 r, przez studentkę III roku &#8211; WSSU Szczecin.</p>
<p style="text-align: justify;">Przedstawione na wystawie prace pochodzą z lat 2023 &#8211; 2025. Nie przyjęto specjalnego tytułu prezentacji &#8211; jest to rysunek. W warstwie treściowej rysunek dotyka tego, co jest w nas. W warstwie formalnej to oszczędność i wstrzemięźliwość.</p>
<p>Wydarzenie na <a href="https://www.facebook.com/events/1858995308161242/?acontext=%7B%22event_action_history%22%3A[%7B%22extra_data%22%3A%22%22%2C%22mechanism%22%3A%22left_rail%22%2C%22surface%22%3A%22bookmark%22%7D%2C%7B%22extra_data%22%3A%22%22%2C%22mechanism%22%3A%22surface%22%2C%22surface%22%3A%22create_dialog%22%7D]%2C%22ref_notif_type%22%3Anull%7D&amp;onload_action=open_invite_flow&amp;show_created_event_toast=true" target="_blank" rel="noopener"><strong>FB</strong></a></p>

<p>06.11.2025 czwartek g. 17:00 Zdjęcia z wernisażu 6 listopada (czwartek) o godz. 17:00 zapraszamy do Galerii Enter na otwarcie wystawy &#8211; wstęp wolny. Wystawa czynna do 28 listopada od poniedziałku do piątku w godz. 8:00-18:00 oraz w trakcie trwania wydarzeń &#8211; wstęp wolny. Maciej Mielnicki ukończył Wydział Sztuk Pięknych na Uniwersytecie Mikołaja Kopernika w Toruniu. Twórczość w zakresach: grafika, rysunek, ilustracja książkowa, typografia, scenografia, grafika reklamowa, mural, architektura wnętrz. Od wielu lat zajmuje się przede wszystkim rysunkiem warsztatowym. Artysta brał udział w wielu prezentacjach zespołowych w kraju i zagranicą. Ma w swoim portfolio ok. 20. wystaw indywidualnych. Za rysunek otrzymał [&hellip;]</p>
