{"id":69450,"date":"2025-10-07T12:18:55","date_gmt":"2025-10-07T10:18:55","guid":{"rendered":"https:\/\/13muz.eu\/?post_type=tribe_events&#038;p=69450"},"modified":"2025-11-13T11:59:30","modified_gmt":"2025-11-13T10:59:30","slug":"05-11-galeria-foyer-andrzej-buko-moja-tworczosc-ebru","status":"publish","type":"tribe_events","link":"https:\/\/13muz.eu\/en\/event\/05-11-galeria-foyer-andrzej-buko-moja-tworczosc-ebru\/","title":{"rendered":"05.11. \/ Galeria Foyer &#8211; Andrzej Buko &#8211; \u201eMoja tw\u00f3rczo\u015b\u0107\u201d &#8211; ebru"},"content":{"rendered":"<p><img loading=\"lazy\" decoding=\"async\" class=\"alignnone size-large wp-image-69452\" src=\"https:\/\/13muz.eu\/wp-content\/uploads\/2025\/10\/05.11.2025-Galeria-Foyer-Andrzej-Buko-1920-751x1024.jpg\" alt=\"\" width=\"751\" height=\"1024\" srcset=\"https:\/\/13muz.eu\/wp-content\/uploads\/2025\/10\/05.11.2025-Galeria-Foyer-Andrzej-Buko-1920-751x1024.jpg 751w, https:\/\/13muz.eu\/wp-content\/uploads\/2025\/10\/05.11.2025-Galeria-Foyer-Andrzej-Buko-1920-220x300.jpg 220w, https:\/\/13muz.eu\/wp-content\/uploads\/2025\/10\/05.11.2025-Galeria-Foyer-Andrzej-Buko-1920-768x1047.jpg 768w, https:\/\/13muz.eu\/wp-content\/uploads\/2025\/10\/05.11.2025-Galeria-Foyer-Andrzej-Buko-1920-1127x1536.jpg 1127w, https:\/\/13muz.eu\/wp-content\/uploads\/2025\/10\/05.11.2025-Galeria-Foyer-Andrzej-Buko-1920-1503x2048.jpg 1503w, https:\/\/13muz.eu\/wp-content\/uploads\/2025\/10\/05.11.2025-Galeria-Foyer-Andrzej-Buko-1920-400x545.jpg 400w, https:\/\/13muz.eu\/wp-content\/uploads\/2025\/10\/05.11.2025-Galeria-Foyer-Andrzej-Buko-1920-scaled.jpg 1878w\" sizes=\"auto, (max-width: 751px) 100vw, 751px\" \/><\/p>\n<p style=\"text-align: justify;\"><strong>05.11.2025 \u015broda g. 17:00<\/strong><\/p>\n<p><strong><a href=\"https:\/\/13muz.eu\/wernisaze\/nggallery\/album\/galeria-foyer-andrzej-buko-moja-tworczosc-ebru\" target=\"_blank\" rel=\"noopener\">Zdj\u0119cia z wernisa\u017cu<\/a><\/strong><\/p>\n<p style=\"text-align: justify;\">5 listopada (\u015broda) o godz. 17:00 zapraszamy do Galerii Foyer na otwarcie wystawy &#8211; wst\u0119p wolny.<\/p>\n<p style=\"text-align: justify;\">Wystawa czynna do 5 grudnia od poniedzia\u0142ku do pi\u0105tku w godz. 8:00-18:00 oraz w trakcie trwania wydarze\u0144 &#8211; wst\u0119p wolny.<\/p>\n<p style=\"text-align: justify;\">Andrzej Buko jest szczeci\u0144skim architektem, artyst\u0105 oraz malarzem. Jest tw\u00f3rc\u0105 prac, w kt\u00f3rych rzeczywisto\u015b\u0107 ukazuje w spos\u00f3b abstrakcyjny. Tworzy od zawsze. Zajmuje si\u0119 projektowaniem, designem, malarstwem, rysunkiem, rze\u017ab\u0105, grafik\u0105 a tak\u017ce sztukami wizualnymi. Obecnie jego najwi\u0119ksz\u0105 pasj\u0105 jest malarstwo na wodzie &#8211; Ebru.<\/p>\n<p style=\"text-align: justify;\">Widz do\u015bwiadcza intryguj\u0105cej podr\u00f3\u017cy w \u015bwiat wyobra\u017ani. Przestrze\u0144 wystawy wype\u0142nia odwa\u017cne, kolorowe kompozycje, pe\u0142ne optymizmu o mniej lub bardziej ukrytym znaczeniu.<\/p>\n<p style=\"text-align: justify;\">Ebru wywodzi si\u0119 z tradycji Bliskiego Wschodu, a szczeg\u00f3lnie z Turcji. Chocia\u017c korzenie tej techniki si\u0119gaj\u0105 XVII wieku, w ostatnich dekadach Ebru zyska\u0142o nowe znaczenie jako kierunek sztuki wsp\u00f3\u0142czesnej, \u0142\u0105cz\u0105c tradycyjne techniki z nowoczesn\u0105 ekspresj\u0105 i koncepcj\u0105 artystyczn\u0105.<\/p>\n<p style=\"text-align: justify;\">Ebru to technika polegaj\u0105ca na malowaniu specjalnymi farbami na powierzchni wody, a nast\u0119pnie przenoszeniu powsta\u0142ego obrazu na papier lub tkanin\u0119. Proces tworzenia wymaga nie tylko precyzji, ale te\u017c cierpliwo\u015bci i zrozumienia chemii materia\u0142\u00f3w, kt\u00f3re pozwalaj\u0105 farbom unosi\u0107 si\u0119 na wodzie.<\/p>\n<p style=\"text-align: justify;\">Wsp\u00f3\u0142cze\u015bni arty\u015bci si\u0119gaj\u0105 po Ebru jako medium umo\u017cliwiaj\u0105ce eksperymentowanie z form\u0105, kolorem i przekazem. Ebru sta\u0142o si\u0119 narz\u0119dziem wyra\u017cania emocji, abstrakcyjnych idei oraz spo\u0142ecznych komentarzy. W pracach wsp\u00f3\u0142czesnych tw\u00f3rc\u00f3w widoczne s\u0105 wp\u0142ywy minimalizmu, ekspresjonizmu czy sztuki konceptualnej, kt\u00f3re przekraczaj\u0105 granice tradycyjnego rzemios\u0142a.<\/p>\n<p style=\"text-align: justify;\">Abstrakcja w ebru polega na oderwaniu si\u0119 od rzeczywisto\u015bci i przedstawieniu emocji, nastroj\u00f3w czy energii w spos\u00f3b niefiguratywny. Prace te cz\u0119sto odwo\u0142uj\u0105 si\u0119 do wyobra\u017ani widza, zach\u0119caj\u0105c do w\u0142asnej interpretacji i odkrywania ukrytych znacze\u0144. Kolor, ruch i kompozycja odgrywaj\u0105 tu g\u0142\u00f3wn\u0105 rol\u0119, a ka\u017cda praca jest unikalna dzi\u0119ki nieprzewidywalno\u015bci procesu tworzenia.<\/p>\n<p style=\"text-align: justify;\">Wystawa pokazuje cz\u0119\u015b\u0107 dorobku tw\u00f3rczego Andrzeja Buko w ostatnich latach. Przedstawione prace s\u0105 reprezentatywne dla jego poszukiwa\u0144 kierunk\u00f3w formalnych. Tw\u00f3rczo\u015b\u0107 t\u0105 mo\u017cna zaliczy\u0107 do nurtu abstrakcji organicznej i kierunku hiperrealizmu abstrakcyjnego.<\/p>\n<p style=\"text-align: justify;\">Andrzej Buko pracuje jako architekt (wsp\u00f3\u0142w\u0142a\u015bciciel pracowni Studio Projektowe AB). Jest aktywny w \u015brodowisku artystycznym Szczecina m.in. przy organizacji SAIE, ZSTK. Bra\u0142 udzia\u0142 w wielu wystawach. Prezentuje swoje prace w r\u00f3\u017cnych miejscach na \u015bwiecie.<\/p>\n<p style=\"text-align: justify;\">Wystawa wsp\u00f3\u0142organizowana z Pa\u0144stwowym Liceum Sztuk Plastycznych w Szczecinie.<\/p>\n<p>Wydarzenie na <a href=\"https:\/\/www.facebook.com\/events\/1152016136860888\/?acontext=%7B%22event_action_history%22%3A[%7B%22extra_data%22%3A%22%22%2C%22mechanism%22%3A%22left_rail%22%2C%22surface%22%3A%22bookmark%22%7D%2C%7B%22extra_data%22%3A%22%22%2C%22mechanism%22%3A%22surface%22%2C%22surface%22%3A%22create_dialog%22%7D]%2C%22ref_notif_type%22%3Anull%7D&amp;onload_action=open_invite_flow&amp;show_created_event_toast=true\" target=\"_blank\" rel=\"noopener\"><strong>FB<\/strong><\/a><\/p>\n","protected":false},"excerpt":{"rendered":"<p>05.11.2025 \u015broda g. 17:00 Zdj\u0119cia z wernisa\u017cu 5 listopada (\u015broda) o godz. 17:00 zapraszamy do Galerii Foyer na otwarcie wystawy &#8211; wst\u0119p wolny. Wystawa czynna do 5 grudnia od poniedzia\u0142ku do pi\u0105tku w godz. 8:00-18:00 oraz w trakcie trwania wydarze\u0144 &#8211; wst\u0119p wolny. Andrzej Buko jest szczeci\u0144skim architektem, artyst\u0105 oraz malarzem. Jest tw\u00f3rc\u0105 prac, w kt\u00f3rych rzeczywisto\u015b\u0107 ukazuje w spos\u00f3b abstrakcyjny. Tworzy od zawsze. Zajmuje si\u0119 projektowaniem, designem, malarstwem, rysunkiem, rze\u017ab\u0105, grafik\u0105 a tak\u017ce sztukami wizualnymi. Obecnie jego najwi\u0119ksz\u0105 pasj\u0105 jest malarstwo na wodzie &#8211; Ebru. Widz do\u015bwiadcza intryguj\u0105cej podr\u00f3\u017cy w \u015bwiat wyobra\u017ani. Przestrze\u0144 wystawy wype\u0142nia odwa\u017cne, kolorowe kompozycje, pe\u0142ne [&hellip;]<\/p>\n","protected":false},"author":4,"featured_media":0,"template":"","meta":{"ngg_post_thumbnail":0,"_price":"","_stock":"","_tribe_ticket_header":"","_tribe_default_ticket_provider":"","_ticket_start_date":"","_ticket_end_date":"","_tribe_ticket_show_description":"","_tribe_ticket_show_not_going":false,"_tribe_ticket_use_global_stock":"","_tribe_ticket_global_stock_level":"","_global_stock_mode":"","_global_stock_cap":"","_tribe_rsvp_for_event":"","_tribe_ticket_going_count":"","_tribe_ticket_not_going_count":"","_tribe_tickets_list":"[]","_tribe_ticket_has_attendee_info_fields":false,"_tribe_events_status":"","_tribe_events_status_reason":"","footnotes":"","_tec_slr_enabled":"","_tec_slr_layout":""},"tags":[],"tribe_events_cat":[],"class_list":["post-69450","tribe_events","type-tribe_events","status-publish","hentry"],"ticketed":false,"post_mailing_queue_ids":[],"_links":{"self":[{"href":"https:\/\/13muz.eu\/en\/wp-json\/wp\/v2\/tribe_events\/69450","targetHints":{"allow":["GET"]}}],"collection":[{"href":"https:\/\/13muz.eu\/en\/wp-json\/wp\/v2\/tribe_events"}],"about":[{"href":"https:\/\/13muz.eu\/en\/wp-json\/wp\/v2\/types\/tribe_events"}],"author":[{"embeddable":true,"href":"https:\/\/13muz.eu\/en\/wp-json\/wp\/v2\/users\/4"}],"version-history":[{"count":0,"href":"https:\/\/13muz.eu\/en\/wp-json\/wp\/v2\/tribe_events\/69450\/revisions"}],"wp:attachment":[{"href":"https:\/\/13muz.eu\/en\/wp-json\/wp\/v2\/media?parent=69450"}],"wp:term":[{"taxonomy":"post_tag","embeddable":true,"href":"https:\/\/13muz.eu\/en\/wp-json\/wp\/v2\/tags?post=69450"},{"taxonomy":"tribe_events_cat","embeddable":true,"href":"https:\/\/13muz.eu\/en\/wp-json\/wp\/v2\/tribe_events_cat?post=69450"}],"curies":[{"name":"wp","href":"https:\/\/api.w.org\/{rel}","templated":true}]}}

05.11. / Galeria Foyer &#8211; Andrzej Buko &#8211; „Moja twórczość” &#8211; ebru

<p><img loading="lazy" decoding="async" class="alignnone size-large wp-image-69452" src="https://13muz.eu/wp-content/uploads/2025/10/05.11.2025-Galeria-Foyer-Andrzej-Buko-1920-751x1024.jpg" alt="" width="751" height="1024" srcset="https://13muz.eu/wp-content/uploads/2025/10/05.11.2025-Galeria-Foyer-Andrzej-Buko-1920-751x1024.jpg 751w, https://13muz.eu/wp-content/uploads/2025/10/05.11.2025-Galeria-Foyer-Andrzej-Buko-1920-220x300.jpg 220w, https://13muz.eu/wp-content/uploads/2025/10/05.11.2025-Galeria-Foyer-Andrzej-Buko-1920-768x1047.jpg 768w, https://13muz.eu/wp-content/uploads/2025/10/05.11.2025-Galeria-Foyer-Andrzej-Buko-1920-1127x1536.jpg 1127w, https://13muz.eu/wp-content/uploads/2025/10/05.11.2025-Galeria-Foyer-Andrzej-Buko-1920-1503x2048.jpg 1503w, https://13muz.eu/wp-content/uploads/2025/10/05.11.2025-Galeria-Foyer-Andrzej-Buko-1920-400x545.jpg 400w, https://13muz.eu/wp-content/uploads/2025/10/05.11.2025-Galeria-Foyer-Andrzej-Buko-1920-scaled.jpg 1878w" sizes="auto, (max-width: 751px) 100vw, 751px" /></p>
<p style="text-align: justify;"><strong>05.11.2025 środa g. 17:00</strong></p>
<p><strong><a href="https://13muz.eu/wernisaze/nggallery/album/galeria-foyer-andrzej-buko-moja-tworczosc-ebru" target="_blank" rel="noopener">Zdjęcia z wernisażu</a></strong></p>
<p style="text-align: justify;">5 listopada (środa) o godz. 17:00 zapraszamy do Galerii Foyer na otwarcie wystawy &#8211; wstęp wolny.</p>
<p style="text-align: justify;">Wystawa czynna do 5 grudnia od poniedziałku do piątku w godz. 8:00-18:00 oraz w trakcie trwania wydarzeń &#8211; wstęp wolny.</p>
<p style="text-align: justify;">Andrzej Buko jest szczecińskim architektem, artystą oraz malarzem. Jest twórcą prac, w których rzeczywistość ukazuje w sposób abstrakcyjny. Tworzy od zawsze. Zajmuje się projektowaniem, designem, malarstwem, rysunkiem, rzeźbą, grafiką a także sztukami wizualnymi. Obecnie jego największą pasją jest malarstwo na wodzie &#8211; Ebru.</p>
<p style="text-align: justify;">Widz doświadcza intrygującej podróży w świat wyobraźni. Przestrzeń wystawy wypełnia odważne, kolorowe kompozycje, pełne optymizmu o mniej lub bardziej ukrytym znaczeniu.</p>
<p style="text-align: justify;">Ebru wywodzi się z tradycji Bliskiego Wschodu, a szczególnie z Turcji. Chociaż korzenie tej techniki sięgają XVII wieku, w ostatnich dekadach Ebru zyskało nowe znaczenie jako kierunek sztuki współczesnej, łącząc tradycyjne techniki z nowoczesną ekspresją i koncepcją artystyczną.</p>
<p style="text-align: justify;">Ebru to technika polegająca na malowaniu specjalnymi farbami na powierzchni wody, a następnie przenoszeniu powstałego obrazu na papier lub tkaninę. Proces tworzenia wymaga nie tylko precyzji, ale też cierpliwości i zrozumienia chemii materiałów, które pozwalają farbom unosić się na wodzie.</p>
<p style="text-align: justify;">Współcześni artyści sięgają po Ebru jako medium umożliwiające eksperymentowanie z formą, kolorem i przekazem. Ebru stało się narzędziem wyrażania emocji, abstrakcyjnych idei oraz społecznych komentarzy. W pracach współczesnych twórców widoczne są wpływy minimalizmu, ekspresjonizmu czy sztuki konceptualnej, które przekraczają granice tradycyjnego rzemiosła.</p>
<p style="text-align: justify;">Abstrakcja w ebru polega na oderwaniu się od rzeczywistości i przedstawieniu emocji, nastrojów czy energii w sposób niefiguratywny. Prace te często odwołują się do wyobraźni widza, zachęcając do własnej interpretacji i odkrywania ukrytych znaczeń. Kolor, ruch i kompozycja odgrywają tu główną rolę, a każda praca jest unikalna dzięki nieprzewidywalności procesu tworzenia.</p>
<p style="text-align: justify;">Wystawa pokazuje część dorobku twórczego Andrzeja Buko w ostatnich latach. Przedstawione prace są reprezentatywne dla jego poszukiwań kierunków formalnych. Twórczość tą można zaliczyć do nurtu abstrakcji organicznej i kierunku hiperrealizmu abstrakcyjnego.</p>
<p style="text-align: justify;">Andrzej Buko pracuje jako architekt (współwłaściciel pracowni Studio Projektowe AB). Jest aktywny w środowisku artystycznym Szczecina m.in. przy organizacji SAIE, ZSTK. Brał udział w wielu wystawach. Prezentuje swoje prace w różnych miejscach na świecie.</p>
<p style="text-align: justify;">Wystawa współorganizowana z Państwowym Liceum Sztuk Plastycznych w Szczecinie.</p>
<p>Wydarzenie na <a href="https://www.facebook.com/events/1152016136860888/?acontext=%7B%22event_action_history%22%3A[%7B%22extra_data%22%3A%22%22%2C%22mechanism%22%3A%22left_rail%22%2C%22surface%22%3A%22bookmark%22%7D%2C%7B%22extra_data%22%3A%22%22%2C%22mechanism%22%3A%22surface%22%2C%22surface%22%3A%22create_dialog%22%7D]%2C%22ref_notif_type%22%3Anull%7D&amp;onload_action=open_invite_flow&amp;show_created_event_toast=true" target="_blank" rel="noopener"><strong>FB</strong></a></p>

<p>05.11.2025 środa g. 17:00 Zdjęcia z wernisażu 5 listopada (środa) o godz. 17:00 zapraszamy do Galerii Foyer na otwarcie wystawy &#8211; wstęp wolny. Wystawa czynna do 5 grudnia od poniedziałku do piątku w godz. 8:00-18:00 oraz w trakcie trwania wydarzeń &#8211; wstęp wolny. Andrzej Buko jest szczecińskim architektem, artystą oraz malarzem. Jest twórcą prac, w których rzeczywistość ukazuje w sposób abstrakcyjny. Tworzy od zawsze. Zajmuje się projektowaniem, designem, malarstwem, rysunkiem, rzeźbą, grafiką a także sztukami wizualnymi. Obecnie jego największą pasją jest malarstwo na wodzie &#8211; Ebru. Widz doświadcza intrygującej podróży w świat wyobraźni. Przestrzeń wystawy wypełnia odważne, kolorowe kompozycje, pełne [&hellip;]</p>
