{"id":69446,"date":"2025-10-07T12:11:00","date_gmt":"2025-10-07T10:11:00","guid":{"rendered":"https:\/\/13muz.eu\/?post_type=tribe_events&#038;p=69446"},"modified":"2025-10-21T15:19:33","modified_gmt":"2025-10-21T13:19:33","slug":"051926-11-bajka-o-zagubionym-usmiechu-spektakl-dla-dzieci-teatru-janusza-z-13-muz","status":"publish","type":"tribe_events","link":"https:\/\/13muz.eu\/en\/event\/051926-11-bajka-o-zagubionym-usmiechu-spektakl-dla-dzieci-teatru-janusza-z-13-muz\/","title":{"rendered":"05,19,26.11. \/ \u201eBajka o zagubionym u\u015bmiechu\u201d &#8211; spektakl dla dzieci Teatru Janusza z \u201e13 Muz\u201d"},"content":{"rendered":"<p><img loading=\"lazy\" decoding=\"async\" class=\"alignnone size-large wp-image-68777\" src=\"https:\/\/13muz.eu\/wp-content\/uploads\/2025\/09\/25.10.2025-Bajka-o-zagubionym-usmiechu-1920-1024x680.jpg\" alt=\"\" width=\"1024\" height=\"680\" srcset=\"https:\/\/13muz.eu\/wp-content\/uploads\/2025\/09\/25.10.2025-Bajka-o-zagubionym-usmiechu-1920-1024x680.jpg 1024w, https:\/\/13muz.eu\/wp-content\/uploads\/2025\/09\/25.10.2025-Bajka-o-zagubionym-usmiechu-1920-300x199.jpg 300w, https:\/\/13muz.eu\/wp-content\/uploads\/2025\/09\/25.10.2025-Bajka-o-zagubionym-usmiechu-1920-768x510.jpg 768w, https:\/\/13muz.eu\/wp-content\/uploads\/2025\/09\/25.10.2025-Bajka-o-zagubionym-usmiechu-1920-1536x1020.jpg 1536w, https:\/\/13muz.eu\/wp-content\/uploads\/2025\/09\/25.10.2025-Bajka-o-zagubionym-usmiechu-1920-150x100.jpg 150w, https:\/\/13muz.eu\/wp-content\/uploads\/2025\/09\/25.10.2025-Bajka-o-zagubionym-usmiechu-1920-400x266.jpg 400w, https:\/\/13muz.eu\/wp-content\/uploads\/2025\/09\/25.10.2025-Bajka-o-zagubionym-usmiechu-1920.jpg 1920w\" sizes=\"auto, (max-width: 1024px) 100vw, 1024px\" \/><\/p>\n<p style=\"text-align: justify;\"><strong>05,19,26.11.2025 \u015brody g. 10:00 \/ Nie ma ju\u017c, niestety, miejsc na to wydarzenie<\/strong><\/p>\n<p style=\"text-align: justify;\">Scenariusz i re\u017cyseria: Anna Markowska-Hennig<\/p>\n<p style=\"text-align: justify;\">W ramach cyklu wydarze\u0144 i projekt\u00f3w pod wsp\u00f3lnym has\u0142em \u201eSeniorzy dzieciom i m\u0142odzie\u017cy\u201d grupa teatralna senior\u00f3w Teatr Janusza dzia\u0142aj\u0105ca w Domu Kultury \u201e13 Muz\u201d przygotowa\u0142a spektakl edukacyjny dla dzieci przedszkolnych i wczesnoszkolnych w formie bajkowego przedstawienia pt. \u201eBajka o zagubionym u\u015bmiechu\u201d.<\/p>\n<p style=\"text-align: justify;\">Spektakl oraz kolejne jego prezentacje b\u0119d\u0105 si\u0119 odbywa\u0107 w ramach cyklu \u201eKochamy nasz Szczecin\u201d z okazji obchodzonej w tym roku 80. rocznicy polskiego Szczecina i wpisuj\u0105 si\u0119 w cykl wydarze\u0144 organizowanych w obecnym sezonie przez Salon Artystyczny Senior\u00f3w pod wsp\u00f3lnym tytu\u0142em \u201eZakochani w Szczecinie\u201d.<\/p>\n<p style=\"text-align: justify;\">Spektakl przygotowany zosta\u0142 przez samych senior\u00f3w i b\u0119dzie prezentowany na scenie Domu Kultury \u201e13 Muz\u201d w formie edukacyjnych porank\u00f3w bajkowych dla dzieci, kt\u00f3re wraz z nauczycielami, zaproszonymi rodzicami i dziadkami, wezm\u0105 udzia\u0142 w spotkaniach z seniorami.<\/p>\n<p style=\"text-align: justify;\">Opr\u00f3cz samej atrakcji artystycznej w formie spektaklu teatralnego seniorzy przygotowali suplement edukacyjno-zabawowy dla dzieci &#8211; czyli gry i zabawy teatralne z nagrodami. Dodatek edukacyjny to forma wsp\u00f3lnej zabawy, podczas kt\u00f3rej dzieci poznaj\u0105 i naucz\u0105 si\u0119 podstawowych nazw i poj\u0119\u0107 zwi\u0105zanych z teatrem, wezm\u0105 udzia\u0142 w konkursach teatralnych i same b\u0119d\u0105 mog\u0142y spr\u00f3bowa\u0107 swoich si\u0142 i umiej\u0119tno\u015bci aktorskich na scenie.<\/p>\n<p style=\"text-align: justify;\">Uczestnictwo w bajce senior\u00f3w, ich kontakt z dzie\u0107mi buduje pozytywny obraz os\u00f3b starszych oraz przypomina, \u017ce opowiadanie bajek to cz\u0119\u015b\u0107 dziedzictwa kulturowego, kt\u00f3re warto piel\u0119gnowa\u0107.<\/p>\n<p style=\"text-align: justify;\">Og\u00f3lne cele projektu:<br \/>\nUkazanie warto\u015bci bajki jako formy wspieraj\u0105cej rozw\u00f3j emocjonalny i poznawczy dziecka.<br \/>\nWzmacnianie wi\u0119zi dziecko-rodzic poprzez wsp\u00f3lne czytanie i prze\u017cywanie bajek.<br \/>\nInspirowanie doros\u0142ych do codziennego opowiadania i czytania dzieciom bajek.<\/p>\n<p style=\"text-align: justify;\">Kr\u00f3tko o bajce<br \/>\nDo kr\u00f3lewskiego pa\u0142acu przybywa czarownica, kt\u00f3ra oznajmia kr\u00f3lowi, \u017ce w\u0142a\u015bnie spe\u0142nia si\u0119 zakl\u0119cie jej prababki, \u017ce u\u015bmiechu na \u015bwiecie nie b\u0119dzie. Informuje kr\u00f3la, \u017ce w jego kr\u00f3lestwie jest pierwsze smutne dziecko i \u017ce od tej pory kr\u00f3l oraz wszyscy poddani maj\u0105 trzy dni, aby zakl\u0119cie odwr\u00f3ci\u0107 i u\u015bmiech dziewczynce przywr\u00f3ci\u0107. Je\u015bli to si\u0119 nie stanie, wszyscy ludzie w kr\u00f3lestwie b\u0119d\u0105 smutni i utrac\u0105 zdolno\u015b\u0107 odczuwania rado\u015bci. Zaczyna si\u0119 w kr\u00f3lestwie wy\u015bcig z czasem, by odnale\u017a\u0107 przyczyn\u0119, z powodu kt\u00f3rej nasza bohaterka si\u0119 nie u\u015bmiecha. Bajka pe\u0142na kolor\u00f3w, \u015bpiewu i ta\u0144ca.<\/p>\n<p style=\"text-align: justify;\">Opieka artystyczna i re\u017cyserska: Janusz Janiszewski<\/p>\n<p style=\"text-align: justify;\">Wyst\u0119puj\u0105: aktorzy Teatru Janusza z Salonu Artystycznego z DK \u201e13 Muz&#8221;.<\/p>\n<p style=\"text-align: justify;\">Salon Artystyczny Senior\u00f3w SAS powsta\u0142 w Domu Kultury \u201e13 Muz\u201d na pocz\u0105tku 2017. Jest to grupa aktywnych szczeci\u0144skich senior\u00f3w, kt\u00f3ra w spos\u00f3b tw\u00f3rczy i atrakcyjny wsp\u00f3\u0142tworzy program Domu Kultury \u201e13 Muz\u201d pod k\u0105tem ludzi starszych. SAS regularnie tworzy nowe wydarzenia artystyczne z my\u015bl\u0105 o seniorach i nie tylko. W ramach Salonu dzia\u0142a kilka grup tw\u00f3rczych takich jak: Teatr Janusza, grupa Kabaretowa i Grupa Poetycka Ars Poetica. W ramach dzia\u0142alno\u015bci SAS prezentowane s\u0105 na scenie DK \u201e13 Muz\u201d dokonania artystyczne senior\u00f3w g\u0142\u00f3wnie ze Szczecina i wojew\u00f3dztwa zachodniopomorskiego, spektakle teatralne i kabaretowe, projekcje film\u00f3w, wystawy plastyczne, prezentacje poetyckie i wokalne.<\/p>\n<p style=\"text-align: justify;\">Wydarzenie finansowane ze \u015brodk\u00f3w otrzymanych z bud\u017cetu Wojew\u00f3dztwa Zachodniopomorskiego.<\/p>\n<p style=\"text-align: justify;\">Pomoc organizacyjna: Fundacja Rewelacja<\/p>\n<p style=\"text-align: justify;\">Miejsce: Sala Kominkowa<\/p>\n<p style=\"text-align: justify;\">Wst\u0119p wolny<\/p>\n<p>Wydarzenie na <a href=\"https:\/\/www.facebook.com\/events\/1518837592763326\/1518837606096658\/?acontext=%7B%22event_action_history%22%3A[%7B%22extra_data%22%3A%22%22%2C%22mechanism%22%3A%22left_rail%22%2C%22surface%22%3A%22bookmark%22%7D%2C%7B%22extra_data%22%3A%22%22%2C%22mechanism%22%3A%22surface%22%2C%22surface%22%3A%22create_dialog%22%7D]%2C%22ref_notif_type%22%3Anull%7D&amp;onload_action=open_invite_flow&amp;show_created_event_toast=true\" target=\"_blank\" rel=\"noopener\"><strong>FB<\/strong><\/a><\/p>\n<p><img loading=\"lazy\" decoding=\"async\" class=\"alignnone size-medium wp-image-68663\" src=\"https:\/\/13muz.eu\/wp-content\/uploads\/2025\/09\/4172527.10.2025-Helunia-oraz-Bajka-o-zagubionym-usmiechu-logo-fundacja-rewelacja-300x154.jpg\" alt=\"\" width=\"300\" height=\"154\" srcset=\"https:\/\/13muz.eu\/wp-content\/uploads\/2025\/09\/4172527.10.2025-Helunia-oraz-Bajka-o-zagubionym-usmiechu-logo-fundacja-rewelacja-300x154.jpg 300w, https:\/\/13muz.eu\/wp-content\/uploads\/2025\/09\/4172527.10.2025-Helunia-oraz-Bajka-o-zagubionym-usmiechu-logo-fundacja-rewelacja-1024x526.jpg 1024w, https:\/\/13muz.eu\/wp-content\/uploads\/2025\/09\/4172527.10.2025-Helunia-oraz-Bajka-o-zagubionym-usmiechu-logo-fundacja-rewelacja-768x395.jpg 768w, https:\/\/13muz.eu\/wp-content\/uploads\/2025\/09\/4172527.10.2025-Helunia-oraz-Bajka-o-zagubionym-usmiechu-logo-fundacja-rewelacja-1536x789.jpg 1536w, https:\/\/13muz.eu\/wp-content\/uploads\/2025\/09\/4172527.10.2025-Helunia-oraz-Bajka-o-zagubionym-usmiechu-logo-fundacja-rewelacja-2048x1052.jpg 2048w, https:\/\/13muz.eu\/wp-content\/uploads\/2025\/09\/4172527.10.2025-Helunia-oraz-Bajka-o-zagubionym-usmiechu-logo-fundacja-rewelacja-400x205.jpg 400w\" sizes=\"auto, (max-width: 300px) 100vw, 300px\" \/> <img loading=\"lazy\" decoding=\"async\" class=\"alignnone size-medium wp-image-68662\" src=\"https:\/\/13muz.eu\/wp-content\/uploads\/2025\/09\/4172527-Helunia-oraz-Bajka-o-zagubionym-usmiechu-logo-Pomorze_Zachodnie-300x238.jpg\" alt=\"\" width=\"300\" height=\"238\" srcset=\"https:\/\/13muz.eu\/wp-content\/uploads\/2025\/09\/4172527-Helunia-oraz-Bajka-o-zagubionym-usmiechu-logo-Pomorze_Zachodnie-300x238.jpg 300w, https:\/\/13muz.eu\/wp-content\/uploads\/2025\/09\/4172527-Helunia-oraz-Bajka-o-zagubionym-usmiechu-logo-Pomorze_Zachodnie-1024x812.jpg 1024w, https:\/\/13muz.eu\/wp-content\/uploads\/2025\/09\/4172527-Helunia-oraz-Bajka-o-zagubionym-usmiechu-logo-Pomorze_Zachodnie-768x609.jpg 768w, https:\/\/13muz.eu\/wp-content\/uploads\/2025\/09\/4172527-Helunia-oraz-Bajka-o-zagubionym-usmiechu-logo-Pomorze_Zachodnie-400x317.jpg 400w, https:\/\/13muz.eu\/wp-content\/uploads\/2025\/09\/4172527-Helunia-oraz-Bajka-o-zagubionym-usmiechu-logo-Pomorze_Zachodnie.jpg 1240w\" sizes=\"auto, (max-width: 300px) 100vw, 300px\" \/><\/p>\n","protected":false},"excerpt":{"rendered":"<p>05,19,26.11.2025 \u015brody g. 10:00 \/ Nie ma ju\u017c, niestety, miejsc na to wydarzenie Scenariusz i re\u017cyseria: Anna Markowska-Hennig W ramach cyklu wydarze\u0144 i projekt\u00f3w pod wsp\u00f3lnym has\u0142em \u201eSeniorzy dzieciom i m\u0142odzie\u017cy\u201d grupa teatralna senior\u00f3w Teatr Janusza dzia\u0142aj\u0105ca w Domu Kultury \u201e13 Muz\u201d przygotowa\u0142a spektakl edukacyjny dla dzieci przedszkolnych i wczesnoszkolnych w formie bajkowego przedstawienia pt. \u201eBajka o zagubionym u\u015bmiechu\u201d. Spektakl oraz kolejne jego prezentacje b\u0119d\u0105 si\u0119 odbywa\u0107 w ramach cyklu \u201eKochamy nasz Szczecin\u201d z okazji obchodzonej w tym roku 80. rocznicy polskiego Szczecina i wpisuj\u0105 si\u0119 w cykl wydarze\u0144 organizowanych w obecnym sezonie przez Salon Artystyczny Senior\u00f3w pod wsp\u00f3lnym tytu\u0142em [&hellip;]<\/p>\n","protected":false},"author":4,"featured_media":0,"template":"","meta":{"ngg_post_thumbnail":0,"_price":"","_stock":"","_tribe_ticket_header":"","_tribe_default_ticket_provider":"","_ticket_start_date":"","_ticket_end_date":"","_tribe_ticket_show_description":"","_tribe_ticket_show_not_going":false,"_tribe_ticket_use_global_stock":"","_tribe_ticket_global_stock_level":"","_global_stock_mode":"","_global_stock_cap":"","_tribe_rsvp_for_event":"","_tribe_ticket_going_count":"","_tribe_ticket_not_going_count":"","_tribe_tickets_list":"[]","_tribe_ticket_has_attendee_info_fields":false,"_tribe_events_status":"","_tribe_events_status_reason":"","footnotes":"","_tec_slr_enabled":"","_tec_slr_layout":""},"tags":[],"tribe_events_cat":[],"class_list":["post-69446","tribe_events","type-tribe_events","status-publish","hentry"],"ticketed":false,"post_mailing_queue_ids":[],"_links":{"self":[{"href":"https:\/\/13muz.eu\/en\/wp-json\/wp\/v2\/tribe_events\/69446","targetHints":{"allow":["GET"]}}],"collection":[{"href":"https:\/\/13muz.eu\/en\/wp-json\/wp\/v2\/tribe_events"}],"about":[{"href":"https:\/\/13muz.eu\/en\/wp-json\/wp\/v2\/types\/tribe_events"}],"author":[{"embeddable":true,"href":"https:\/\/13muz.eu\/en\/wp-json\/wp\/v2\/users\/4"}],"version-history":[{"count":0,"href":"https:\/\/13muz.eu\/en\/wp-json\/wp\/v2\/tribe_events\/69446\/revisions"}],"wp:attachment":[{"href":"https:\/\/13muz.eu\/en\/wp-json\/wp\/v2\/media?parent=69446"}],"wp:term":[{"taxonomy":"post_tag","embeddable":true,"href":"https:\/\/13muz.eu\/en\/wp-json\/wp\/v2\/tags?post=69446"},{"taxonomy":"tribe_events_cat","embeddable":true,"href":"https:\/\/13muz.eu\/en\/wp-json\/wp\/v2\/tribe_events_cat?post=69446"}],"curies":[{"name":"wp","href":"https:\/\/api.w.org\/{rel}","templated":true}]}}

05,19,26.11. / „Bajka o zagubionym uśmiechu” &#8211; spektakl dla dzieci Teatru Janusza z „13 Muz”

<p><img loading="lazy" decoding="async" class="alignnone size-large wp-image-68777" src="https://13muz.eu/wp-content/uploads/2025/09/25.10.2025-Bajka-o-zagubionym-usmiechu-1920-1024x680.jpg" alt="" width="1024" height="680" srcset="https://13muz.eu/wp-content/uploads/2025/09/25.10.2025-Bajka-o-zagubionym-usmiechu-1920-1024x680.jpg 1024w, https://13muz.eu/wp-content/uploads/2025/09/25.10.2025-Bajka-o-zagubionym-usmiechu-1920-300x199.jpg 300w, https://13muz.eu/wp-content/uploads/2025/09/25.10.2025-Bajka-o-zagubionym-usmiechu-1920-768x510.jpg 768w, https://13muz.eu/wp-content/uploads/2025/09/25.10.2025-Bajka-o-zagubionym-usmiechu-1920-1536x1020.jpg 1536w, https://13muz.eu/wp-content/uploads/2025/09/25.10.2025-Bajka-o-zagubionym-usmiechu-1920-150x100.jpg 150w, https://13muz.eu/wp-content/uploads/2025/09/25.10.2025-Bajka-o-zagubionym-usmiechu-1920-400x266.jpg 400w, https://13muz.eu/wp-content/uploads/2025/09/25.10.2025-Bajka-o-zagubionym-usmiechu-1920.jpg 1920w" sizes="auto, (max-width: 1024px) 100vw, 1024px" /></p>
<p style="text-align: justify;"><strong>05,19,26.11.2025 środy g. 10:00 / Nie ma już, niestety, miejsc na to wydarzenie</strong></p>
<p style="text-align: justify;">Scenariusz i reżyseria: Anna Markowska-Hennig</p>
<p style="text-align: justify;">W ramach cyklu wydarzeń i projektów pod wspólnym hasłem „Seniorzy dzieciom i młodzieży” grupa teatralna seniorów Teatr Janusza działająca w Domu Kultury „13 Muz” przygotowała spektakl edukacyjny dla dzieci przedszkolnych i wczesnoszkolnych w formie bajkowego przedstawienia pt. „Bajka o zagubionym uśmiechu”.</p>
<p style="text-align: justify;">Spektakl oraz kolejne jego prezentacje będą się odbywać w ramach cyklu „Kochamy nasz Szczecin” z okazji obchodzonej w tym roku 80. rocznicy polskiego Szczecina i wpisują się w cykl wydarzeń organizowanych w obecnym sezonie przez Salon Artystyczny Seniorów pod wspólnym tytułem „Zakochani w Szczecinie”.</p>
<p style="text-align: justify;">Spektakl przygotowany został przez samych seniorów i będzie prezentowany na scenie Domu Kultury „13 Muz” w formie edukacyjnych poranków bajkowych dla dzieci, które wraz z nauczycielami, zaproszonymi rodzicami i dziadkami, wezmą udział w spotkaniach z seniorami.</p>
<p style="text-align: justify;">Oprócz samej atrakcji artystycznej w formie spektaklu teatralnego seniorzy przygotowali suplement edukacyjno-zabawowy dla dzieci &#8211; czyli gry i zabawy teatralne z nagrodami. Dodatek edukacyjny to forma wspólnej zabawy, podczas której dzieci poznają i nauczą się podstawowych nazw i pojęć związanych z teatrem, wezmą udział w konkursach teatralnych i same będą mogły spróbować swoich sił i umiejętności aktorskich na scenie.</p>
<p style="text-align: justify;">Uczestnictwo w bajce seniorów, ich kontakt z dziećmi buduje pozytywny obraz osób starszych oraz przypomina, że opowiadanie bajek to część dziedzictwa kulturowego, które warto pielęgnować.</p>
<p style="text-align: justify;">Ogólne cele projektu:<br />
Ukazanie wartości bajki jako formy wspierającej rozwój emocjonalny i poznawczy dziecka.<br />
Wzmacnianie więzi dziecko-rodzic poprzez wspólne czytanie i przeżywanie bajek.<br />
Inspirowanie dorosłych do codziennego opowiadania i czytania dzieciom bajek.</p>
<p style="text-align: justify;">Krótko o bajce<br />
Do królewskiego pałacu przybywa czarownica, która oznajmia królowi, że właśnie spełnia się zaklęcie jej prababki, że uśmiechu na świecie nie będzie. Informuje króla, że w jego królestwie jest pierwsze smutne dziecko i że od tej pory król oraz wszyscy poddani mają trzy dni, aby zaklęcie odwrócić i uśmiech dziewczynce przywrócić. Jeśli to się nie stanie, wszyscy ludzie w królestwie będą smutni i utracą zdolność odczuwania radości. Zaczyna się w królestwie wyścig z czasem, by odnaleźć przyczynę, z powodu której nasza bohaterka się nie uśmiecha. Bajka pełna kolorów, śpiewu i tańca.</p>
<p style="text-align: justify;">Opieka artystyczna i reżyserska: Janusz Janiszewski</p>
<p style="text-align: justify;">Występują: aktorzy Teatru Janusza z Salonu Artystycznego z DK „13 Muz&#8221;.</p>
<p style="text-align: justify;">Salon Artystyczny Seniorów SAS powstał w Domu Kultury „13 Muz” na początku 2017. Jest to grupa aktywnych szczecińskich seniorów, która w sposób twórczy i atrakcyjny współtworzy program Domu Kultury „13 Muz” pod kątem ludzi starszych. SAS regularnie tworzy nowe wydarzenia artystyczne z myślą o seniorach i nie tylko. W ramach Salonu działa kilka grup twórczych takich jak: Teatr Janusza, grupa Kabaretowa i Grupa Poetycka Ars Poetica. W ramach działalności SAS prezentowane są na scenie DK „13 Muz” dokonania artystyczne seniorów głównie ze Szczecina i województwa zachodniopomorskiego, spektakle teatralne i kabaretowe, projekcje filmów, wystawy plastyczne, prezentacje poetyckie i wokalne.</p>
<p style="text-align: justify;">Wydarzenie finansowane ze środków otrzymanych z budżetu Województwa Zachodniopomorskiego.</p>
<p style="text-align: justify;">Pomoc organizacyjna: Fundacja Rewelacja</p>
<p style="text-align: justify;">Miejsce: Sala Kominkowa</p>
<p style="text-align: justify;">Wstęp wolny</p>
<p>Wydarzenie na <a href="https://www.facebook.com/events/1518837592763326/1518837606096658/?acontext=%7B%22event_action_history%22%3A[%7B%22extra_data%22%3A%22%22%2C%22mechanism%22%3A%22left_rail%22%2C%22surface%22%3A%22bookmark%22%7D%2C%7B%22extra_data%22%3A%22%22%2C%22mechanism%22%3A%22surface%22%2C%22surface%22%3A%22create_dialog%22%7D]%2C%22ref_notif_type%22%3Anull%7D&amp;onload_action=open_invite_flow&amp;show_created_event_toast=true" target="_blank" rel="noopener"><strong>FB</strong></a></p>
<p><img loading="lazy" decoding="async" class="alignnone size-medium wp-image-68663" src="https://13muz.eu/wp-content/uploads/2025/09/4172527.10.2025-Helunia-oraz-Bajka-o-zagubionym-usmiechu-logo-fundacja-rewelacja-300x154.jpg" alt="" width="300" height="154" srcset="https://13muz.eu/wp-content/uploads/2025/09/4172527.10.2025-Helunia-oraz-Bajka-o-zagubionym-usmiechu-logo-fundacja-rewelacja-300x154.jpg 300w, https://13muz.eu/wp-content/uploads/2025/09/4172527.10.2025-Helunia-oraz-Bajka-o-zagubionym-usmiechu-logo-fundacja-rewelacja-1024x526.jpg 1024w, https://13muz.eu/wp-content/uploads/2025/09/4172527.10.2025-Helunia-oraz-Bajka-o-zagubionym-usmiechu-logo-fundacja-rewelacja-768x395.jpg 768w, https://13muz.eu/wp-content/uploads/2025/09/4172527.10.2025-Helunia-oraz-Bajka-o-zagubionym-usmiechu-logo-fundacja-rewelacja-1536x789.jpg 1536w, https://13muz.eu/wp-content/uploads/2025/09/4172527.10.2025-Helunia-oraz-Bajka-o-zagubionym-usmiechu-logo-fundacja-rewelacja-2048x1052.jpg 2048w, https://13muz.eu/wp-content/uploads/2025/09/4172527.10.2025-Helunia-oraz-Bajka-o-zagubionym-usmiechu-logo-fundacja-rewelacja-400x205.jpg 400w" sizes="auto, (max-width: 300px) 100vw, 300px" /> <img loading="lazy" decoding="async" class="alignnone size-medium wp-image-68662" src="https://13muz.eu/wp-content/uploads/2025/09/4172527-Helunia-oraz-Bajka-o-zagubionym-usmiechu-logo-Pomorze_Zachodnie-300x238.jpg" alt="" width="300" height="238" srcset="https://13muz.eu/wp-content/uploads/2025/09/4172527-Helunia-oraz-Bajka-o-zagubionym-usmiechu-logo-Pomorze_Zachodnie-300x238.jpg 300w, https://13muz.eu/wp-content/uploads/2025/09/4172527-Helunia-oraz-Bajka-o-zagubionym-usmiechu-logo-Pomorze_Zachodnie-1024x812.jpg 1024w, https://13muz.eu/wp-content/uploads/2025/09/4172527-Helunia-oraz-Bajka-o-zagubionym-usmiechu-logo-Pomorze_Zachodnie-768x609.jpg 768w, https://13muz.eu/wp-content/uploads/2025/09/4172527-Helunia-oraz-Bajka-o-zagubionym-usmiechu-logo-Pomorze_Zachodnie-400x317.jpg 400w, https://13muz.eu/wp-content/uploads/2025/09/4172527-Helunia-oraz-Bajka-o-zagubionym-usmiechu-logo-Pomorze_Zachodnie.jpg 1240w" sizes="auto, (max-width: 300px) 100vw, 300px" /></p>

<p>05,19,26.11.2025 środy g. 10:00 / Nie ma już, niestety, miejsc na to wydarzenie Scenariusz i reżyseria: Anna Markowska-Hennig W ramach cyklu wydarzeń i projektów pod wspólnym hasłem „Seniorzy dzieciom i młodzieży” grupa teatralna seniorów Teatr Janusza działająca w Domu Kultury „13 Muz” przygotowała spektakl edukacyjny dla dzieci przedszkolnych i wczesnoszkolnych w formie bajkowego przedstawienia pt. „Bajka o zagubionym uśmiechu”. Spektakl oraz kolejne jego prezentacje będą się odbywać w ramach cyklu „Kochamy nasz Szczecin” z okazji obchodzonej w tym roku 80. rocznicy polskiego Szczecina i wpisują się w cykl wydarzeń organizowanych w obecnym sezonie przez Salon Artystyczny Seniorów pod wspólnym tytułem [&hellip;]</p>
