{"id":69438,"date":"2025-10-07T11:56:53","date_gmt":"2025-10-07T09:56:53","guid":{"rendered":"https:\/\/13muz.eu\/?post_type=tribe_events&#038;p=69438"},"modified":"2025-10-27T13:00:01","modified_gmt":"2025-10-27T12:00:01","slug":"04-11-szczecinska-trzynastka-orkiestra-deta-dk-13-muz-koncert-z-okazji-narodowego-swieta-niepodleglosci","status":"publish","type":"tribe_events","link":"https:\/\/13muz.eu\/en\/event\/04-11-szczecinska-trzynastka-orkiestra-deta-dk-13-muz-koncert-z-okazji-narodowego-swieta-niepodleglosci\/","title":{"rendered":"04.11. \/ Szczeci\u0144ska Trzynastka &#8211; orkiestra d\u0119ta DK \u201e13 Muz\u201d &#8211; koncert z okazji Narodowego \u015awi\u0119ta Niepodleg\u0142o\u015bci"},"content":{"rendered":"<p><img loading=\"lazy\" decoding=\"async\" class=\"size-large wp-image-69440\" src=\"https:\/\/13muz.eu\/wp-content\/uploads\/2025\/10\/04.11.2025-Szczecinska-Trzynastka-orkiestra-deta-DK-13-Muz-1920-1024x768.jpg\" alt=\"\" width=\"1024\" height=\"768\" srcset=\"https:\/\/13muz.eu\/wp-content\/uploads\/2025\/10\/04.11.2025-Szczecinska-Trzynastka-orkiestra-deta-DK-13-Muz-1920-1024x768.jpg 1024w, https:\/\/13muz.eu\/wp-content\/uploads\/2025\/10\/04.11.2025-Szczecinska-Trzynastka-orkiestra-deta-DK-13-Muz-1920-300x225.jpg 300w, https:\/\/13muz.eu\/wp-content\/uploads\/2025\/10\/04.11.2025-Szczecinska-Trzynastka-orkiestra-deta-DK-13-Muz-1920-768x576.jpg 768w, https:\/\/13muz.eu\/wp-content\/uploads\/2025\/10\/04.11.2025-Szczecinska-Trzynastka-orkiestra-deta-DK-13-Muz-1920-1536x1152.jpg 1536w, https:\/\/13muz.eu\/wp-content\/uploads\/2025\/10\/04.11.2025-Szczecinska-Trzynastka-orkiestra-deta-DK-13-Muz-1920-400x300.jpg 400w, https:\/\/13muz.eu\/wp-content\/uploads\/2025\/10\/04.11.2025-Szczecinska-Trzynastka-orkiestra-deta-DK-13-Muz-1920.jpg 1920w\" sizes=\"auto, (max-width: 1024px) 100vw, 1024px\" \/><\/p>\n<p style=\"text-align: justify;\"><strong>04.11.2025 wtorek g. 18:00<\/strong><\/p>\n<p style=\"text-align: justify;\"><strong>&nbsp;<\/strong>Serdecznie zapraszamy na kolejny koncert w wykonaniu Szczeci\u0144skiej Trzynastki &#8211; orkiestry d\u0119tej Domu Kultury \u201e13 Muz\u201d.<\/p>\n<p style=\"text-align: justify;\">Szczeci\u0144ska Trzynastka zosta\u0142a powo\u0142ana w 2021 r. z inicjatywy Waldemara Kulpy, dyrektora Domu Kultury \u201e13 Muz\u201d przez Mateusza Kupskiego, dyrektora artystycznego i dyrygenta orkiestry.<\/p>\n<p style=\"text-align: justify;\">Celem Orkiestry jest propagowanie idei zjednoczenia spo\u0142eczno\u015bci muzyk\u00f3w graj\u0105cych na instrumentach d\u0119tych, nie zwa\u017caj\u0105c, czy kto\u015b jest amatorem, uczniem czy profesjonalist\u0105, a tak\u017ce zaszczepienie tradycji orkiestr d\u0119tych w naszym mie\u015bcie. Chcieliby\u015bmy, by wyst\u0119py Orkiestry odbywa\u0142y si\u0119 wsz\u0119dzie tam, gdzie mo\u017cemy muzyk\u0105 umila\u0107 czas mieszka\u0144com Szczecina oraz turystom odwiedzaj\u0105cym miasto \u2013 na scenach wewn\u0119trznych i plenerowych, podczas \u015bwi\u0105t i wydarze\u0144 kulturalnych. \u0141\u0105czymy wiele pokole\u0144 muzyk\u00f3w, dlatego w sk\u0142ad zespo\u0142u wchodz\u0105: Zesp\u00f3\u0142&nbsp;&nbsp; D\u0119ty&nbsp;&nbsp; Blaszany Domu Kultury \u201e13 Muz\u201d, uczniowie szczeci\u0144skich szk\u00f3\u0142 muzycznych, a tak\u017ce szkoleni przez nas amatorzy \u2013 osoby bez wykszta\u0142cenia muzycznego, ale z muzyczn\u0105 pasj\u0105.<\/p>\n<p style=\"text-align: justify;\">Organizacj\u0105 i prowadzeniem zespo\u0142\u00f3w zajmuje si\u0119 Mateusz Kupski, na co dzie\u0144 pe\u0142ni\u0105cy funkcj\u0119 pierwszego puzonisty w orkiestrze Filharmonii im. Mieczys\u0142awa Kar\u0142owicza w Szczecinie. Jest absolwentem Akademii Muzycznej im. Karola Szymanowskiego w Katowicach. Wsp\u00f3\u0142pracowa\u0142 z wieloma orkiestrami polskimi i mi\u0119dzynarodowymi, m. in.: z Narodow\u0105 Orkiestr\u0105 Symfoniczn\u0105 Polskiego Radia, Filharmoni\u0105 Gorzowsk\u0105, Oper\u0105 \u015al\u0105sk\u0105 w Bytomiu, Filharmoni\u0105 im. J\u00f3zefa Elsnera w Opolu, I, CULTURE Orchestra. Mateusz Kupski jest r\u00f3wnie\u017c pedagogiem w ZPSM przy ul. Starom\u0142y\u0144skiej w Szczecinie oraz wyk\u0142adowc\u0105 w Akademii Sztuki w Szczecinie.<\/p>\n<p style=\"text-align: justify;\">Mi\u0142osz Otto &#8211; dyrygent<\/p>\n<p style=\"text-align: justify;\">Mateusz Kupski &#8211; organizacja wydarzenia<\/p>\n<p style=\"text-align: justify;\">Program:<br \/>\nSuita Polskich seriali PRL m.in. Czterdziestolatek, Alternatywy 4, Stawka wi\u0119ksza ni\u017c \u017cycie<br \/>\nSuita Polskich Seriali z lat 90-tych m.in. Z\u0142otopolscy, M jak mi\u0142o\u015b\u0107<br \/>\nKrzysztof Krawczyk &#8211; Za tob\u0105 p\u00f3jd\u0119 jak na bal<br \/>\nJan \u201ePtaszyn\u201d Wr\u00f3blewski &#8211; Przygoda z Mari\u0105<br \/>\nAnna Jantar &#8211; Rado\u015b\u0107 najpi\u0119kniejszych lat<br \/>\nElektryczne Gitary &#8211; To ju\u017c jest koniec<\/p>\n<p style=\"text-align: justify;\">Miejsce: Sala Kominkowa<\/p>\n<p style=\"text-align: justify;\">Bilety: normalny 20 z\u0142 \/ ulgowy 10 z\u0142 (uczniowie, studenci, seniorzy) \/ <a href=\"https:\/\/www.biletomat.pl\/bilety\/szczecinska-trzynastka-szczecin-232779\/\" target=\"_blank\" rel=\"noopener\">www.biletomat.pl<\/a><\/p>\n<p style=\"text-align: justify;\"><strong>Nie ma mo\u017cliwo\u015bci zakupu biletu na miejscu przed wydarzeniem.<\/strong><\/p>\n<p style=\"text-align: justify;\">Koncerty \u201eSzczeci\u0144skiej Trzynastki\u201d orkiestry d\u0119tej Domu Kultury \u201e13 Muz\u201d wspiera Miasto Szczecin.<\/p>\n<p>Wydarzenie na <a href=\"https:\/\/www.facebook.com\/events\/717895351309640?acontext=%7B%22event_action_history%22%3A[%7B%22extra_data%22%3A%22%22%2C%22mechanism%22%3A%22left_rail%22%2C%22surface%22%3A%22bookmark%22%7D%2C%7B%22extra_data%22%3A%22%22%2C%22mechanism%22%3A%22surface%22%2C%22surface%22%3A%22create_dialog%22%7D]%2C%22ref_notif_type%22%3Anull%7D&amp;onload_action=open_invite_flow&amp;show_created_event_toast=true\" target=\"_blank\" rel=\"noopener\"><strong>FB<\/strong><\/a><\/p>\n<p><img loading=\"lazy\" decoding=\"async\" class=\"size-full wp-image-66787 alignleft\" src=\"https:\/\/13muz.eu\/wp-content\/uploads\/2025\/05\/30.11.2024-Szczecinskie-spotkania-literackie-Miasto-Szczecin.jpg\" alt=\"\" width=\"295\" height=\"110\"><\/p>\n","protected":false},"excerpt":{"rendered":"<p>04.11.2025 wtorek g. 18:00 &nbsp;Serdecznie zapraszamy na kolejny koncert w wykonaniu Szczeci\u0144skiej Trzynastki &#8211; orkiestry d\u0119tej Domu Kultury \u201e13 Muz\u201d. Szczeci\u0144ska Trzynastka zosta\u0142a powo\u0142ana w 2021 r. z inicjatywy Waldemara Kulpy, dyrektora Domu Kultury \u201e13 Muz\u201d przez Mateusza Kupskiego, dyrektora artystycznego i dyrygenta orkiestry. Celem Orkiestry jest propagowanie idei zjednoczenia spo\u0142eczno\u015bci muzyk\u00f3w graj\u0105cych na instrumentach d\u0119tych, nie zwa\u017caj\u0105c, czy kto\u015b jest amatorem, uczniem czy profesjonalist\u0105, a tak\u017ce zaszczepienie tradycji orkiestr d\u0119tych w naszym mie\u015bcie. Chcieliby\u015bmy, by wyst\u0119py Orkiestry odbywa\u0142y si\u0119 wsz\u0119dzie tam, gdzie mo\u017cemy muzyk\u0105 umila\u0107 czas mieszka\u0144com Szczecina oraz turystom odwiedzaj\u0105cym miasto \u2013 na scenach wewn\u0119trznych i plenerowych, podczas [&hellip;]<\/p>\n","protected":false},"author":4,"featured_media":0,"template":"","meta":{"ngg_post_thumbnail":0,"_price":"","_stock":"","_tribe_ticket_header":"","_tribe_default_ticket_provider":"","_ticket_start_date":"","_ticket_end_date":"","_tribe_ticket_show_description":"","_tribe_ticket_show_not_going":false,"_tribe_ticket_use_global_stock":"","_tribe_ticket_global_stock_level":"","_global_stock_mode":"","_global_stock_cap":"","_tribe_rsvp_for_event":"","_tribe_ticket_going_count":"","_tribe_ticket_not_going_count":"","_tribe_tickets_list":"[]","_tribe_ticket_has_attendee_info_fields":false,"_tribe_events_status":"","_tribe_events_status_reason":"","footnotes":"","_tec_slr_enabled":"","_tec_slr_layout":""},"tags":[],"tribe_events_cat":[],"class_list":["post-69438","tribe_events","type-tribe_events","status-publish","hentry"],"ticketed":false,"post_mailing_queue_ids":[],"_links":{"self":[{"href":"https:\/\/13muz.eu\/en\/wp-json\/wp\/v2\/tribe_events\/69438","targetHints":{"allow":["GET"]}}],"collection":[{"href":"https:\/\/13muz.eu\/en\/wp-json\/wp\/v2\/tribe_events"}],"about":[{"href":"https:\/\/13muz.eu\/en\/wp-json\/wp\/v2\/types\/tribe_events"}],"author":[{"embeddable":true,"href":"https:\/\/13muz.eu\/en\/wp-json\/wp\/v2\/users\/4"}],"version-history":[{"count":0,"href":"https:\/\/13muz.eu\/en\/wp-json\/wp\/v2\/tribe_events\/69438\/revisions"}],"wp:attachment":[{"href":"https:\/\/13muz.eu\/en\/wp-json\/wp\/v2\/media?parent=69438"}],"wp:term":[{"taxonomy":"post_tag","embeddable":true,"href":"https:\/\/13muz.eu\/en\/wp-json\/wp\/v2\/tags?post=69438"},{"taxonomy":"tribe_events_cat","embeddable":true,"href":"https:\/\/13muz.eu\/en\/wp-json\/wp\/v2\/tribe_events_cat?post=69438"}],"curies":[{"name":"wp","href":"https:\/\/api.w.org\/{rel}","templated":true}]}}

04.11. / Szczecińska Trzynastka &#8211; orkiestra dęta DK „13 Muz” &#8211; koncert z okazji Narodowego Święta Niepodległości

<p><img loading="lazy" decoding="async" class="size-large wp-image-69440" src="https://13muz.eu/wp-content/uploads/2025/10/04.11.2025-Szczecinska-Trzynastka-orkiestra-deta-DK-13-Muz-1920-1024x768.jpg" alt="" width="1024" height="768" srcset="https://13muz.eu/wp-content/uploads/2025/10/04.11.2025-Szczecinska-Trzynastka-orkiestra-deta-DK-13-Muz-1920-1024x768.jpg 1024w, https://13muz.eu/wp-content/uploads/2025/10/04.11.2025-Szczecinska-Trzynastka-orkiestra-deta-DK-13-Muz-1920-300x225.jpg 300w, https://13muz.eu/wp-content/uploads/2025/10/04.11.2025-Szczecinska-Trzynastka-orkiestra-deta-DK-13-Muz-1920-768x576.jpg 768w, https://13muz.eu/wp-content/uploads/2025/10/04.11.2025-Szczecinska-Trzynastka-orkiestra-deta-DK-13-Muz-1920-1536x1152.jpg 1536w, https://13muz.eu/wp-content/uploads/2025/10/04.11.2025-Szczecinska-Trzynastka-orkiestra-deta-DK-13-Muz-1920-400x300.jpg 400w, https://13muz.eu/wp-content/uploads/2025/10/04.11.2025-Szczecinska-Trzynastka-orkiestra-deta-DK-13-Muz-1920.jpg 1920w" sizes="auto, (max-width: 1024px) 100vw, 1024px" /></p>
<p style="text-align: justify;"><strong>04.11.2025 wtorek g. 18:00</strong></p>
<p style="text-align: justify;"><strong>&nbsp;</strong>Serdecznie zapraszamy na kolejny koncert w wykonaniu Szczecińskiej Trzynastki &#8211; orkiestry dętej Domu Kultury „13 Muz”.</p>
<p style="text-align: justify;">Szczecińska Trzynastka została powołana w 2021 r. z inicjatywy Waldemara Kulpy, dyrektora Domu Kultury „13 Muz” przez Mateusza Kupskiego, dyrektora artystycznego i dyrygenta orkiestry.</p>
<p style="text-align: justify;">Celem Orkiestry jest propagowanie idei zjednoczenia społeczności muzyków grających na instrumentach dętych, nie zważając, czy ktoś jest amatorem, uczniem czy profesjonalistą, a także zaszczepienie tradycji orkiestr dętych w naszym mieście. Chcielibyśmy, by występy Orkiestry odbywały się wszędzie tam, gdzie możemy muzyką umilać czas mieszkańcom Szczecina oraz turystom odwiedzającym miasto – na scenach wewnętrznych i plenerowych, podczas świąt i wydarzeń kulturalnych. Łączymy wiele pokoleń muzyków, dlatego w skład zespołu wchodzą: Zespół&nbsp;&nbsp; Dęty&nbsp;&nbsp; Blaszany Domu Kultury „13 Muz”, uczniowie szczecińskich szkół muzycznych, a także szkoleni przez nas amatorzy – osoby bez wykształcenia muzycznego, ale z muzyczną pasją.</p>
<p style="text-align: justify;">Organizacją i prowadzeniem zespołów zajmuje się Mateusz Kupski, na co dzień pełniący funkcję pierwszego puzonisty w orkiestrze Filharmonii im. Mieczysława Karłowicza w Szczecinie. Jest absolwentem Akademii Muzycznej im. Karola Szymanowskiego w Katowicach. Współpracował z wieloma orkiestrami polskimi i międzynarodowymi, m. in.: z Narodową Orkiestrą Symfoniczną Polskiego Radia, Filharmonią Gorzowską, Operą Śląską w Bytomiu, Filharmonią im. Józefa Elsnera w Opolu, I, CULTURE Orchestra. Mateusz Kupski jest również pedagogiem w ZPSM przy ul. Staromłyńskiej w Szczecinie oraz wykładowcą w Akademii Sztuki w Szczecinie.</p>
<p style="text-align: justify;">Miłosz Otto &#8211; dyrygent</p>
<p style="text-align: justify;">Mateusz Kupski &#8211; organizacja wydarzenia</p>
<p style="text-align: justify;">Program:<br />
Suita Polskich seriali PRL m.in. Czterdziestolatek, Alternatywy 4, Stawka większa niż życie<br />
Suita Polskich Seriali z lat 90-tych m.in. Złotopolscy, M jak miłość<br />
Krzysztof Krawczyk &#8211; Za tobą pójdę jak na bal<br />
Jan „Ptaszyn” Wróblewski &#8211; Przygoda z Marią<br />
Anna Jantar &#8211; Radość najpiękniejszych lat<br />
Elektryczne Gitary &#8211; To już jest koniec</p>
<p style="text-align: justify;">Miejsce: Sala Kominkowa</p>
<p style="text-align: justify;">Bilety: normalny 20 zł / ulgowy 10 zł (uczniowie, studenci, seniorzy) / <a href="https://www.biletomat.pl/bilety/szczecinska-trzynastka-szczecin-232779/" target="_blank" rel="noopener">www.biletomat.pl</a></p>
<p style="text-align: justify;"><strong>Nie ma możliwości zakupu biletu na miejscu przed wydarzeniem.</strong></p>
<p style="text-align: justify;">Koncerty „Szczecińskiej Trzynastki” orkiestry dętej Domu Kultury „13 Muz” wspiera Miasto Szczecin.</p>
<p>Wydarzenie na <a href="https://www.facebook.com/events/717895351309640?acontext=%7B%22event_action_history%22%3A[%7B%22extra_data%22%3A%22%22%2C%22mechanism%22%3A%22left_rail%22%2C%22surface%22%3A%22bookmark%22%7D%2C%7B%22extra_data%22%3A%22%22%2C%22mechanism%22%3A%22surface%22%2C%22surface%22%3A%22create_dialog%22%7D]%2C%22ref_notif_type%22%3Anull%7D&amp;onload_action=open_invite_flow&amp;show_created_event_toast=true" target="_blank" rel="noopener"><strong>FB</strong></a></p>
<p><img loading="lazy" decoding="async" class="size-full wp-image-66787 alignleft" src="https://13muz.eu/wp-content/uploads/2025/05/30.11.2024-Szczecinskie-spotkania-literackie-Miasto-Szczecin.jpg" alt="" width="295" height="110"></p>

<p>04.11.2025 wtorek g. 18:00 &nbsp;Serdecznie zapraszamy na kolejny koncert w wykonaniu Szczecińskiej Trzynastki &#8211; orkiestry dętej Domu Kultury „13 Muz”. Szczecińska Trzynastka została powołana w 2021 r. z inicjatywy Waldemara Kulpy, dyrektora Domu Kultury „13 Muz” przez Mateusza Kupskiego, dyrektora artystycznego i dyrygenta orkiestry. Celem Orkiestry jest propagowanie idei zjednoczenia społeczności muzyków grających na instrumentach dętych, nie zważając, czy ktoś jest amatorem, uczniem czy profesjonalistą, a także zaszczepienie tradycji orkiestr dętych w naszym mieście. Chcielibyśmy, by występy Orkiestry odbywały się wszędzie tam, gdzie możemy muzyką umilać czas mieszkańcom Szczecina oraz turystom odwiedzającym miasto – na scenach wewnętrznych i plenerowych, podczas [&hellip;]</p>
