{"id":68781,"date":"2025-09-10T15:20:36","date_gmt":"2025-09-10T13:20:36","guid":{"rendered":"https:\/\/13muz.eu\/?post_type=tribe_events&#038;p=68781"},"modified":"2025-10-06T14:09:22","modified_gmt":"2025-10-06T12:09:22","slug":"27-10-szczecinskie-wierszogranie-u-studni","status":"publish","type":"tribe_events","link":"https:\/\/13muz.eu\/en\/event\/27-10-szczecinskie-wierszogranie-u-studni\/","title":{"rendered":"27.10. \/ Szczeci\u0144skie Wierszogranie &#8211; U Studni"},"content":{"rendered":"<p><img loading=\"lazy\" decoding=\"async\" class=\"alignnone size-large wp-image-68783\" src=\"https:\/\/13muz.eu\/wp-content\/uploads\/2025\/09\/27.10.2025-Szczecinskie-Wierszogranie-U-Studni-1920-1024x747.jpg\" alt=\"\" width=\"1024\" height=\"747\" srcset=\"https:\/\/13muz.eu\/wp-content\/uploads\/2025\/09\/27.10.2025-Szczecinskie-Wierszogranie-U-Studni-1920-1024x747.jpg 1024w, https:\/\/13muz.eu\/wp-content\/uploads\/2025\/09\/27.10.2025-Szczecinskie-Wierszogranie-U-Studni-1920-300x219.jpg 300w, https:\/\/13muz.eu\/wp-content\/uploads\/2025\/09\/27.10.2025-Szczecinskie-Wierszogranie-U-Studni-1920-768x560.jpg 768w, https:\/\/13muz.eu\/wp-content\/uploads\/2025\/09\/27.10.2025-Szczecinskie-Wierszogranie-U-Studni-1920-1536x1120.jpg 1536w, https:\/\/13muz.eu\/wp-content\/uploads\/2025\/09\/27.10.2025-Szczecinskie-Wierszogranie-U-Studni-1920-400x292.jpg 400w, https:\/\/13muz.eu\/wp-content\/uploads\/2025\/09\/27.10.2025-Szczecinskie-Wierszogranie-U-Studni-1920.jpg 1920w\" sizes=\"auto, (max-width: 1024px) 100vw, 1024px\" \/><\/p>\n<p style=\"text-align: justify;\"><strong>27.10.2025 poniedzia\u0142ek g. 19:00<\/strong><\/p>\n<p style=\"text-align: justify;\">U Studni w 2012 r. postanowili razem w\u0119drowa\u0107, dziel\u0105c si\u0119 ze s\u0142uchaczami \u0142agodnymi brzmieniami ballad uk\u0142adanych i wykonywanych z potrzeby serca. Sw\u00f3j pierwszy koncert pod t\u0105 nazw\u0105 zagrali 3 pa\u017adziernika 2012 r. w Ostrowskim Centrum Kultury na Festiwalu \u201eWszystko jest poezj\u0105\u201d.<\/p>\n<p style=\"text-align: justify;\">Na scenie tworz\u0105 ciep\u0142\u0105, klimatyczn\u0105 atmosfer\u0119. \u0141\u0105cz\u0105 dba\u0142o\u015b\u0107 o s\u0142owo z niebanaln\u0105 opraw\u0105 muzyczn\u0105, bazuj\u0105c na kompozycjach g\u0142\u00f3wnie Dariusza Czarnego, a tak\u017ce Ryszarda \u017barowskiego oraz Oli Kie\u0142b. W swoich piosenkach si\u0119gaj\u0105 po teksty poet\u00f3w: Adama Ziemianina, Krzysztofa Cezarego Buszmana, J\u00f3zefa Barana, Edwarda Stachury, Mirki Szawi\u0144skiej, Aleksandry Kie\u0142b-Szawu\u0142y, Dariusza Czarnego i Ryszarda \u017barowskiego. Nie brak w nich dobrej energii, r\u00f3\u017cnorodno\u015bci temat\u00f3w i motyw\u00f3w.<\/p>\n<p style=\"text-align: justify;\">Naturalno\u015b\u0107, jasny przekaz i dobry kontakt z publiczno\u015bci\u0105 gwarantuj\u0105 wyj\u0105tkowo\u015b\u0107 ka\u017cdego spotkania z U studni. W kolejnych propozycjach artystycznych nadal poszukuj\u0105 nowej poetyki, ciekawych brzmie\u0144, ale niezmiennie mi\u0142o\u015b\u0107, m\u0105dra refleksja, szukanie to\u017csamo\u015bci i sensu \u017cycia s\u0105 wsp\u00f3lnymi mianownikami tw\u00f3rczo\u015bci tej grupy.<\/p>\n<p style=\"text-align: justify;\">Jako zesp\u00f3\u0142 U Studni istniej\u0105 zaledwie dekad\u0119, ale ich muzyczna historia trwa ju\u017c bardzo d\u0142ugo. Zagrali do tej pory ponad 600 koncert\u00f3w, zar\u00f3wno na scenach klubowych, jak i du\u017cych, festiwalowych estradach, w zaciszu \u015bwi\u0105ty\u0144, jak i le\u015bnej polany czy na prywatnych spotkaniach, w Polsce i za granic\u0105 (koncerty dla Polonii w Irlandii, we Lwowie).<\/p>\n<p style=\"text-align: justify;\">Sk\u0142ad zespo\u0142u:<br \/>\nDariusz Czarny- gitary, \u015bpiew<br \/>\nRobert Jaskulski &#8211; gitara basowa<br \/>\nOla Kie\u0142b-Szawu\u0142a &#8211; gitara, \u015bpiew<br \/>\nJoanna Radzik &#8211; skrzypce<br \/>\nRyszard \u017barowski &#8211; gitary, \u015bpiew<br \/>\nWojciech Go\u0142osz &#8211; realizacja d\u017awi\u0119ku<\/p>\n<p style=\"text-align: justify;\">Dyskografia zespo\u0142u: U Studni (Dalmafon 2013), W\u0105w\u00f3z naszych czas\u00f3w (Dalmafon 2014), Wsp\u00f3lne zdj\u0119cie (Dalmafon 2017), U Studni &#8211; Jubileusz Poety (Dalmafon 2018), Ze\u015brodkowanie (Dalmafon 2019), Bieszczadzki hymn. Live (2022), Najpi\u0119kniejsza podr\u00f3\u017c (Dalmafon 2023).<\/p>\n<p style=\"text-align: justify;\">Miejsce: Sala Kominkowa<\/p>\n<p style=\"text-align: justify;\">Bilety: 40 z\u0142 \/ 50 z\u0142 (w dniu koncertu) \/ <a href=\"https:\/\/www.biletomat.pl\/bilety\/u-studni-szczecin-232899\/\" target=\"_blank\" rel=\"noopener\">www.biletomat.pl<\/a><\/p>\n<p style=\"text-align: justify;\">Bilety s\u0105 dost\u0119pne na stronie: <a href=\"http:\/\/www.biletomat.pl\" target=\"_blank\" rel=\"noopener\">www.biletomat.pl<\/a> i w punkcie stacjonarnym biletomatu: Zamek Ksi\u0105\u017c\u0105t Pomorskich, ma\u0142y dziedziniec, wej\u015bcie \u201eI\u201d (Centrum Informacji Kulturalnej i Turystycznej &#8211; punkt w CIKiT znajduje si\u0119 po lewej stronie). Punkt stacjonarny biletomatu czynny jest od poniedzia\u0142ku do pi\u0105tku w godz. 10:00-17:00.<\/p>\n<p>Wydarzenie na <a href=\"https:\/\/www.facebook.com\/events\/1361514861975822\/?acontext=%7B%22event_action_history%22%3A[%7B%22extra_data%22%3A%22%22%2C%22mechanism%22%3A%22calendar_tab_event%22%2C%22surface%22%3A%22bookmark_calendar%22%7D%2C%7B%22extra_data%22%3A%22%22%2C%22mechanism%22%3A%22left_rail%22%2C%22surface%22%3A%22bookmark%22%7D%2C%7B%22extra_data%22%3A%22%22%2C%22mechanism%22%3A%22surface%22%2C%22surface%22%3A%22create_dialog%22%7D]%2C%22ref_notif_type%22%3Anull%7D&amp;onload_action=open_invite_flow&amp;show_created_event_toast=true\" target=\"_blank\" rel=\"noopener\"><strong>FB<\/strong><\/a><\/p>\n","protected":false},"excerpt":{"rendered":"<p>27.10.2025 poniedzia\u0142ek g. 19:00 U Studni w 2012 r. postanowili razem w\u0119drowa\u0107, dziel\u0105c si\u0119 ze s\u0142uchaczami \u0142agodnymi brzmieniami ballad uk\u0142adanych i wykonywanych z potrzeby serca. Sw\u00f3j pierwszy koncert pod t\u0105 nazw\u0105 zagrali 3 pa\u017adziernika 2012 r. w Ostrowskim Centrum Kultury na Festiwalu \u201eWszystko jest poezj\u0105\u201d. Na scenie tworz\u0105 ciep\u0142\u0105, klimatyczn\u0105 atmosfer\u0119. \u0141\u0105cz\u0105 dba\u0142o\u015b\u0107 o s\u0142owo z niebanaln\u0105 opraw\u0105 muzyczn\u0105, bazuj\u0105c na kompozycjach g\u0142\u00f3wnie Dariusza Czarnego, a tak\u017ce Ryszarda \u017barowskiego oraz Oli Kie\u0142b. W swoich piosenkach si\u0119gaj\u0105 po teksty poet\u00f3w: Adama Ziemianina, Krzysztofa Cezarego Buszmana, J\u00f3zefa Barana, Edwarda Stachury, Mirki Szawi\u0144skiej, Aleksandry Kie\u0142b-Szawu\u0142y, Dariusza Czarnego i Ryszarda \u017barowskiego. Nie brak w [&hellip;]<\/p>\n","protected":false},"author":4,"featured_media":0,"template":"","meta":{"ngg_post_thumbnail":0,"_price":"","_stock":"","_tribe_ticket_header":"","_tribe_default_ticket_provider":"","_ticket_start_date":"","_ticket_end_date":"","_tribe_ticket_show_description":"","_tribe_ticket_show_not_going":false,"_tribe_ticket_use_global_stock":"","_tribe_ticket_global_stock_level":"","_global_stock_mode":"","_global_stock_cap":"","_tribe_rsvp_for_event":"","_tribe_ticket_going_count":"","_tribe_ticket_not_going_count":"","_tribe_tickets_list":"[]","_tribe_ticket_has_attendee_info_fields":false,"_tribe_events_status":"","_tribe_events_status_reason":"","footnotes":"","_tec_slr_enabled":"","_tec_slr_layout":""},"tags":[],"tribe_events_cat":[],"class_list":["post-68781","tribe_events","type-tribe_events","status-publish","hentry"],"ticketed":false,"post_mailing_queue_ids":[],"_links":{"self":[{"href":"https:\/\/13muz.eu\/en\/wp-json\/wp\/v2\/tribe_events\/68781","targetHints":{"allow":["GET"]}}],"collection":[{"href":"https:\/\/13muz.eu\/en\/wp-json\/wp\/v2\/tribe_events"}],"about":[{"href":"https:\/\/13muz.eu\/en\/wp-json\/wp\/v2\/types\/tribe_events"}],"author":[{"embeddable":true,"href":"https:\/\/13muz.eu\/en\/wp-json\/wp\/v2\/users\/4"}],"version-history":[{"count":0,"href":"https:\/\/13muz.eu\/en\/wp-json\/wp\/v2\/tribe_events\/68781\/revisions"}],"wp:attachment":[{"href":"https:\/\/13muz.eu\/en\/wp-json\/wp\/v2\/media?parent=68781"}],"wp:term":[{"taxonomy":"post_tag","embeddable":true,"href":"https:\/\/13muz.eu\/en\/wp-json\/wp\/v2\/tags?post=68781"},{"taxonomy":"tribe_events_cat","embeddable":true,"href":"https:\/\/13muz.eu\/en\/wp-json\/wp\/v2\/tribe_events_cat?post=68781"}],"curies":[{"name":"wp","href":"https:\/\/api.w.org\/{rel}","templated":true}]}}

27.10. / Szczecińskie Wierszogranie &#8211; U Studni

<p><img loading="lazy" decoding="async" class="alignnone size-large wp-image-68783" src="https://13muz.eu/wp-content/uploads/2025/09/27.10.2025-Szczecinskie-Wierszogranie-U-Studni-1920-1024x747.jpg" alt="" width="1024" height="747" srcset="https://13muz.eu/wp-content/uploads/2025/09/27.10.2025-Szczecinskie-Wierszogranie-U-Studni-1920-1024x747.jpg 1024w, https://13muz.eu/wp-content/uploads/2025/09/27.10.2025-Szczecinskie-Wierszogranie-U-Studni-1920-300x219.jpg 300w, https://13muz.eu/wp-content/uploads/2025/09/27.10.2025-Szczecinskie-Wierszogranie-U-Studni-1920-768x560.jpg 768w, https://13muz.eu/wp-content/uploads/2025/09/27.10.2025-Szczecinskie-Wierszogranie-U-Studni-1920-1536x1120.jpg 1536w, https://13muz.eu/wp-content/uploads/2025/09/27.10.2025-Szczecinskie-Wierszogranie-U-Studni-1920-400x292.jpg 400w, https://13muz.eu/wp-content/uploads/2025/09/27.10.2025-Szczecinskie-Wierszogranie-U-Studni-1920.jpg 1920w" sizes="auto, (max-width: 1024px) 100vw, 1024px" /></p>
<p style="text-align: justify;"><strong>27.10.2025 poniedziałek g. 19:00</strong></p>
<p style="text-align: justify;">U Studni w 2012 r. postanowili razem wędrować, dzieląc się ze słuchaczami łagodnymi brzmieniami ballad układanych i wykonywanych z potrzeby serca. Swój pierwszy koncert pod tą nazwą zagrali 3 października 2012 r. w Ostrowskim Centrum Kultury na Festiwalu „Wszystko jest poezją”.</p>
<p style="text-align: justify;">Na scenie tworzą ciepłą, klimatyczną atmosferę. Łączą dbałość o słowo z niebanalną oprawą muzyczną, bazując na kompozycjach głównie Dariusza Czarnego, a także Ryszarda Żarowskiego oraz Oli Kiełb. W swoich piosenkach sięgają po teksty poetów: Adama Ziemianina, Krzysztofa Cezarego Buszmana, Józefa Barana, Edwarda Stachury, Mirki Szawińskiej, Aleksandry Kiełb-Szawuły, Dariusza Czarnego i Ryszarda Żarowskiego. Nie brak w nich dobrej energii, różnorodności tematów i motywów.</p>
<p style="text-align: justify;">Naturalność, jasny przekaz i dobry kontakt z publicznością gwarantują wyjątkowość każdego spotkania z U studni. W kolejnych propozycjach artystycznych nadal poszukują nowej poetyki, ciekawych brzmień, ale niezmiennie miłość, mądra refleksja, szukanie tożsamości i sensu życia są wspólnymi mianownikami twórczości tej grupy.</p>
<p style="text-align: justify;">Jako zespół U Studni istnieją zaledwie dekadę, ale ich muzyczna historia trwa już bardzo długo. Zagrali do tej pory ponad 600 koncertów, zarówno na scenach klubowych, jak i dużych, festiwalowych estradach, w zaciszu świątyń, jak i leśnej polany czy na prywatnych spotkaniach, w Polsce i za granicą (koncerty dla Polonii w Irlandii, we Lwowie).</p>
<p style="text-align: justify;">Skład zespołu:<br />
Dariusz Czarny- gitary, śpiew<br />
Robert Jaskulski &#8211; gitara basowa<br />
Ola Kiełb-Szawuła &#8211; gitara, śpiew<br />
Joanna Radzik &#8211; skrzypce<br />
Ryszard Żarowski &#8211; gitary, śpiew<br />
Wojciech Gołosz &#8211; realizacja dźwięku</p>
<p style="text-align: justify;">Dyskografia zespołu: U Studni (Dalmafon 2013), Wąwóz naszych czasów (Dalmafon 2014), Wspólne zdjęcie (Dalmafon 2017), U Studni &#8211; Jubileusz Poety (Dalmafon 2018), Ześrodkowanie (Dalmafon 2019), Bieszczadzki hymn. Live (2022), Najpiękniejsza podróż (Dalmafon 2023).</p>
<p style="text-align: justify;">Miejsce: Sala Kominkowa</p>
<p style="text-align: justify;">Bilety: 40 zł / 50 zł (w dniu koncertu) / <a href="https://www.biletomat.pl/bilety/u-studni-szczecin-232899/" target="_blank" rel="noopener">www.biletomat.pl</a></p>
<p style="text-align: justify;">Bilety są dostępne na stronie: <a href="http://www.biletomat.pl" target="_blank" rel="noopener">www.biletomat.pl</a> i w punkcie stacjonarnym biletomatu: Zamek Książąt Pomorskich, mały dziedziniec, wejście „I” (Centrum Informacji Kulturalnej i Turystycznej &#8211; punkt w CIKiT znajduje się po lewej stronie). Punkt stacjonarny biletomatu czynny jest od poniedziałku do piątku w godz. 10:00-17:00.</p>
<p>Wydarzenie na <a href="https://www.facebook.com/events/1361514861975822/?acontext=%7B%22event_action_history%22%3A[%7B%22extra_data%22%3A%22%22%2C%22mechanism%22%3A%22calendar_tab_event%22%2C%22surface%22%3A%22bookmark_calendar%22%7D%2C%7B%22extra_data%22%3A%22%22%2C%22mechanism%22%3A%22left_rail%22%2C%22surface%22%3A%22bookmark%22%7D%2C%7B%22extra_data%22%3A%22%22%2C%22mechanism%22%3A%22surface%22%2C%22surface%22%3A%22create_dialog%22%7D]%2C%22ref_notif_type%22%3Anull%7D&amp;onload_action=open_invite_flow&amp;show_created_event_toast=true" target="_blank" rel="noopener"><strong>FB</strong></a></p>

<p>27.10.2025 poniedziałek g. 19:00 U Studni w 2012 r. postanowili razem wędrować, dzieląc się ze słuchaczami łagodnymi brzmieniami ballad układanych i wykonywanych z potrzeby serca. Swój pierwszy koncert pod tą nazwą zagrali 3 października 2012 r. w Ostrowskim Centrum Kultury na Festiwalu „Wszystko jest poezją”. Na scenie tworzą ciepłą, klimatyczną atmosferę. Łączą dbałość o słowo z niebanalną oprawą muzyczną, bazując na kompozycjach głównie Dariusza Czarnego, a także Ryszarda Żarowskiego oraz Oli Kiełb. W swoich piosenkach sięgają po teksty poetów: Adama Ziemianina, Krzysztofa Cezarego Buszmana, Józefa Barana, Edwarda Stachury, Mirki Szawińskiej, Aleksandry Kiełb-Szawuły, Dariusza Czarnego i Ryszarda Żarowskiego. Nie brak w [&hellip;]</p>
