{"id":66229,"date":"2025-04-04T10:35:56","date_gmt":"2025-04-04T08:35:56","guid":{"rendered":"https:\/\/13muz.eu\/?post_type=tribe_events&#038;p=66229"},"modified":"2025-11-12T10:02:48","modified_gmt":"2025-11-12T09:02:48","slug":"31-05-jerzy-grunwald-wczoraj-dzis-jutro-wiecej-niz-muzyka-koncert-akustyczny","status":"publish","type":"tribe_events","link":"https:\/\/13muz.eu\/en\/event\/31-05-jerzy-grunwald-wczoraj-dzis-jutro-wiecej-niz-muzyka-koncert-akustyczny\/","title":{"rendered":"15.11. &#8211; odwo\u0142ane \/ Jerzy Grunwald &#8211; \u201eWczoraj, dzi\u015b, jutro &#8211; wi\u0119cej ni\u017c muzyka\u201d &#8211; koncert akustyczny"},"content":{"rendered":"<p><img loading=\"lazy\" decoding=\"async\" class=\"alignnone size-large wp-image-66233\" src=\"https:\/\/13muz.eu\/wp-content\/uploads\/2025\/04\/31.05.2025-Jerzy-Grunwald-1920-791x1024.jpg\" alt=\"\" width=\"791\" height=\"1024\" srcset=\"https:\/\/13muz.eu\/wp-content\/uploads\/2025\/04\/31.05.2025-Jerzy-Grunwald-1920-791x1024.jpg 791w, https:\/\/13muz.eu\/wp-content\/uploads\/2025\/04\/31.05.2025-Jerzy-Grunwald-1920-232x300.jpg 232w, https:\/\/13muz.eu\/wp-content\/uploads\/2025\/04\/31.05.2025-Jerzy-Grunwald-1920-768x995.jpg 768w, https:\/\/13muz.eu\/wp-content\/uploads\/2025\/04\/31.05.2025-Jerzy-Grunwald-1920-1186x1536.jpg 1186w, https:\/\/13muz.eu\/wp-content\/uploads\/2025\/04\/31.05.2025-Jerzy-Grunwald-1920-1581x2048.jpg 1581w, https:\/\/13muz.eu\/wp-content\/uploads\/2025\/04\/31.05.2025-Jerzy-Grunwald-1920-400x518.jpg 400w, https:\/\/13muz.eu\/wp-content\/uploads\/2025\/04\/31.05.2025-Jerzy-Grunwald-1920.jpg 1920w\" sizes=\"auto, (max-width: 791px) 100vw, 791px\" \/><\/p>\n<p style=\"text-align: justify;\"><strong>15.11.2025 sobota g. 19:00 \/&nbsp;Z przyczyn od nas niezale\u017cnych wydarzenie zosta\u0142o odwo\u0142ane &#8211; przepraszamy za zmiany w programie<\/strong><\/p>\n<p style=\"text-align: justify;\">Jerzy Grunwald jest jednym z popularnych wokalist\u00f3w polskiej sceny muzycznej pop lat 70. i 80. W Polsce znany jest z wyst\u0119p\u00f3w z zespo\u0142ami No To Co i En Face, natomiast za granic\u0105 wyst\u0119puje pod pseudonimem George &amp; G. Jego pe\u0142ne ciep\u0142a i emocji wyst\u0119py spotykaj\u0105 si\u0119 z bardzo dobrym przyj\u0119ciem publiczno\u015bci. Najwi\u0119kszymi przebojami Jerzego Grunwalda s\u0105 m.in.: \u201eGwiazdka z nieba\u201d, \u201eNa tych samych ulicach\u201d, \u201eZamykam oczy by widzie\u0107 Ci\u0119 z bliska\u201d, \u201eSave My Love\u201d.<\/p>\n<p style=\"text-align: justify;\">Artysta ma na swoim koncie setki koncert\u00f3w w Polsce, wyst\u0119py w Europie, USA i Japonii, a tak\u017ce&nbsp; wiele z\u0142otych p\u0142yt. Bra\u0142 wielokrotnie udzia\u0142 w festiwalach w Opolu, Sopocie i Mr\u0105gowie. Otrzyma\u0142 wiele presti\u017cowych nagr\u00f3d muzycznych, a jego piosenki zajmowa\u0142y pierwsze miejsca na listach przeboj\u00f3w wielu rozg\u0142o\u015bni radiowych.<\/p>\n<p style=\"text-align: justify;\">W&nbsp; 2016 roku zosta\u0142 odznaczony Medalem \u201eZas\u0142u\u017cony Kulturze Gloria Artis\u201d przez Ministra Kultury i Dziedzictwa Narodowego.<\/p>\n<p style=\"text-align: justify;\">Ma wielotysi\u0119czn\u0105 rzesz\u0119 fan\u00f3w na ca\u0142ym \u015bwiecie. Na ostatniej jego p\u0142ycie zatytu\u0142owanej \u201eSo much to say\u201d, nagranej w Los Angeles z czo\u0142\u00f3wk\u0105 ameryka\u0144skich muzyk\u00f3w studyjnych, za\u015bpiewa\u0142 duet z Alexem Ligertwood, wokalist\u0105 zespo\u0142u Carlosa Santany oraz z towarzyszeniem muzyk\u00f3w legendarnej grupy Toto i Chicago.<\/p>\n<p style=\"text-align: justify;\">Dzi\u015b jego muzyka i tw\u00f3rczo\u015b\u0107 podziwiana jest przede wszystkim w Japonii, Singapurze i krajach Dalekiego Wschodu, gdzie sprzeda\u0142 ponad 200 tys. p\u0142yt pod pseudonimem George &amp; G.<\/p>\n<p style=\"text-align: justify;\">Piosenki z p\u0142yty \u201eSo much to say&#8221; goszcz\u0105 do dzisiaj nie tylko w wielu rozg\u0142o\u015bniach radiowych na \u015bwiecie , ale tak\u017ce grane s\u0105 na pok\u0142adzie samolot\u00f3w japo\u0144skich linii lotniczych JAL. W roku 2007 utw\u00f3r \u201eSave My Love\u201d go\u015bci\u0142&nbsp; 6 tygodni na japo\u0144skiej li\u015bcie przeboj\u00f3w, dochodz\u0105c do 2 miejsca.<\/p>\n<p style=\"text-align: justify;\">Jerzy Grunwald w roku 2025 w Los Angeles planuje uko\u0144czenie nowej p\u0142yty, kt\u00f3ra ma by\u0107 wielk\u0105 muzyczn\u0105&nbsp; niespodziank\u0105 dla jego fan\u00f3w, a tak\u017ce dla tych, kt\u00f3rzy ceni\u0105 muzyk\u0119 Fryderyka Chopina.<\/p>\n<p style=\"text-align: justify;\"><em>\u201eKochani, to b\u0119dzie pi\u0119kny energetyczny koncert, i to nie tylko wspomnieniowy, na kt\u00f3ry serdecznie Was wszystkich zapraszam. B\u0119dzie zar\u00f3wno muzyka, kt\u00f3r\u0105 doskonale znacie sprzed lat, jak i ta, kt\u00f3rej jeszcze nie mieli\u015bcie okazji pozna\u0107. B\u0119d\u0105 wersje akustyczne piosenek ponadczasowych, kt\u00f3re za\u015bpiewamy razem. To b\u0119dzie niezwyk\u0142a rado\u015b\u0107 spotka\u0107 si\u0119 z Wami w tym ciep\u0142ym, przepe\u0142nionym ciep\u0142\u0105 muzyk\u0105 miejscu, jakim jest \u201e13 Muz\u201d. <\/em><em>Do zobaczenia!\u201d<\/em> &#8211; Jerzy Grunwald<\/p>\n<p style=\"text-align: justify;\">Wyst\u0105pi\u0105:<br \/>\nJerzy Grunwald &#8211; gitara, wokal<br \/>\nJanusz Hryniewicz &#8211; gitara, wokal<br \/>\nTadeusz Puton &#8211; gitara<\/p>\n<p style=\"text-align: justify;\">Czas trwania wydarzenia: 70 min<br \/>\nMiejsce: Sala Kominkowa<\/p>\n<p style=\"text-align: justify;\">Bilety: 90 z\u0142 \/ <a href=\"https:\/\/www.biletomat.pl\/bilety\/jerzy-grunwald-szczecin-74695\/\" target=\"_blank\" rel=\"noopener\">www.biletomat.pl<\/a><\/p>\n<p style=\"text-align: justify;\"><strong>Nie ma mo\u017cliwo\u015bci zakupu biletu na miejscu przed wydarzeniem.<\/strong><\/p>\n<p>Wydarzenie na <a href=\"https:\/\/www.facebook.com\/events\/2311147152615127\/?acontext=%7B%22event_action_history%22%3A[%7B%22extra_data%22%3A%22%22%2C%22mechanism%22%3A%22calendar_tab_event%22%2C%22surface%22%3A%22bookmark_calendar%22%7D%2C%7B%22extra_data%22%3A%22%22%2C%22mechanism%22%3A%22left_rail%22%2C%22surface%22%3A%22bookmark%22%7D%2C%7B%22extra_data%22%3A%22%22%2C%22mechanism%22%3A%22surface%22%2C%22surface%22%3A%22create_dialog%22%7D]%2C%22ref_notif_type%22%3Anull%7D&amp;onload_action=open_invite_flow&amp;show_created_event_toast=true\" target=\"_blank\" rel=\"noopener\"><strong>FB<\/strong><\/a><\/p>\n","protected":false},"excerpt":{"rendered":"<p>15.11.2025 sobota g. 19:00 \/&nbsp;Z przyczyn od nas niezale\u017cnych wydarzenie zosta\u0142o odwo\u0142ane &#8211; przepraszamy za zmiany w programie Jerzy Grunwald jest jednym z popularnych wokalist\u00f3w polskiej sceny muzycznej pop lat 70. i 80. W Polsce znany jest z wyst\u0119p\u00f3w z zespo\u0142ami No To Co i En Face, natomiast za granic\u0105 wyst\u0119puje pod pseudonimem George &amp; G. Jego pe\u0142ne ciep\u0142a i emocji wyst\u0119py spotykaj\u0105 si\u0119 z bardzo dobrym przyj\u0119ciem publiczno\u015bci. Najwi\u0119kszymi przebojami Jerzego Grunwalda s\u0105 m.in.: \u201eGwiazdka z nieba\u201d, \u201eNa tych samych ulicach\u201d, \u201eZamykam oczy by widzie\u0107 Ci\u0119 z bliska\u201d, \u201eSave My Love\u201d. Artysta ma na swoim koncie setki koncert\u00f3w w [&hellip;]<\/p>\n","protected":false},"author":4,"featured_media":0,"template":"","meta":{"ngg_post_thumbnail":0,"_price":"","_stock":"","_tribe_ticket_header":"","_tribe_default_ticket_provider":"","_ticket_start_date":"","_ticket_end_date":"","_tribe_ticket_show_description":"","_tribe_ticket_show_not_going":false,"_tribe_ticket_use_global_stock":"","_tribe_ticket_global_stock_level":"","_global_stock_mode":"","_global_stock_cap":"","_tribe_rsvp_for_event":"","_tribe_ticket_going_count":"","_tribe_ticket_not_going_count":"","_tribe_tickets_list":"[]","_tribe_ticket_has_attendee_info_fields":false,"_tribe_events_status":"","_tribe_events_status_reason":"","footnotes":"","_tec_slr_enabled":"","_tec_slr_layout":""},"tags":[],"tribe_events_cat":[],"class_list":["post-66229","tribe_events","type-tribe_events","status-publish","hentry"],"ticketed":false,"post_mailing_queue_ids":[],"_links":{"self":[{"href":"https:\/\/13muz.eu\/en\/wp-json\/wp\/v2\/tribe_events\/66229","targetHints":{"allow":["GET"]}}],"collection":[{"href":"https:\/\/13muz.eu\/en\/wp-json\/wp\/v2\/tribe_events"}],"about":[{"href":"https:\/\/13muz.eu\/en\/wp-json\/wp\/v2\/types\/tribe_events"}],"author":[{"embeddable":true,"href":"https:\/\/13muz.eu\/en\/wp-json\/wp\/v2\/users\/4"}],"version-history":[{"count":0,"href":"https:\/\/13muz.eu\/en\/wp-json\/wp\/v2\/tribe_events\/66229\/revisions"}],"wp:attachment":[{"href":"https:\/\/13muz.eu\/en\/wp-json\/wp\/v2\/media?parent=66229"}],"wp:term":[{"taxonomy":"post_tag","embeddable":true,"href":"https:\/\/13muz.eu\/en\/wp-json\/wp\/v2\/tags?post=66229"},{"taxonomy":"tribe_events_cat","embeddable":true,"href":"https:\/\/13muz.eu\/en\/wp-json\/wp\/v2\/tribe_events_cat?post=66229"}],"curies":[{"name":"wp","href":"https:\/\/api.w.org\/{rel}","templated":true}]}}

15.11. &#8211; odwołane / Jerzy Grunwald &#8211; „Wczoraj, dziś, jutro &#8211; więcej niż muzyka” &#8211; koncert akustyczny

<p><img loading="lazy" decoding="async" class="alignnone size-large wp-image-66233" src="https://13muz.eu/wp-content/uploads/2025/04/31.05.2025-Jerzy-Grunwald-1920-791x1024.jpg" alt="" width="791" height="1024" srcset="https://13muz.eu/wp-content/uploads/2025/04/31.05.2025-Jerzy-Grunwald-1920-791x1024.jpg 791w, https://13muz.eu/wp-content/uploads/2025/04/31.05.2025-Jerzy-Grunwald-1920-232x300.jpg 232w, https://13muz.eu/wp-content/uploads/2025/04/31.05.2025-Jerzy-Grunwald-1920-768x995.jpg 768w, https://13muz.eu/wp-content/uploads/2025/04/31.05.2025-Jerzy-Grunwald-1920-1186x1536.jpg 1186w, https://13muz.eu/wp-content/uploads/2025/04/31.05.2025-Jerzy-Grunwald-1920-1581x2048.jpg 1581w, https://13muz.eu/wp-content/uploads/2025/04/31.05.2025-Jerzy-Grunwald-1920-400x518.jpg 400w, https://13muz.eu/wp-content/uploads/2025/04/31.05.2025-Jerzy-Grunwald-1920.jpg 1920w" sizes="auto, (max-width: 791px) 100vw, 791px" /></p>
<p style="text-align: justify;"><strong>15.11.2025 sobota g. 19:00 /&nbsp;Z przyczyn od nas niezależnych wydarzenie zostało odwołane &#8211; przepraszamy za zmiany w programie</strong></p>
<p style="text-align: justify;">Jerzy Grunwald jest jednym z popularnych wokalistów polskiej sceny muzycznej pop lat 70. i 80. W Polsce znany jest z występów z zespołami No To Co i En Face, natomiast za granicą występuje pod pseudonimem George &amp; G. Jego pełne ciepła i emocji występy spotykają się z bardzo dobrym przyjęciem publiczności. Największymi przebojami Jerzego Grunwalda są m.in.: „Gwiazdka z nieba”, „Na tych samych ulicach”, „Zamykam oczy by widzieć Cię z bliska”, „Save My Love”.</p>
<p style="text-align: justify;">Artysta ma na swoim koncie setki koncertów w Polsce, występy w Europie, USA i Japonii, a także&nbsp; wiele złotych płyt. Brał wielokrotnie udział w festiwalach w Opolu, Sopocie i Mrągowie. Otrzymał wiele prestiżowych nagród muzycznych, a jego piosenki zajmowały pierwsze miejsca na listach przebojów wielu rozgłośni radiowych.</p>
<p style="text-align: justify;">W&nbsp; 2016 roku został odznaczony Medalem „Zasłużony Kulturze Gloria Artis” przez Ministra Kultury i Dziedzictwa Narodowego.</p>
<p style="text-align: justify;">Ma wielotysięczną rzeszę fanów na całym świecie. Na ostatniej jego płycie zatytułowanej „So much to say”, nagranej w Los Angeles z czołówką amerykańskich muzyków studyjnych, zaśpiewał duet z Alexem Ligertwood, wokalistą zespołu Carlosa Santany oraz z towarzyszeniem muzyków legendarnej grupy Toto i Chicago.</p>
<p style="text-align: justify;">Dziś jego muzyka i twórczość podziwiana jest przede wszystkim w Japonii, Singapurze i krajach Dalekiego Wschodu, gdzie sprzedał ponad 200 tys. płyt pod pseudonimem George &amp; G.</p>
<p style="text-align: justify;">Piosenki z płyty „So much to say&#8221; goszczą do dzisiaj nie tylko w wielu rozgłośniach radiowych na świecie , ale także grane są na pokładzie samolotów japońskich linii lotniczych JAL. W roku 2007 utwór „Save My Love” gościł&nbsp; 6 tygodni na japońskiej liście przebojów, dochodząc do 2 miejsca.</p>
<p style="text-align: justify;">Jerzy Grunwald w roku 2025 w Los Angeles planuje ukończenie nowej płyty, która ma być wielką muzyczną&nbsp; niespodzianką dla jego fanów, a także dla tych, którzy cenią muzykę Fryderyka Chopina.</p>
<p style="text-align: justify;"><em>„Kochani, to będzie piękny energetyczny koncert, i to nie tylko wspomnieniowy, na który serdecznie Was wszystkich zapraszam. Będzie zarówno muzyka, którą doskonale znacie sprzed lat, jak i ta, której jeszcze nie mieliście okazji poznać. Będą wersje akustyczne piosenek ponadczasowych, które zaśpiewamy razem. To będzie niezwykła radość spotkać się z Wami w tym ciepłym, przepełnionym ciepłą muzyką miejscu, jakim jest „13 Muz”. </em><em>Do zobaczenia!”</em> &#8211; Jerzy Grunwald</p>
<p style="text-align: justify;">Wystąpią:<br />
Jerzy Grunwald &#8211; gitara, wokal<br />
Janusz Hryniewicz &#8211; gitara, wokal<br />
Tadeusz Puton &#8211; gitara</p>
<p style="text-align: justify;">Czas trwania wydarzenia: 70 min<br />
Miejsce: Sala Kominkowa</p>
<p style="text-align: justify;">Bilety: 90 zł / <a href="https://www.biletomat.pl/bilety/jerzy-grunwald-szczecin-74695/" target="_blank" rel="noopener">www.biletomat.pl</a></p>
<p style="text-align: justify;"><strong>Nie ma możliwości zakupu biletu na miejscu przed wydarzeniem.</strong></p>
<p>Wydarzenie na <a href="https://www.facebook.com/events/2311147152615127/?acontext=%7B%22event_action_history%22%3A[%7B%22extra_data%22%3A%22%22%2C%22mechanism%22%3A%22calendar_tab_event%22%2C%22surface%22%3A%22bookmark_calendar%22%7D%2C%7B%22extra_data%22%3A%22%22%2C%22mechanism%22%3A%22left_rail%22%2C%22surface%22%3A%22bookmark%22%7D%2C%7B%22extra_data%22%3A%22%22%2C%22mechanism%22%3A%22surface%22%2C%22surface%22%3A%22create_dialog%22%7D]%2C%22ref_notif_type%22%3Anull%7D&amp;onload_action=open_invite_flow&amp;show_created_event_toast=true" target="_blank" rel="noopener"><strong>FB</strong></a></p>

<p>15.11.2025 sobota g. 19:00 /&nbsp;Z przyczyn od nas niezależnych wydarzenie zostało odwołane &#8211; przepraszamy za zmiany w programie Jerzy Grunwald jest jednym z popularnych wokalistów polskiej sceny muzycznej pop lat 70. i 80. W Polsce znany jest z występów z zespołami No To Co i En Face, natomiast za granicą występuje pod pseudonimem George &amp; G. Jego pełne ciepła i emocji występy spotykają się z bardzo dobrym przyjęciem publiczności. Największymi przebojami Jerzego Grunwalda są m.in.: „Gwiazdka z nieba”, „Na tych samych ulicach”, „Zamykam oczy by widzieć Cię z bliska”, „Save My Love”. Artysta ma na swoim koncie setki koncertów w [&hellip;]</p>
