{"id":63092,"date":"2024-12-04T11:51:19","date_gmt":"2024-12-04T10:51:19","guid":{"rendered":"https:\/\/13muz.eu\/?post_type=tribe_events&#038;p=63092"},"modified":"2025-01-17T09:03:17","modified_gmt":"2025-01-17T08:03:17","slug":"15-01-galeria-foyer-danuta-julika-matuszak-rozne-swiaty-malarstwo","status":"publish","type":"tribe_events","link":"https:\/\/13muz.eu\/en\/event\/15-01-galeria-foyer-danuta-julika-matuszak-rozne-swiaty-malarstwo\/","title":{"rendered":"15.01. \/ Galeria Foyer &#8211; Danuta Julika Matuszak &#8211; \u201eR\u00f3\u017cne \u015bwiaty\u201d &#8211; malarstwo"},"content":{"rendered":"<p><img loading=\"lazy\" decoding=\"async\" class=\"alignnone size-large wp-image-63094\" src=\"https:\/\/13muz.eu\/wp-content\/uploads\/2024\/12\/15.01.2025-Galeria-Foyer-Danuta-Julika-Matuszak-1920-1024x731.jpg\" alt=\"\" width=\"1024\" height=\"731\" srcset=\"https:\/\/13muz.eu\/wp-content\/uploads\/2024\/12\/15.01.2025-Galeria-Foyer-Danuta-Julika-Matuszak-1920-1024x731.jpg 1024w, https:\/\/13muz.eu\/wp-content\/uploads\/2024\/12\/15.01.2025-Galeria-Foyer-Danuta-Julika-Matuszak-1920-300x214.jpg 300w, https:\/\/13muz.eu\/wp-content\/uploads\/2024\/12\/15.01.2025-Galeria-Foyer-Danuta-Julika-Matuszak-1920-768x548.jpg 768w, https:\/\/13muz.eu\/wp-content\/uploads\/2024\/12\/15.01.2025-Galeria-Foyer-Danuta-Julika-Matuszak-1920-1536x1097.jpg 1536w, https:\/\/13muz.eu\/wp-content\/uploads\/2024\/12\/15.01.2025-Galeria-Foyer-Danuta-Julika-Matuszak-1920-400x286.jpg 400w, https:\/\/13muz.eu\/wp-content\/uploads\/2024\/12\/15.01.2025-Galeria-Foyer-Danuta-Julika-Matuszak-1920.jpg 1920w\" sizes=\"auto, (max-width: 1024px) 100vw, 1024px\" \/><\/p>\n<p style=\"text-align: justify;\"><strong>15.01.2025 \u015broda g. 17:00<\/strong><\/p>\n<p><strong><a href=\"https:\/\/13muz.eu\/wernisaze\/nggallery\/album\/galeria-foyer-danuta-julika-matuszak-rozne-swiaty-malarstwo\" target=\"_blank\" rel=\"noopener\">Zdj\u0119cia z wernisa\u017cu<\/a><\/strong><\/p>\n<p style=\"text-align: justify;\">15 stycznia (\u015broda) o godz. 17:00 zapraszamy do Galerii Foyer na otwarcie wystawy &#8211; wst\u0119p wolny.<\/p>\n<p style=\"text-align: justify;\">Wystawa czynna do 14 lutego 2025 r. od poniedzia\u0142ku do pi\u0105tku w godz. 8:00-18:00 oraz w trakcie trwania wydarze\u0144 &#8211; wst\u0119p wolny.<\/p>\n<p style=\"text-align: justify;\">Danuta Julika Matuszak jest absolwentk\u0105 Akademii Sztuk Pi\u0119knych w Gda\u0144sku i Pa\u0144stwowego Liceum Sztuk Plastycznych im. Constantina Brancusi w Szczecinie.<\/p>\n<p style=\"text-align: justify;\">Jej malarstwo g\u0142\u00f3wnie utrzymane jest w tendencji pop art. Inspiracj\u0105 do tw\u00f3rczo\u015bci s\u0105 pejza\u017ce miejskie o ciekawej architekturze i obiektach urbanistycznych, uchwycone sceny rodzajowe a tak\u017ce przyroda oraz formy abstrakcyjne. Jej prace znajduj\u0105 si\u0119 w zbiorach prywatnych oraz publicznych.<\/p>\n<p style=\"text-align: justify;\">Uczestniczka plener\u00f3w malarskich: \u201eOg\u00f3lnopolskie Spotkania Tw\u00f3rc\u00f3w &#8211; D\u0119bnowskie Inspiracje w latach 2017, 2018, 2019, XXIII Mi\u0119dzynarodowego Pleneru Malarskiego im. Jolanty Zdrzalik \u201eNiebo w zieleni\u201d &#8211; \u0141ag\u00f3w 2017.<\/p>\n<p style=\"text-align: justify;\">Wystawa wsp\u00f3\u0142organizowana z Pa\u0144stwowym Liceum Sztuk Plastycznych w Szczecinie.<\/p>\n<p>Wydarzenie na <a href=\"https:\/\/www.facebook.com\/events\/530900053284951\/?acontext=%7B%22event_action_history%22%3A[%7B%22extra_data%22%3A%22%22%2C%22mechanism%22%3A%22left_rail%22%2C%22surface%22%3A%22bookmark%22%7D%2C%7B%22extra_data%22%3A%22%22%2C%22mechanism%22%3A%22surface%22%2C%22surface%22%3A%22create_dialog%22%7D]%2C%22ref_notif_type%22%3Anull%7D&amp;onload_action=open_invite_flow&amp;show_created_event_toast=true\" target=\"_blank\" rel=\"noopener\"><strong>FB<\/strong><\/a><\/p>\n","protected":false},"excerpt":{"rendered":"<p>15.01.2025 \u015broda g. 17:00 Zdj\u0119cia z wernisa\u017cu 15 stycznia (\u015broda) o godz. 17:00 zapraszamy do Galerii Foyer na otwarcie wystawy &#8211; wst\u0119p wolny. Wystawa czynna do 14 lutego 2025 r. od poniedzia\u0142ku do pi\u0105tku w godz. 8:00-18:00 oraz w trakcie trwania wydarze\u0144 &#8211; wst\u0119p wolny. Danuta Julika Matuszak jest absolwentk\u0105 Akademii Sztuk Pi\u0119knych w Gda\u0144sku i Pa\u0144stwowego Liceum Sztuk Plastycznych im. Constantina Brancusi w Szczecinie. Jej malarstwo g\u0142\u00f3wnie utrzymane jest w tendencji pop art. Inspiracj\u0105 do tw\u00f3rczo\u015bci s\u0105 pejza\u017ce miejskie o ciekawej architekturze i obiektach urbanistycznych, uchwycone sceny rodzajowe a tak\u017ce przyroda oraz formy abstrakcyjne. Jej prace znajduj\u0105 si\u0119 w [&hellip;]<\/p>\n","protected":false},"author":4,"featured_media":0,"template":"","meta":{"ngg_post_thumbnail":0,"_price":"","_stock":"","_tribe_ticket_header":"","_tribe_default_ticket_provider":"","_ticket_start_date":"","_ticket_end_date":"","_tribe_ticket_show_description":"","_tribe_ticket_show_not_going":false,"_tribe_ticket_use_global_stock":"","_tribe_ticket_global_stock_level":"","_global_stock_mode":"","_global_stock_cap":"","_tribe_rsvp_for_event":"","_tribe_ticket_going_count":"","_tribe_ticket_not_going_count":"","_tribe_tickets_list":"[]","_tribe_ticket_has_attendee_info_fields":false,"_tribe_events_status":"","_tribe_events_status_reason":"","footnotes":"","_tec_slr_enabled":"","_tec_slr_layout":""},"tags":[],"tribe_events_cat":[],"class_list":["post-63092","tribe_events","type-tribe_events","status-publish","hentry"],"ticketed":false,"post_mailing_queue_ids":[],"_links":{"self":[{"href":"https:\/\/13muz.eu\/en\/wp-json\/wp\/v2\/tribe_events\/63092","targetHints":{"allow":["GET"]}}],"collection":[{"href":"https:\/\/13muz.eu\/en\/wp-json\/wp\/v2\/tribe_events"}],"about":[{"href":"https:\/\/13muz.eu\/en\/wp-json\/wp\/v2\/types\/tribe_events"}],"author":[{"embeddable":true,"href":"https:\/\/13muz.eu\/en\/wp-json\/wp\/v2\/users\/4"}],"version-history":[{"count":0,"href":"https:\/\/13muz.eu\/en\/wp-json\/wp\/v2\/tribe_events\/63092\/revisions"}],"wp:attachment":[{"href":"https:\/\/13muz.eu\/en\/wp-json\/wp\/v2\/media?parent=63092"}],"wp:term":[{"taxonomy":"post_tag","embeddable":true,"href":"https:\/\/13muz.eu\/en\/wp-json\/wp\/v2\/tags?post=63092"},{"taxonomy":"tribe_events_cat","embeddable":true,"href":"https:\/\/13muz.eu\/en\/wp-json\/wp\/v2\/tribe_events_cat?post=63092"}],"curies":[{"name":"wp","href":"https:\/\/api.w.org\/{rel}","templated":true}]}}

15.01. / Galeria Foyer &#8211; Danuta Julika Matuszak &#8211; „Różne światy” &#8211; malarstwo

<p><img loading="lazy" decoding="async" class="alignnone size-large wp-image-63094" src="https://13muz.eu/wp-content/uploads/2024/12/15.01.2025-Galeria-Foyer-Danuta-Julika-Matuszak-1920-1024x731.jpg" alt="" width="1024" height="731" srcset="https://13muz.eu/wp-content/uploads/2024/12/15.01.2025-Galeria-Foyer-Danuta-Julika-Matuszak-1920-1024x731.jpg 1024w, https://13muz.eu/wp-content/uploads/2024/12/15.01.2025-Galeria-Foyer-Danuta-Julika-Matuszak-1920-300x214.jpg 300w, https://13muz.eu/wp-content/uploads/2024/12/15.01.2025-Galeria-Foyer-Danuta-Julika-Matuszak-1920-768x548.jpg 768w, https://13muz.eu/wp-content/uploads/2024/12/15.01.2025-Galeria-Foyer-Danuta-Julika-Matuszak-1920-1536x1097.jpg 1536w, https://13muz.eu/wp-content/uploads/2024/12/15.01.2025-Galeria-Foyer-Danuta-Julika-Matuszak-1920-400x286.jpg 400w, https://13muz.eu/wp-content/uploads/2024/12/15.01.2025-Galeria-Foyer-Danuta-Julika-Matuszak-1920.jpg 1920w" sizes="auto, (max-width: 1024px) 100vw, 1024px" /></p>
<p style="text-align: justify;"><strong>15.01.2025 środa g. 17:00</strong></p>
<p><strong><a href="https://13muz.eu/wernisaze/nggallery/album/galeria-foyer-danuta-julika-matuszak-rozne-swiaty-malarstwo" target="_blank" rel="noopener">Zdjęcia z wernisażu</a></strong></p>
<p style="text-align: justify;">15 stycznia (środa) o godz. 17:00 zapraszamy do Galerii Foyer na otwarcie wystawy &#8211; wstęp wolny.</p>
<p style="text-align: justify;">Wystawa czynna do 14 lutego 2025 r. od poniedziałku do piątku w godz. 8:00-18:00 oraz w trakcie trwania wydarzeń &#8211; wstęp wolny.</p>
<p style="text-align: justify;">Danuta Julika Matuszak jest absolwentką Akademii Sztuk Pięknych w Gdańsku i Państwowego Liceum Sztuk Plastycznych im. Constantina Brancusi w Szczecinie.</p>
<p style="text-align: justify;">Jej malarstwo głównie utrzymane jest w tendencji pop art. Inspiracją do twórczości są pejzaże miejskie o ciekawej architekturze i obiektach urbanistycznych, uchwycone sceny rodzajowe a także przyroda oraz formy abstrakcyjne. Jej prace znajdują się w zbiorach prywatnych oraz publicznych.</p>
<p style="text-align: justify;">Uczestniczka plenerów malarskich: „Ogólnopolskie Spotkania Twórców &#8211; Dębnowskie Inspiracje w latach 2017, 2018, 2019, XXIII Międzynarodowego Pleneru Malarskiego im. Jolanty Zdrzalik „Niebo w zieleni” &#8211; Łagów 2017.</p>
<p style="text-align: justify;">Wystawa współorganizowana z Państwowym Liceum Sztuk Plastycznych w Szczecinie.</p>
<p>Wydarzenie na <a href="https://www.facebook.com/events/530900053284951/?acontext=%7B%22event_action_history%22%3A[%7B%22extra_data%22%3A%22%22%2C%22mechanism%22%3A%22left_rail%22%2C%22surface%22%3A%22bookmark%22%7D%2C%7B%22extra_data%22%3A%22%22%2C%22mechanism%22%3A%22surface%22%2C%22surface%22%3A%22create_dialog%22%7D]%2C%22ref_notif_type%22%3Anull%7D&amp;onload_action=open_invite_flow&amp;show_created_event_toast=true" target="_blank" rel="noopener"><strong>FB</strong></a></p>

<p>15.01.2025 środa g. 17:00 Zdjęcia z wernisażu 15 stycznia (środa) o godz. 17:00 zapraszamy do Galerii Foyer na otwarcie wystawy &#8211; wstęp wolny. Wystawa czynna do 14 lutego 2025 r. od poniedziałku do piątku w godz. 8:00-18:00 oraz w trakcie trwania wydarzeń &#8211; wstęp wolny. Danuta Julika Matuszak jest absolwentką Akademii Sztuk Pięknych w Gdańsku i Państwowego Liceum Sztuk Plastycznych im. Constantina Brancusi w Szczecinie. Jej malarstwo głównie utrzymane jest w tendencji pop art. Inspiracją do twórczości są pejzaże miejskie o ciekawej architekturze i obiektach urbanistycznych, uchwycone sceny rodzajowe a także przyroda oraz formy abstrakcyjne. Jej prace znajdują się w [&hellip;]</p>
